000
CXUS54 KOHX 050524
CLMBNA
CLIMATE REPORT
NATIONAL WEATHER SERVICE NASHVILLE, TN
1124 PM CST MON DEC 04 2023
...................................
...THE NASHVILLE CLIMATE SUMMARY FOR THE MONTH OF NOVEMBER 2023...
CLIMATE NORMAL PERIOD: 1991 TO 2020
CLIMATE RECORD PERIOD: 1871 TO 2023
WEATHER OBSERVED NORMAL DEPART LAST YEAR`S
VALUE DATE(S) VALUE FROM VALUE
NORMAL
..............................................................
TEMPERATURE (F)
RECORD
HIGH 88 11/01/2016
LOW 11/25/1950
HIGHEST 83 11/08
LOWEST 22 11/29
AVG. MAXIMUM 64.7 61.4 3.3
AVG. MINIMUM 40.9 39.2 1.7
MEAN 52.8 50.3 2.5 51.9
DAYS MAX >= 90 0
DAYS MAX <= 32 0
DAYS MIN <= 32 5
DAYS MIN <= 0 0
PRECIPITATION (INCHES)
RECORD
MAXIMUM 9.04 1945
MINIMUM 0.54 1949
TOTALS 1.54 3.86 -2.32
DAYS >= .01 7
DAYS >= .10 4
DAYS >= .50 1
DAYS >= 1.00 0
GREATEST
24 HR. TOTAL 1.11 11/20 TO 11/21
SNOWFALL (INCHES)
TOTALS 0.0 0.1 -0.1
SINCE 7/1 0.0 -0.1
DAYS >= TRACE 0
DAYS >= 1.0 0
DEGREE DAYS
HEATING TOTAL 364 447 -83
SINCE 7/1 484 627 -143
COOLING TOTAL 8 6 2
SINCE 1/1 1943 1872 71
..............................................................
WIND (MPH)
AVERAGE WIND SPEED 6.1
HIGHEST GUST SPEED/DIRECTION 37/190 DATE 11/08
SKY COVER
POSSIBLE SUNSHINE (PERCENT) MM
AVERAGE SKY COVER 0.52
NUMBER OF DAYS FAIR 9
NUMBER OF DAYS PC 13
NUMBER OF DAYS CLOUDY 8
AVERAGE RH (PERCENT) 58
WEATHER CONDITIONS. NUMBER OF DAYS WITH
THUNDERSTORM 0 MIXED PRECIP 0
HEAVY RAIN 1 RAIN 1
LIGHT RAIN 9 FREEZING RAIN 0
LT FREEZING RAIN 0 HAIL 0
HEAVY SNOW 0 SNOW 0
LIGHT SNOW 0 SLEET 0
FOG 8 FOG W/VIS <= 1/4 MILE 0
HAZE 2
- INDICATES NEGATIVE NUMBERS.
R INDICATES RECORD WAS SET OR TIED.
MM INDICATES DATA IS MISSING.
T INDICATES TRACE AMOUNT.
$$