000
CXUS54 KOHX 010916
CLMBNA
CLIMATE REPORT
NATIONAL WEATHER SERVICE NASHVILLE, TN
416 AM CDT FRI SEP 01 2023
...................................
...THE NASHVILLE CLIMATE SUMMARY FOR THE MONTH OF AUGUST 2023...
CLIMATE NORMAL PERIOD: 1991 TO 2020
CLIMATE RECORD PERIOD: 1871 TO 2023
WEATHER OBSERVED NORMAL DEPART LAST YEAR`S
VALUE DATE(S) VALUE FROM VALUE
NORMAL
..............................................................
TEMPERATURE (F)
RECORD
HIGH 106 08/16/2007
LOW 47 08/31/1946
HIGHEST 100 08/24
08/25
LOWEST 61 08/31
AVG. MAXIMUM 89.4 90.4 -1.0
AVG. MINIMUM 70.3 69.0 1.3
MEAN 79.8 79.7 0.1 80.0
DAYS MAX >= 90 12
DAYS MAX <= 32 0
DAYS MIN <= 32 0
DAYS MIN <= 0 0
PRECIPITATION (INCHES)
RECORD
MAXIMUM 9.60 1923
MINIMUM 0.51 1929
TOTALS 3.17 3.79 -0.62
DAYS >= .01 11
DAYS >= .10 9
DAYS >= .50 2
DAYS >= 1.00 1
GREATEST
24 HR. TOTAL 1.19 08/03 TO 08/03
SNOWFALL (INCHES)
TOTALS 0.0 0.0 0.0
SINCE 7/1 0.0 0.0
DAYS >= TRACE 0
DAYS >= 1.0 0
DEGREE DAYS
HEATING TOTAL 0 0 0
SINCE 7/1 0 0 0
COOLING TOTAL 469 456 13
SINCE 1/1 1546 1547 -1
..............................................................
WIND (MPH)
AVERAGE WIND SPEED 5.4
HIGHEST GUST SPEED/DIRECTION 55/280 DATE 08/13
SKY COVER
POSSIBLE SUNSHINE (PERCENT) MM
AVERAGE SKY COVER 0.52
NUMBER OF DAYS FAIR 9
NUMBER OF DAYS PC 15
NUMBER OF DAYS CLOUDY 7
AVERAGE RH (PERCENT) 68
WEATHER CONDITIONS. NUMBER OF DAYS WITH
THUNDERSTORM 9 MIXED PRECIP 1
HEAVY RAIN 2 RAIN 4
LIGHT RAIN 11 FREEZING RAIN 0
LT FREEZING RAIN 0 HAIL 0
HEAVY SNOW 0 SNOW 0
LIGHT SNOW 0 SLEET 0
FOG 16 FOG W/VIS <= 1/4 MILE 0
HAZE 2
- INDICATES NEGATIVE NUMBERS.
R INDICATES RECORD WAS SET OR TIED.
MM INDICATES DATA IS MISSING.
T INDICATES TRACE AMOUNT.
$$