000
CXUS55 KBOI 011233
CF6BOI
PRELIMINARY LOCAL CLIMATOLOGICAL DATA (WS FORM: F-6)
STATION: BOISE ID
MONTH: JUNE
YEAR: 2023
LATITUDE: 43 34 N
LONGITUDE: 116 13 W
TEMPERATURE IN F: :PCPN: SNOW: WIND :SUNSHINE: SKY :PK WND
================================================================================
1 2 3 4 5 6A 6B 7 8 9 10 11 12 13 14 15 16 17 18
12Z AVG MX 2MIN
DY MAX MIN AVG DEP HDD CDD WTR SNW DPTH SPD SPD DIR MIN PSBL S-S WX SPD DR
================================================================================
1 81 51 66 2 0 1 0.00 0.0 0 7.8 20 300 M M 2 30 270
2 80 54 67 3 0 2 T 0.0 0 8.9 21 310 M M 1 28 300
3 85 55 70 6 0 5 0.00 0.0 0 6.4 15 330 M M 2 21 330
4 86 63 75 10 0 10 0.00 0.0 0 7.6 21 140 M M 3 28 140
5 86 63 75 10 0 10 0.00 0.0 0 5.6 16 320 M M 2 22 300
6 92 59 76 11 0 11 0.56 T 0 6.4 23 300 M M 2 35 31 180
7 90 59 75 10 0 10 0.02 0.0 0 5.8 35 70 M M 1 3 51 70
8 79 61 70 4 0 5 0.15 0.0 0 8.5 26 110 M M 3 38 37 170
9 73 58 66 0 0 1 0.09 0.0 0 6.0 17 120 M M 8 1 21 120
10 82 59 71 5 0 6 T 0.0 0 4.4 13 280 M M 6 3 22 290
11 86 59 73 7 0 8 0.04 0.0 0 6.6 18 60 M M 1 3 24 60
12 84 60 72 6 0 7 0.01 0.0 0 5.8 18 70 M M 1 3 26 10
13 87 61 74 7 0 9 0.05 0.0 0 8.1 26 350 M M 1 3 37 350
14 76 57 67 0 0 2 0.00 0.0 0 11.7 21 300 M M 1 8 28 310
15 78 49 64 -3 1 0 0.00 0.0 0 12.5 25 300 M M 0 35 300
16 80 50 65 -3 0 0 0.00 0.0 0 5.0 13 330 M M 0 19 280
17 81 61 71 3 0 6 T 0.0 0 7.6 16 110 M M 5 20 120
18 74 53 64 -4 1 0 0.05 0.0 0 7.2 16 310 M M 6 23 300
19 62 48 55 -13 10 0 T 0.0 0 11.8 36 300 M M 4 8 46 300
20 66 41 54 -15 11 0 0.00 0.0 0 6.8 25 190 M M 1 35 180
21 73 43 58 -11 7 0 0.00 0.0 0 6.2 14 300 M M 0 19 340
22 82 49 66 -4 0 1 0.00 0.0 0 7.5 18 330 M M 0 23 330
23 84 53 69 -1 0 4 0.00 0.0 0 6.6 15 300 M M 0 22 310
24 88 56 72 2 0 7 0.00 0.0 0 6.9 23 270 M M 1 31 280
25 86 59 73 2 0 8 T 0.0 0 8.2 25 50 M M 1 32 50
26 83 57 70 -1 0 5 0.00 0.0 0 7.2 36 280 M M 1 8 49 280
27 81 55 68 -3 0 3 0.00 0.0 0 5.9 20 320 M M 2 28 340
28 82 57 70 -2 0 5 0.00 0.0 0 6.0 15 330 M M 1 3 21 310
29 89 58 74 2 0 9 0.00 0.0 0 4.4 14 270 M M 0 19 270
30 96 65 81 8 0 16 0.00 0.0 0 5.8 15 320 M M 0 22 310
================================================================================
SM 2452 1673 30 151 0.97 T 215.2 M 56
================================================================================
AV 81.7 55.8 7.2 FASTST M M 2 MAX(MPH)
MISC ----> # 36 300 51 70
================================================================================
NOTES:
# LAST OF SEVERAL OCCURRENCES
COLUMN 17 PEAK WIND IN M.P.H.
PRELIMINARY LOCAL CLIMATOLOGICAL DATA (WS FORM: F-6) , PAGE 2
STATION: BOISE ID
MONTH: JUNE
YEAR: 2023
LATITUDE: 43 34 N
LONGITUDE: 116 13 W
[TEMPERATURE DATA] [PRECIPITATION DATA] SYMBOLS USED IN COLUMN 16
AVERAGE MONTHLY: 68.8 TOTAL FOR MONTH: 0.97 1 = FOG OR MIST
DPTR FM NORMAL: 0.9 DPTR FM NORMAL: 0.22 2 = FOG REDUCING VISIBILITY
HIGHEST: 96 ON 30 GRTST 24HR 0.56 ON 6- 6 TO 1/4 MILE OR LESS
LOWEST: 41 ON 20 3 = THUNDER
SNOW, ICE PELLETS, HAIL 4 = ICE PELLETS
TOTAL MONTH: T 5 = HAIL
GRTST 24HR T ON 6- 6 6 = FREEZING RAIN OR DRIZZLE
GRTST DEPTH: 0 7 = DUSTSTORM OR SANDSTORM:
VSBY 1/2 MILE OR LESS
8 = SMOKE OR HAZE
[NO. OF DAYS WITH] [WEATHER - DAYS WITH] 9 = BLOWING SNOW
X = TORNADO
MAX 32 OR BELOW: 0 0.01 INCH OR MORE: 8
MAX 90 OR ABOVE: 3 0.10 INCH OR MORE: 2
MIN 32 OR BELOW: 0 0.50 INCH OR MORE: 1
MIN 0 OR BELOW: 0 1.00 INCH OR MORE: 0
[HDD (BASE 65) ]
TOTAL THIS MO. 30 CLEAR (SCALE 0-3) 24
DPTR FM NORMAL -31 PTCLDY (SCALE 4-7) 6
TOTAL FM JUL 1 5461 CLOUDY (SCALE 8-10) 0
DPTR FM NORMAL 141
[CDD (BASE 65) ]
TOTAL THIS MO. 151
DPTR FM NORMAL 8 [PRESSURE DATA]
TOTAL FM JAN 1 246 HIGHEST SLP 30.20 ON 21
DPTR FM NORMAL 58 LOWEST SLP 29.61 ON 18
[REMARKS]
#FINAL-06-23#