000
CXUS55 KRIW 011425
CF6BPI
PRELIMINARY LOCAL CLIMATOLOGICAL DATA (WS FORM: F-6)
STATION: BIG PINEY WY
MONTH: MARCH
YEAR: 2021
LATITUDE: 42 34 N
LONGITUDE: 110 6 W
TEMPERATURE IN F: :PCPN: SNOW: WIND :SUNSHINE: SKY :PK WND
================================================================================
1 2 3 4 5 6A 6B 7 8 9 10 11 12 13 14 15 16 17 18
12Z AVG MX 2MIN
DY MAX MIN AVG DEP HDD CDD WTR SNW DPTH SPD SPD DIR MIN PSBL S-S WX SPD DR
================================================================================
1 33 -1 16 -4 49 0 0.00 M M 4.2 16 340 M M 0 18 350
2 39 -3 18 -3 47 0 0.00 M M 3.3 8 80 M M 0 11 100
3 42 1 22 1 43 0 0.00 M M 3.5 12 30 M M 0 14 30
4 49 7 28 6 37 0 0.00 M M 6.1 16 340 M M 0 22 340
5 47 11 29 7 36 0 0.00 M M 4.8 12 350 M M 0 17 200
6 48 13 31 8 34 0 0.00 M M 6.8 20 200 M M 2 28 250
7 48 17 33 10 32 0 0.00 M M 5.0 12 350 M M 0 15 220
8 54 19 37 13 28 0 0.00 M M 6.9 30 220 M M 0 38 230
9 37 25 31 7 34 0 0.00 M M 8.5 24 330 M M 6 34 330
10 35 14 25 0 40 0 T M M 9.6 24 260 M M 6 1 31 260
11 36 8 22 -3 43 0 0.00 M M 4.8 10 30 M M 3 14 160
12 40 2 21 -5 44 0 0.00 M M 6.0 12 350 M M 0 17 50
13 47 13 30 4 35 0 T M M 9.7 23 60 M M 2 31 70
14 50 28 39 12 26 0 0.00 M M 11.2 21 100 M M 3 29 10
15 51 26 39 12 26 0 0.00 M M 7.6 13 360 M M 6 M M
16 40 28 34 6 31 0 0.05 M M 5.4 16 230 M M 10 12 23 170
17 40 21 31 3 34 0 T M M 4.7 10 130 M M 8 1 15 170
18 50 17 34 6 31 0 0.00 M M 3.5 12 340 M M 3 15 210
19 58 18 38 9 27 0 0.00 M M 4.9 16 230 M M 2 21 210
20 46 24 35 6 30 0 T M M 9.7 20 360 M M 7 35 280
21 40 13 27 -3 38 0 0.00 M M 10.1 21 340 M M 4 29 340
22 36 7 22 -8 43 0 T M M 4.8 16 100 M M 6 18 20 290
23 36 12 24 -6 41 0 T M M 5.9 20 100 M M 7 1 26 100
24 41 10 26 -5 39 0 0.00 M M 5.4 18 350 M M 5 26 320
25 34 17 26 -5 39 0 0.03 M M 4.2 13 290 M M 9 128 17 210
26 40 24 32 1 33 0 0.02 M M 8.8 23 330 M M 7 1 31 320
27 45 22 34 2 31 0 0.00 M M 10.9 24 330 M M 1 34 320
28 55 18 37 5 28 0 0.00 M M 9.7 28 270 M M 0 40 270
29 43 8 26 -6 39 0 T M M 21.0 45 300 M M 3 1 61 300
30 33 2 18 -15 47 0 0.00 M M 10.9 18 310 M M 1 31 310
31 48 8 28 -5 37 0 0.00 M M 6.0 18 10 M M 0 25 350
================================================================================
SM 1341 429 1122 0 0.10 M 223.9 M 101
================================================================================
AV 43.3 13.8 7.2 FASTST M M 3 MAX(MPH)
MISC ----> 45 300 61 300
================================================================================
NOTES:
# LAST OF SEVERAL OCCURRENCES
COLUMN 17 PEAK WIND IN M.P.H.
PRELIMINARY LOCAL CLIMATOLOGICAL DATA (WS FORM: F-6) , PAGE 2
STATION: BIG PINEY WY
MONTH: MARCH
YEAR: 2021
LATITUDE: 42 34 N
LONGITUDE: 110 6 W
[TEMPERATURE DATA] [PRECIPITATION DATA] SYMBOLS USED IN COLUMN 16
AVERAGE MONTHLY: 28.5 TOTAL FOR MONTH: 0.10 1 = FOG OR MIST
DPTR FM NORMAL: 1.3 DPTR FM NORMAL: -0.34 2 = FOG REDUCING VISIBILITY
HIGHEST: 58 ON 19 GRTST 24HR 0.05 ON 16-16 TO 1/4 MILE OR LESS
LOWEST: -3 ON 2 3 = THUNDER
SNOW, ICE PELLETS, HAIL 4 = ICE PELLETS
TOTAL MONTH: M 5 = HAIL
GRTST 24HR M ON M 6 = FREEZING RAIN OR DRIZZLE
GRTST DEPTH: M ON M 7 = DUSTSTORM OR SANDSTORM:
VSBY 1/2 MILE OR LESS
8 = SMOKE OR HAZE
[NO. OF DAYS WITH] [WEATHER - DAYS WITH] 9 = BLOWING SNOW
X = TORNADO
MAX 32 OR BELOW: 0 0.01 INCH OR MORE: 3
MAX 90 OR ABOVE: 0 0.10 INCH OR MORE: 0
MIN 32 OR BELOW: 31 0.50 INCH OR MORE: 0
MIN 0 OR BELOW: 2 1.00 INCH OR MORE: 0
[HDD (BASE 65) ]
TOTAL THIS MO. 1122 CLEAR (SCALE 0-3) 17
DPTR FM NORMAL -50 PTCLDY (SCALE 4-7) 11
TOTAL FM JUL 1 8127 CLOUDY (SCALE 8-10) 3
DPTR FM NORMAL -568
[CDD (BASE 65) ]
TOTAL THIS MO. 0
DPTR FM NORMAL 0 [PRESSURE DATA]
TOTAL FM JAN 1 0 HIGHEST SLP 30.56 ON 1
DPTR FM NORMAL 0 LOWEST SLP 29.47 ON 29
[REMARKS]
#FINAL-03-21#