000
CXUS54 KLCH 010830
CF6BPT
PRELIMINARY LOCAL CLIMATOLOGICAL DATA (WS FORM: F-6)
STATION: BEAUMONT PORT ARTHUR
MONTH: MARCH
YEAR: 2020
LATITUDE: 29 57 N
LONGITUDE: 94 1 W
TEMPERATURE IN F: :PCPN: SNOW: WIND :SUNSHINE: SKY :PK WND
================================================================================
1 2 3 4 5 6A 6B 7 8 9 10 11 12 13 14 15 16 17 18
12Z AVG MX 2MIN
DY MAX MIN AVG DEP HDD CDD WTR SNW DPTH SPD SPD DIR MIN PSBL S-S WX SPD DR
================================================================================
1 69 59 64 5 1 0 T 0.0 0 14.1 22 160 M M 7 1 30 160
2 77 63 70 11 0 5 0.01 0.0 0 9.8 21 190 M M 8 18 30 190
3 78 67 73 14 0 8 0.00 0.0 0 7.2 18 110 M M 8 12 23 110
4 74 57 66 7 0 1 0.19 0.0 0 10.8 30 40 M M 10 12 41 40
5 72 50 61 1 4 0 T 0.0 0 12.2 22 350 M M 6 31 340
6 73 47 60 0 5 0 0.00 0.0 0 9.5 17 10 M M 0 24 10
7 62 47 55 -5 10 0 0.00 0.0 0 9.0 23 80 M M 0 30 60
8 71 44 58 -2 7 0 0.00 0.0 0 11.3 21 130 M M 2 29 110
9 75 61 68 8 0 3 0.02 0.0 0 11.9 21 110 M M M 1 30 150
10 81 64 73 12 0 8 0.00 0.0 0 6.2 15 200 M M 8 1 20 170
11 80 57 69 8 0 4 0.00 0.0 0 8.0 17 200 M M 9 12 26 230
12 79 66 73 12 0 8 0.00 0.0 0 10.2 18 180 M M 10 1 26 180
13 81 66 74 13 0 9 0.00 0.0 0 9.8 17 170 M M 8 1 22 140
14 80 69 75 13 0 10 0.00 0.0 0 11.4 20 150 M M 8 1 29 130
15 83 63 73 11 0 8 0.00 0.0 0 5.1 13 150 M M 5 18 19 150
16 78 62 70 8 0 5 0.02 0.0 0 6.3 20 110 M M 8 1 26 110
17 81 68 75 13 0 10 0.00 0.0 0 8.2 16 140 M M 8 1 23 120
18 82 69 76 14 0 11 0.00 0.0 0 12.5 21 140 M M 9 1 27 150
19 81 71 76 13 0 11 0.00 0.0 0 14.0 23 150 M M 10 34 160
20 80 64 72 9 0 7 T 0.0 0 10.2 20 360 M M 10 1 27 10
21 64 59 62 -1 3 0 0.05 0.0 0 11.3 18 70 M M 10 1 24 70
22 77 58 68 5 0 3 0.03 0.0 0 9.9 18 170 M M 10 1 25 170
23 82 70 76 12 0 11 0.00 0.0 0 10.3 17 190 M M 7 1 25 160
24 82 69 76 12 0 11 0.00 0.0 0 11.6 24 190 M M 9 1 35 200
25 85 66 76 12 0 11 0.00 0.0 0 6.3 15 170 M M 7 12 19 170
26 83 64 74 10 0 9 0.00 0.0 0 10.2 18 170 M M 6 12 26 180
27 85 69 77 13 0 12 0.00 0.0 0 12.7 21 180 M M 5 1 30 210
28 82 64 73 9 0 8 0.03 0.0 0 10.4 24 160 M M 9 13 33 170
29 81 57 69 4 0 4 0.00 0.0 0 8.7 21 60 M M 1 27 40
30 82 65 74 9 0 9 0.00 0.0 0 11.0 20 140 M M 6 27 140
31 77 54 66 1 0 1 0.00 0.0 0 12.0 23 350 M M 4 1 31 330
================================================================================
SM 2417 1909 30 187 0.35 0.0 312.1 M 208
================================================================================
AV 78.0 61.6 10.1 FASTST M M 7 MAX(MPH)
MISC ----> # 30 40 # 41 40
================================================================================
NOTES:
# LAST OF SEVERAL OCCURRENCES
COLUMN 17 PEAK WIND IN M.P.H.
PRELIMINARY LOCAL CLIMATOLOGICAL DATA (WS FORM: F-6) , PAGE 2
STATION: BEAUMONT PORT ARTHUR
MONTH: MARCH
YEAR: 2020
LATITUDE: 29 57 N
LONGITUDE: 94 1 W
[TEMPERATURE DATA] [PRECIPITATION DATA] SYMBOLS USED IN COLUMN 16
AVERAGE MONTHLY: 69.8 TOTAL FOR MONTH: 0.35 1 = FOG OR MIST
DPTR FM NORMAL: 7.8 DPTR FM NORMAL: -3.18 2 = FOG REDUCING VISIBILITY
HIGHEST: 85 ON 27,25 GRTST 24HR 0.19 ON 4- 4 TO 1/4 MILE OR LESS
LOWEST: 44 ON 8 3 = THUNDER
SNOW, ICE PELLETS, HAIL 4 = ICE PELLETS
TOTAL MONTH: 0.0 INCH 5 = HAIL
GRTST 24HR 0.0 6 = FREEZING RAIN OR DRIZZLE
GRTST DEPTH: 0 7 = DUSTSTORM OR SANDSTORM:
VSBY 1/2 MILE OR LESS
8 = SMOKE OR HAZE
[NO. OF DAYS WITH] [WEATHER - DAYS WITH] 9 = BLOWING SNOW
X = TORNADO
MAX 32 OR BELOW: 0 0.01 INCH OR MORE: 7
MAX 90 OR ABOVE: 0 0.10 INCH OR MORE: 1
MIN 32 OR BELOW: 0 0.50 INCH OR MORE: 0
MIN 0 OR BELOW: 0 1.00 INCH OR MORE: 0
[HDD (BASE 65) ]
TOTAL THIS MO. 30 CLEAR (SCALE 0-3) 4
DPTR FM NORMAL -118 PTCLDY (SCALE 4-7) 13
TOTAL FM JUL 1 955 CLOUDY (SCALE 8-10) 13
DPTR FM NORMAL -406
[CDD (BASE 65) ]
TOTAL THIS MO. 187
DPTR FM NORMAL 132 [PRESSURE DATA]
TOTAL FM JAN 1 254 HIGHEST SLP 30.48 ON 7
DPTR FM NORMAL 173 LOWEST SLP 29.68 ON 4
[REMARKS]
#FINAL-03-20#