000
CXAK56 PAFG 021605
CF6BRW
PRELIMINARY LOCAL CLIMATOLOGICAL DATA (WS FORM: F-6)
STATION: UTQIAGVIK (BARROW) AK
MONTH: APRIL
YEAR: 2020
LATITUDE: 71 17 N
LONGITUDE: 156 47 W
TEMPERATURE IN F: :PCPN: SNOW: WIND :SUNSHINE: SKY :PK WND
================================================================================
1 2 3 4 5 6A 6B 7 8 9 10 11 12 13 14 15 16 17 18
12Z AVG MX 2MIN
DY MAX MIN AVG DEP HDD CDD WTR SNW DPTH SPD SPD DIR MIN PSBL S-S WX SPD DR
================================================================================
1 19 2 11 19 54 0 0.00 M M 13.9 21 210 M M 2 24 210
2 22 -1 11 18 54 0 0.01 M M 12.2 20 70 M M 5 18 23 70
3 18 7 13 19 52 0 0.00 M M 11.3 17 130 M M 4 21 210
4 19 5 12 18 53 0 0.04 M M 12.8 17 90 M M 8 1 21 100
5 28 15 22 27 43 0 0.15 M M 12.9 20 80 M M 9 1 23 100
6 15 2 9 14 56 0 0.06 M M 15.3 22 300 M M 10 18 26 290
7 2 -14 -6 -2 71 0 T M M 12.9 21 290 M M 2 18 26 290
8 1 -17 -8 -5 73 0 0.00 M M 7.6 13 220 M M 1 18 16 220
9 1 -15 -7 -4 72 0 T M M 12.7 16 220 M M 3 18 20 230
10 0 -19 -9 -7 74 0 T M M 9.3 17 270 M M 7 18 21 270
11 28 -21 4 5 61 0 0.10 M M 13.7 23 200 M M 7 1 28 210
12 29 19 24 25 41 0 0.01 M M 5.8 15 230 M M 10 1 19 240
13 28 18 23 23 42 0 0.01 M M 8.1 22 270 M M 10 12 26 260
14 21 11 16 15 49 0 T M M 11.4 21 80 M M 10 18 24 80
15 24 13 19 18 46 0 0.08 M M 16.9 24 110 M M 10 1 30 90
16 28 9 19 17 46 0 0.01 M M 10.9 18 260 M M 10 18 22 250
17 12 1 7 4 58 0 0.13 M M 15.0 21 30 M M 9 18 25 50
18 9 -10 0 -3 65 0 0.00 M M 8.9 15 270 M M 1 18 17 280
19 14 5 10 6 55 0 T M M 5.4 10 290 M M 10 18 15 280
20 11 -2 5 0 60 0 T M M 8.9 15 280 M M 9 12 17 290
21 15 9 12 6 53 0 T M M 11.3 17 280 M M 10 18 20 270
22 24 14 19 13 46 0 T M M 10.4 20 280 M M 10 128 24 280
23 23 10 17 10 48 0 0.04 M M 6.3 13 60 M M 10 12 16 60
24 11 -3 4 -4 61 0 T M M 14.3 20 120 M M 3 1 20 110
25 18 -3 8 0 57 0 0.02 M M 12.7 22 280 M M 3 1 25 280
26 17 9 13 4 52 0 0.02 M M 16.9 24 280 M M 10 18 29 290
27 16 8 12 2 53 0 0.06 M M 9.6 16 270 M M 10 18 20 270
28 8 -8 0 -10 65 0 0.02 M M 8.7 14 50 M M 4 18 15 50
29 4 -20 -8 -19 73 0 T M M 10.0 15 110 M M 4 128 18 110
30 5 -10 -2 -14 67 0 0.00 M M 9.6 17 120 M M 1 18 20 120
================================================================================
SM 470 14 1700 0 0.76 M 335.7 M 202
================================================================================
AV 15.7 0.5 11.2 FASTST M M 7 MAX(MPH)
MISC ----> # 24 110 # 30 90
================================================================================
NOTES:
# LAST OF SEVERAL OCCURRENCES
COLUMN 17 PEAK WIND IN M.P.H.
PRELIMINARY LOCAL CLIMATOLOGICAL DATA (WS FORM: F-6) , PAGE 2
STATION: UTQIAGVIK (BARROW) AK
MONTH: APRIL
YEAR: 2020
LATITUDE: 71 17 N
LONGITUDE: 156 47 W
[TEMPERATURE DATA] [PRECIPITATION DATA] SYMBOLS USED IN COLUMN 16
AVERAGE MONTHLY: 8.1 TOTAL FOR MONTH: 0.76 1 = FOG OR MIST
DPTR FM NORMAL: 6.3 DPTR FM NORMAL: 0.60 2 = FOG REDUCING VISIBILITY
HIGHEST: 29 ON 12 GRTST 24HR 0.15 ON 5- 5 TO 1/4 MILE OR LESS
LOWEST: -21 ON 11 3 = THUNDER
SNOW, ICE PELLETS, HAIL 4 = ICE PELLETS
TOTAL MONTH: M 5 = HAIL
GRTST 24HR M ON M 6 = FREEZING RAIN OR DRIZZLE
GRTST DEPTH: M ON M 7 = DUSTSTORM OR SANDSTORM:
VSBY 1/2 MILE OR LESS
8 = SMOKE OR HAZE
[NO. OF DAYS WITH] [WEATHER - DAYS WITH] 9 = BLOWING SNOW
X = TORNADO
MAX 32 OR BELOW: 30 0.01 INCH OR MORE: 15
MAX 90 OR ABOVE: 0 0.10 INCH OR MORE: 3
MIN 32 OR BELOW: 30 0.50 INCH OR MORE: 0
MIN 0 OR BELOW: 13 1.00 INCH OR MORE: 0
[HDD (BASE 65) ]
TOTAL THIS MO. 1700 CLEAR (SCALE 0-3) 7
DPTR FM NORMAL -196 PTCLDY (SCALE 4-7) 7
TOTAL FM JUL 1 15415 CLOUDY (SCALE 8-10) 16
DPTR FM NORMAL -1745
[CDD (BASE 65) ]
TOTAL THIS MO. 0
DPTR FM NORMAL 0 [PRESSURE DATA]
TOTAL FM JAN 1 0 HIGHEST SLP 30.39 ON 10
DPTR FM NORMAL 0 LOWEST SLP 29.12 ON 5
[REMARKS]
#FINAL-04-20#