892
CXUS55 KMSO 012143
CF6BTM
PRELIMINARY LOCAL CLIMATOLOGICAL DATA (WS FORM: F-6)
STATION: BUTTE MT
MONTH: APRIL
YEAR: 2020
LATITUDE: 45 57 N
LONGITUDE: 112 30 W
TEMPERATURE IN F: :PCPN: SNOW: WIND :SUNSHINE: SKY :PK WND
================================================================================
1 2 3 4 5 6A 6B 7 8 9 10 11 12 13 14 15 16 17 18
12Z AVG MX 2MIN
DY MAX MIN AVG DEP HDD CDD WTR SNW DPTH SPD SPD DIR MIN PSBL S-S WX SPD DR
================================================================================
1 31 6 19 -17 46 0 0.03 M M 7.3 24 160 M M 6 18 29 150
2 32 13 23 -13 42 0 T M M 5.0 17 340 M M 8 20 340
3 37 15 26 -10 39 0 T M M 5.6 20 210 M M 6 27 210
4 46 19 33 -3 32 0 0.01 M M 5.8 18 170 M M 6 1 23 180
5 53 31 42 5 23 0 0.00 M M 6.5 18 180 M M 7 30 200
6 55 30 43 6 22 0 0.00 M M 6.1 21 290 M M 5 32 310
7 57 31 44 7 21 0 0.00 M M 9.0 22 290 M M 0 31 290
8 59 24 42 5 23 0 0.00 M M 5.8 17 310 M M 0 24 310
9 64 24 44 6 21 0 0.00 M M 4.9 18 330 M M 0 30 280
10 64 27 46 8 19 0 0.00 M M 6.2 23 320 M M 2 30 310
11 46 17 32 -6 33 0 0.09 M M 10.6 23 20 M M 10 128 32 20
12 26 8 17 -21 48 0 T M M 6.9 18 10 M M 6 24 270
13 32 12 22 -16 43 0 T M M 6.5 21 330 M M 6 8 26 340
14 42 16 29 -9 36 0 0.01 M M 8.7 21 310 M M 9 1 28 330
15 33 24 29 -10 36 0 0.21 M M 8.1 25 20 M M 10 18 32 340
16 39 11 25 -14 40 0 0.00 M M 5.2 15 300 M M 2 20 290
17 56 16 36 -3 29 0 0.00 M M 5.4 16 290 M M 0 20 290
18 53 21 37 -2 28 0 0.00 M M 4.1 22 300 M M 3 30 300
19 53 29 41 1 24 0 T M M 6.4 18 330 M M 7 28 290
20 60 25 43 3 22 0 0.00 M M 4.8 16 300 M M 1 23 330
21 63 25 44 4 21 0 0.00 M M 7.9 23 300 M M 0 30 300
22 59 28 44 4 21 0 0.00 M M 7.2 23 300 M M 4 30 300
23 52 39 46 5 19 0 0.06 M M 10.1 30 320 M M 8 40 290
24 54 33 44 3 21 0 0.00 M M 7.1 18 300 M M 4 27 320
25 60 31 46 5 19 0 T M M 7.6 21 300 M M 5 27 290
26 61 37 49 7 16 0 0.01 M M 9.0 20 300 M M 1 27 290
27 59 34 47 5 18 0 0.01 M M 9.1 30 300 M M 6 42 300
28 63 32 48 6 17 0 0.00 M M 7.1 17 300 M M 1 27 270
29 78 34 56 14 9 0 T M M 4.9 20 200 M M 2 25 200
30 64 39 52 9 13 0 0.21 M M 5.3 30 290 M M 6 13 43 290
================================================================================
SM 1551 731 801 0 0.64 M 204.2 M 131
================================================================================
AV 51.7 24.4 6.8 FASTST M M 4 MAX(MPH)
MISC ----> # 30 320 43 290
================================================================================
NOTES:
# LAST OF SEVERAL OCCURRENCES
COLUMN 17 PEAK WIND IN M.P.H.
PRELIMINARY LOCAL CLIMATOLOGICAL DATA (WS FORM: F-6) , PAGE 2
STATION: BUTTE MT
MONTH: APRIL
YEAR: 2020
LATITUDE: 45 57 N
LONGITUDE: 112 30 W
[TEMPERATURE DATA] [PRECIPITATION DATA] SYMBOLS USED IN COLUMN 16
AVERAGE MONTHLY: 38.0 TOTAL FOR MONTH: 0.64 1 = FOG OR MIST
DPTR FM NORMAL: -1.0 DPTR FM NORMAL: -0.53 2 = FOG REDUCING VISIBILITY
HIGHEST: 78 ON 29 GRTST 24HR 0.22 ON 14-15 TO 1/4 MILE OR LESS
LOWEST: 6 ON 1 3 = THUNDER
SNOW, ICE PELLETS, HAIL 4 = ICE PELLETS
TOTAL MONTH: M 5 = HAIL
GRTST 24HR M ON M 6 = FREEZING RAIN OR DRIZZLE
GRTST DEPTH: M ON M 7 = DUSTSTORM OR SANDSTORM:
VSBY 1/2 MILE OR LESS
8 = SMOKE OR HAZE
[NO. OF DAYS WITH] [WEATHER - DAYS WITH] 9 = BLOWING SNOW
X = TORNADO
MAX 32 OR BELOW: 4 0.01 INCH OR MORE: 9
MAX 90 OR ABOVE: 0 0.10 INCH OR MORE: 2
MIN 32 OR BELOW: 24 0.50 INCH OR MORE: 0
MIN 0 OR BELOW: 0 1.00 INCH OR MORE: 0
[HDD (BASE 65) ]
TOTAL THIS MO. 801 CLEAR (SCALE 0-3) 11
DPTR FM NORMAL 21 PTCLDY (SCALE 4-7) 15
TOTAL FM JUL 1 8252 CLOUDY (SCALE 8-10) 4
DPTR FM NORMAL -140
[CDD (BASE 65) ]
TOTAL THIS MO. 0
DPTR FM NORMAL 0 [PRESSURE DATA]
TOTAL FM JAN 1 0 HIGHEST SLP 30.42 ON 16
DPTR FM NORMAL 0 LOWEST SLP 29.54 ON 5
[REMARKS]
#FINAL-04-20#