000
CXUS51 KBTV 011342
CLMBTV
CLIMATE REPORT
NATIONAL WEATHER SERVICE BURLINGTON VT
842 AM EST MON JAN 01 2024
...................................
...THE BURLINGTON VT CLIMATE SUMMARY FOR THE MONTH OF DECEMBER 2023...
CLIMATE NORMAL PERIOD: 1991 TO 2020
CLIMATE RECORD PERIOD: 1884 TO 2023
WEATHER OBSERVED NORMAL DEPART LAST YEAR`S
VALUE DATE(S) VALUE FROM VALUE DATE(S)
NORMAL
................................................................
TEMPERATURE (F)
RECORD
HIGH 68 12/24/2015
LOW -29 12/30/1933
12/29/1933
HIGHEST 54 12/10 30 24 58 12/30
LOWEST 14 12/22 16 -2 8 12/24
AVG. MAXIMUM 40.2 35.0 5.2 37.8
AVG. MINIMUM 29.5 21.3 8.2 25.4
MEAN 34.8 28.2 6.6 31.6
DAYS MAX >= 90 0 0.0 0.0 0
DAYS MAX <= 32 6 12.5 -6.5 12
DAYS MIN <= 32 18 26.6 -8.6 25
DAYS MIN <= 0 0 1.8 -1.8 0
PRECIPITATION (INCHES)
RECORD
MAXIMUM 5.95 1973
MINIMUM 0.31 1928
TOTALS 5.78 2.50 3.28 2.69
DAILY AVG. 0.19 0.08 0.11 0.09
DAYS >= .01 17 15.2 1.8 11
DAYS >= .10 11 6.5 4.5 7
DAYS >= .50 3 1.3 1.7 2
DAYS >= 1.00 1 0.2 0.8 0
GREATEST
24 HR. TOTAL 2.36 12/17 TO 12/18 0.80 12/22 TO 12/23
STORM TOTAL 2.20 0.79
(MM/DD(HH)) MM
SNOWFALL (INCHES)
RECORDS
TOTAL 56.7 MM
TOTALS 2.9 19.5 -16.6 14.4
SINCE 7/1 7.9 25.5 -17.6 MM
SNOWDEPTH AVG. 0 3
DAYS >= 1.0 1 5.4 -4.4 4
GREATEST
SNOW DEPTH 2 12/13 9 12/17
12/14
12/15
24 HR TOTAL MM 4.7 12/17 TO 12/17
DEGREE DAYS
HEATING TOTAL 927 1142 -215 1028
SINCE 7/1 2145 2531 -386 MM
COOLING TOTAL 0 0 0 0
SINCE 1/1 722 656 66 MM
................................................................
WIND (MPH)
AVERAGE WIND SPEED 6.8
HIGHEST WIND SPEED/DIRECTION 25/190 DATE 12/12
25/320 12/19
HIGHEST GUST SPEED/DIRECTION 35/190 DATE 12/10
SKY COVER
POSSIBLE SUNSHINE (PERCENT) MM
AVERAGE SKY COVER 0.84
NUMBER OF DAYS FAIR 1
NUMBER OF DAYS PC 6
NUMBER OF DAYS CLOUDY 24
AVERAGE RH (PERCENT) 77
WEATHER CONDITIONS. NUMBER OF DAYS WITH
THUNDERSTORM 0 MIXED PRECIP 0
HEAVY RAIN 2 RAIN 6
LIGHT RAIN 15 FREEZING RAIN 0
LT FREEZING RAIN 0 HAIL 0
HEAVY SNOW 0 SNOW 1
LIGHT SNOW 15 SLEET 0
FOG 16 FOG W/VIS <= 1/4 MILE 3
HAZE 1
- INDICATES NEGATIVE NUMBERS.
R INDICATES RECORD WAS SET OR TIED.
MM INDICATES DATA IS MISSING.
T INDICATES TRACE AMOUNT.
$$