000
CXUS51 KBTV 011435
CLMBTV
CLIMATE REPORT
NATIONAL WEATHER SERVICE BURLINGTON VT
1035 AM EDT TUE AUG 01 2023
...................................
...THE BURLINGTON VT CLIMATE SUMMARY FOR THE MONTH OF JULY 2023...
CLIMATE NORMAL PERIOD: 1991 TO 2020
CLIMATE RECORD PERIOD: 1884 TO 2023
WEATHER OBSERVED NORMAL DEPART LAST YEAR`S
VALUE DATE(S) VALUE FROM VALUE DATE(S)
NORMAL
................................................................
TEMPERATURE (F)
RECORD
HIGH 100 07/14/1995
07/03/1911
LOW 39 07/06/1962
HIGHEST 93 07/06 81 12 93 07/20
07/23
LOWEST 57 07/30 60 -3 50 07/10
07/31
AVG. MAXIMUM 83.7 82.4 1.3 84.0
AVG. MINIMUM 65.1 62.4 2.7 62.6
MEAN 74.4 72.4 2.0 73.3
DAYS MAX >= 90 5 3.6 1.4 7
DAYS MAX <= 32 0 0.0 0.0 0
DAYS MIN <= 32 0 0.0 0.0 0
DAYS MIN <= 0 0 0.0 0.0 0
PRECIPITATION (INCHES)
RECORD
MAXIMUM 9.31 1998
MINIMUM 0.58 1933
TOTALS 5.89 4.06 1.83 4.04
DAILY AVG. 0.19 0.13 0.06 0.13
DAYS >= .01 15 12.8 2.2 11
DAYS >= .10 9 8.2 0.8 8
DAYS >= .50 5 2.8 2.2 2
DAYS >= 1.00 1 0.9 0.1 2
GREATEST
24 HR. TOTAL 1.78 07/10 TO 07/11 1.34 07/18 TO 07/19
STORM TOTAL 1.64 1.03
(MM/DD(HH)) MM
SNOWFALL (INCHES)
RECORDS
TOTAL T MM
TOTALS 0.0 0.0 0.0 0.0
SINCE 7/1 0.0 0.0 0.0 MM
SNOWDEPTH AVG. 0 0
DAYS >= 1.0 0 0.0 0.0 0
GREATEST
SNOW DEPTH 0 0 MM
24 HR TOTAL MM MM
DEGREE DAYS
HEATING TOTAL 0 6 -6 0
SINCE 7/1 0 0 0 MM
COOLING TOTAL 301 235 66 265
SINCE 1/1 471 394 77 MM
................................................................
WIND (MPH)
AVERAGE WIND SPEED 5.6
HIGHEST WIND SPEED/DIRECTION 32/130 DATE 07/09
HIGHEST GUST SPEED/DIRECTION 39/140 DATE 07/09
SKY COVER
POSSIBLE SUNSHINE (PERCENT) MM
AVERAGE SKY COVER 0.57
NUMBER OF DAYS FAIR 4
NUMBER OF DAYS PC 21
NUMBER OF DAYS CLOUDY 6
AVERAGE RH (PERCENT) 72
WEATHER CONDITIONS. NUMBER OF DAYS WITH
THUNDERSTORM 12 MIXED PRECIP 0
HEAVY RAIN 5 RAIN 9
LIGHT RAIN 17 FREEZING RAIN 0
LT FREEZING RAIN 0 HAIL 0
HEAVY SNOW 0 SNOW 0
LIGHT SNOW 0 SLEET 0
FOG 19 FOG W/VIS <= 1/4 MILE 0
HAZE 8
- INDICATES NEGATIVE NUMBERS.
R INDICATES RECORD WAS SET OR TIED.
MM INDICATES DATA IS MISSING.
T INDICATES TRACE AMOUNT.
$$