000
CXUS56 KLOX 011155
CF6BUR
PRELIMINARY LOCAL CLIMATOLOGICAL DATA (WS FORM: F-6)
STATION: HOLLYWOOD/BURBANK AIRPORT CA
MONTH: SEPTEMBER
YEAR: 2021
LATITUDE: 34 12 N
LONGITUDE: 118 22 W
TEMPERATURE IN F: :PCPN: SNOW: WIND :SUNSHINE: SKY :PK WND
================================================================================
1 2 3 4 5 6A 6B 7 8 9 10 11 12 13 14 15 16 17 18
12Z AVG MX 2MIN
DY MAX MIN AVG DEP HDD CDD WTR SNW DPTH SPD SPD DIR MIN PSBL S-S WX SPD DR
================================================================================
1 76 64 70 -7 0 5 0.00 M M 4.7 13 200 M M 7 18 16 210
2 79 62 71 -6 0 6 0.00 M M 5.7 12 180 M M 5 M M
3 88 59 74 -3 0 9 0.00 M M 4.1 10 180 M M 0 18 14 140
4 99 61 80 3 0 15 0.00 M M 3.7 16 190 M M 0 20 200
5 104 67 86 10 0 21 0.00 M M 4.6 16 120 M M 0 19 120
6 91 67 79 3 0 14 0.00 M M 5.9 15 180 M M 0 8 19 100
7 89 68 79 3 0 14 0.00 M M 5.4 13 160 M M 0 21 140
8 93 66 80 4 0 15 0.00 M M 5.7 14 130 M M 0 8 18 110
9 94 67 81 5 0 16 0.00 M M 6.9 13 150 M M 0 8 19 110
10 94 71 83 7 0 18 T M M 5.5 14 160 M M 1 17 110
11 96 71 84 8 0 19 0.00 M M 4.6 13 160 M M 0 17 120
12 96 66 81 5 0 16 0.00 M M 4.8 14 180 M M 0 8 16 180
13 94 62 78 3 0 13 0.00 M M 4.6 13 110 M M 0 19 110
14 89 58 74 -1 0 9 0.00 M M 5.3 14 180 M M 0 8 19 110
15 84 59 72 -3 0 7 0.00 M M 6.0 14 160 M M 2 18 19 210
16 77 58 68 -7 0 3 0.00 M M 5.7 14 180 M M 4 18 19 180
17 79 57 68 -7 0 3 T M M 4.7 14 160 M M 3 18 17 80
18 78 57 68 -6 0 3 0.00 M M 5.0 14 160 M M 1 8 19 130
19 79 55 67 -7 0 2 0.00 M M 4.9 14 180 M M 0 8 16 160
20 88 60 74 0 0 9 0.00 M M 3.9 13 170 M M 0 18 220
21 99 63 81 7 0 16 0.00 M M 4.6 15 200 M M 0 21 140
22 98 70 84 10 0 19 0.00 M M 4.9 12 140 M M 0 M M
23 86 64 75 1 0 10 0.00 M M 5.1 14 180 M M 0 17 100
24 83 61 72 -1 0 7 T M M 4.0 17 130 M M 0 3 23 130
25 83 61 72 -1 0 7 0.00 M M 6.2 12 120 M M 0 15 190
26 73 61 67 -6 0 2 0.00 M M 5.2 14 170 M M 6 8 18 180
27 68 61 65 -8 0 0 0.00 M M 4.8 9 160 M M 10 8 15 120
28 73 61 67 -5 0 2 0.00 M M 5.2 13 170 M M 7 16 170
29 75 57 66 -6 0 1 0.00 M M 3.7 12 210 M M 0 16 230
30 90 56 73 1 0 8 0.00 M M 3.9 13 160 M M 0 19 120
================================================================================
SM 2595 1870 0 289 T M 149.3 M 46
================================================================================
AV 86.5 62.3 5.0 FASTST M M 2 MAX(MPH)
MISC ----> 17 130 23 130
================================================================================
NOTES:
# LAST OF SEVERAL OCCURRENCES
COLUMN 17 PEAK WIND IN M.P.H.
PRELIMINARY LOCAL CLIMATOLOGICAL DATA (WS FORM: F-6) , PAGE 2
STATION: HOLLYWOOD/BURBANK AIRPORT CA
MONTH: SEPTEMBER
YEAR: 2021
LATITUDE: 34 12 N
LONGITUDE: 118 22 W
[TEMPERATURE DATA] [PRECIPITATION DATA] SYMBOLS USED IN COLUMN 16
AVERAGE MONTHLY: 74.4 TOTAL FOR MONTH: T 1 = FOG OR MIST
DPTR FM NORMAL: -0.3 DPTR FM NORMAL: -0.11 2 = FOG REDUCING VISIBILITY
HIGHEST: 104 ON 5 GRTST 24HR T ON 31- 1 TO 1/4 MILE OR LESS
LOWEST: 55 ON 19 3 = THUNDER
SNOW, ICE PELLETS, HAIL 4 = ICE PELLETS
TOTAL MONTH: M 5 = HAIL
GRTST 24HR M ON M 6 = FREEZING RAIN OR DRIZZLE
GRTST DEPTH: M ON M 7 = DUSTSTORM OR SANDSTORM:
VSBY 1/2 MILE OR LESS
8 = SMOKE OR HAZE
[NO. OF DAYS WITH] [WEATHER - DAYS WITH] 9 = BLOWING SNOW
X = TORNADO
MAX 32 OR BELOW: 0 0.01 INCH OR MORE: 0
MAX 90 OR ABOVE: 12 0.10 INCH OR MORE: 0
MIN 32 OR BELOW: 0 0.50 INCH OR MORE: 0
MIN 0 OR BELOW: 0 1.00 INCH OR MORE: 0
[HDD (BASE 65) ]
TOTAL THIS MO. 0 CLEAR (SCALE 0-3) 24
DPTR FM NORMAL -2 PTCLDY (SCALE 4-7) 5
TOTAL FM JUL 1 0 CLOUDY (SCALE 8-10) 1
DPTR FM NORMAL 0
[CDD (BASE 65) ]
TOTAL THIS MO. 289
DPTR FM NORMAL -6 [PRESSURE DATA]
TOTAL FM JAN 1 1490 HIGHEST SLP 30.06 ON 18
DPTR FM NORMAL 181 LOWEST SLP 29.73 ON 8
[REMARKS]
#FINAL-09-21#