000
CXUS53 KLMK 011802 RRB
CF6BWG
PRELIMINARY LOCAL CLIMATOLOGICAL DATA (WS FORM: F-6)
STATION: BOWLING GREEN KY
MONTH: NOVEMBER
YEAR: 2021
LATITUDE: 36 58 N
LONGITUDE: 86 26 W
TEMPERATURE IN F: :PCPN: SNOW: WIND :SUNSHINE: SKY :PK WND
================================================================================
1 2 3 4 5 6A 6B 7 8 9 10 11 12 13 14 15 16 17 18
12Z AVG MX 2MIN
DY MAX MIN AVG DEP HDD CDD WTR SNW DPTH SPD SPD DIR MIN PSBL S-S WX SPD DR
================================================================================
1 61 40 51 -3 14 0 0.02 0.0 0 2.5 8 60 M M 3 1 14 340
2 54 39 47 -6 18 0 0.07 0.0 0 3.8 9 40 M M 6 14 30
3 49 32 41 -12 24 0 0.00 0.0 0 2.1 13 80 M M 0 16 80
4 55 28 42 -10 23 0 0.00 0.0 0 2.3 13 30 M M 0 1 19 30
5 59 29 44 -8 21 0 0.00 0.0 0 2.8 13 70 M M 0 1 18 60
6 63 29 46 -6 19 0 0.00 0.0 0 0.0 7 280 M M 0 1 10 280
7 66 31 49 -2 16 0 0.00 0.0 0 0.7 6 260 M M 0 1 8 260
8 72 34 53 2 12 0 0.00 0.0 0 1.8 10 190 M M 0 1 16 180
9 71 36 54 4 11 0 0.00 0.0 0 3.0 14 230 M M 0 1 19 210
10 72 39 56 6 9 0 0.00 0.0 0 1.9 12 190 M M 0 12 17 160
11 64 48 56 6 9 0 0.49 0.0 0 8.6 25 190 M M 4 1 36 180
12 62 40 51 2 14 0 0.04 0.0 0 9.2 24 230 M M 4 1 40 250
13 48 32 40 -9 25 0 0.00 0.0 0 3.7 12 280 M M 4 16 270
14 56 33 45 -4 20 0 T 0.0 0 8.1 21 250 M M 6 30 260
15 52 27 40 -8 25 0 0.00 0.0 0 2.9 13 170 M M 3 18 150
16 66 34 50 2 15 0 0.00 0.0 0 4.6 15 200 M M 3 1 20 190
17 71 59 65 17 0 0 0.00 0.0 0 13.7 23 210 M M 4 32 200
18 66 29 48 1 17 0 0.56 0.0 0 4.8 17 200 M M 4 1 29 320
19 47 27 37 -10 28 0 0.00 0.0 0 2.9 13 50 M M 0 17 40
20 60 30 45 -2 20 0 0.00 0.0 0 4.7 17 220 M M 2 24 220
21 53 47 50 4 15 0 0.99 0.0 0 4.6 16 200 M M 8 1 25 210
22 48 27 38 -8 27 0 0.00 0.0 0 4.4 12 310 M M 0 1 19 350
23 47 22 35 -11 30 0 0.00 0.0 0 0.5 7 190 M M 0 11 170
24 60 26 43 -3 22 0 0.00 0.0 0 7.6 18 190 M M 0 24 190
25 53 36 45 0 20 0 0.26 0.0 0 9.0 17 190 M M 10 1 25 320
26 42 27 35 -10 30 0 0.00 0.0 0 4.3 13 310 M M 2 22 310
27 58 25 42 -3 23 0 0.00 0.0 0 6.1 17 210 M M 0 24 210
28 55 31 43 -1 22 0 0.00 0.0 0 4.4 12 280 M M 0 17 310
29 49 25 37 -7 28 0 0.00 0.0 0 4.5 13 210 M M 2 18 180
30 63 36 50 6 15 0 0.00 0.0 0 3.7 10 230 M M 0 13 190
================================================================================
SM 1742 998 572 0 2.43 0.0 133.2 M 65
================================================================================
AV 58.1 33.3 4.4 FASTST M M 2 MAX(MPH)
MISC ----> 25 190 40 250
================================================================================
NOTES:
# LAST OF SEVERAL OCCURRENCES
COLUMN 17 PEAK WIND IN M.P.H.
PRELIMINARY LOCAL CLIMATOLOGICAL DATA (WS FORM: F-6) , PAGE 2
STATION: BOWLING GREEN KY
MONTH: NOVEMBER
YEAR: 2021
LATITUDE: 36 58 N
LONGITUDE: 86 26 W
[TEMPERATURE DATA] [PRECIPITATION DATA] SYMBOLS USED IN COLUMN 16
AVERAGE MONTHLY: 45.7 TOTAL FOR MONTH: 2.43 1 = FOG OR MIST
DPTR FM NORMAL: -2.7 DPTR FM NORMAL: -1.30 2 = FOG REDUCING VISIBILITY
HIGHEST: 72 ON 10, 8 GRTST 24HR 0.99 ON 21-21 TO 1/4 MILE OR LESS
LOWEST: 22 ON 23 3 = THUNDER
SNOW, ICE PELLETS, HAIL 4 = ICE PELLETS
TOTAL MONTH: 0.0 INCH 5 = HAIL
GRTST 24HR 0.0 6 = FREEZING RAIN OR DRIZZLE
GRTST DEPTH: 0 7 = DUSTSTORM OR SANDSTORM:
VSBY 1/2 MILE OR LESS
8 = SMOKE OR HAZE
[NO. OF DAYS WITH] [WEATHER - DAYS WITH] 9 = BLOWING SNOW
X = TORNADO
MAX 32 OR BELOW: 0 0.01 INCH OR MORE: 7
MAX 90 OR ABOVE: 0 0.10 INCH OR MORE: 4
MIN 32 OR BELOW: 17 0.50 INCH OR MORE: 2
MIN 0 OR BELOW: 0 1.00 INCH OR MORE: 0
[HDD (BASE 65) ]
TOTAL THIS MO. 572 CLEAR (SCALE 0-3) 20
DPTR FM NORMAL 70 PTCLDY (SCALE 4-7) 9
TOTAL FM JUL 1 707 CLOUDY (SCALE 8-10) 1
DPTR FM NORMAL -20
[CDD (BASE 65) ]
TOTAL THIS MO. 0
DPTR FM NORMAL -4 [PRESSURE DATA]
TOTAL FM JAN 1 1705 HIGHEST SLP M ON M
DPTR FM NORMAL 29 LOWEST SLP 29.80 ON 11
[REMARKS]
#FINAL-11-21#