000
CXUS53 KLMK 010710
CF6BWG
PRELIMINARY LOCAL CLIMATOLOGICAL DATA (WS FORM: F-6)
STATION: BOWLING GREEN KY
MONTH: SEPTEMBER
YEAR: 2023
LATITUDE: 36 58 N
LONGITUDE: 86 26 W
TEMPERATURE IN F: :PCPN: SNOW: WIND :SUNSHINE: SKY :PK WND
================================================================================
1 2 3 4 5 6A 6B 7 8 9 10 11 12 13 14 15 16 17 18
12Z AVG MX 2MIN
DY MAX MIN AVG DEP HDD CDD WTR SNW DPTH SPD SPD DIR MIN PSBL S-S WX SPD DR
================================================================================
1 89 59 74 -2 0 9 0.00 0.0 0 3.5 9 100 M M 5 13 70
2 90 70 80 4 0 15 0.00 0.0 0 3.9 14 190 M M 3 19 220
3 91 65 78 2 0 13 0.00 0.0 0 2.7 10 130 M M 1 1 15 170
4 92 67 80 5 0 15 0.00 0.0 0 3.5 13 160 M M 3 17 170
5 89 68 79 4 0 14 0.08 0.0 0 3.5 22 270 M M 3 3 33 260
6 87 68 78 3 0 13 0.33 0.0 0 5.6 16 200 M M 4 13 21 200
7 77 64 71 -3 0 6 0.05 0.0 0 3.8 10 290 M M 6 16 310
8 84 62 73 -1 0 8 0.00 0.0 0 2.5 9 10 M M 5 18 19 290
9 82 64 73 -1 0 8 0.00 0.0 0 3.3 13 40 M M 4 19 300
10 85 66 76 3 0 11 0.00 0.0 0 4.3 10 40 M M 5 19 60
11 87 61 74 1 0 9 0.00 0.0 0 1.1 8 280 M M 1 1 11 280
12 78 64 71 -2 0 6 T 0.0 0 1.7 10 40 M M 3 16 30
13 81 56 69 -3 0 4 0.00 0.0 0 3.4 15 50 M M 2 21 50
14 82 51 67 -5 0 2 0.00 0.0 0 2.4 14 80 M M 0 1 22 80
15 83 53 68 -4 0 3 0.00 0.0 0 3.2 14 40 M M 0 19 50
16 76 56 66 -6 0 1 0.06 0.0 0 1.9 8 100 M M 7 10 320
17 77 57 67 -4 0 2 0.12 0.0 0 3.1 16 280 M M 4 1 24 280
18 78 56 67 -4 0 2 0.00 0.0 0 1.9 10 280 M M 1 15 290
19 81 50 66 -4 0 1 0.00 0.0 0 1.6 9 130 M M 1 12 13 140
20 85 54 70 0 0 5 0.00 0.0 0 3.9 13 160 M M 2 1 17 170
21 85 61 73 3 0 8 0.00 0.0 0 2.9 14 90 M M 2 23 90
22 87 56 72 3 0 7 0.00 0.0 0 1.2 9 140 M M 1 1 16 130
23 85 55 70 1 0 5 0.00 0.0 0 2.8 14 50 M M 0 20 40
24 81 50 66 -3 0 1 0.00 0.0 0 1.6 9 80 M M 0 14 80
25 87 61 74 6 0 9 0.00 0.0 0 1.0 7 130 M M 0 11 110
26 89 57 73 5 0 8 0.00 0.0 0 1.5 9 100 M M 0 1 13 130
27 85 60 73 6 0 8 0.35 0.0 0 5.0 18 290 M M 3 13 32 290
28 76 63 70 3 0 5 1.23 0.0 0 6.6 18 200 M M 6 13 25 210
29 85 61 73 6 0 8 0.00 0.0 0 2.3 10 220 M M 4 12 14 210
30 87 62 75 9 0 10 0.00 0.0 0 1.5 9 80 M M 4 128 13 360
================================================================================
SM 2521 1797 0 216 2.22 0.0 87.2 M 80
================================================================================
AV 84.0 59.9 2.9 FASTST M M 3 MAX(MPH)
MISC ----> 22 270 33 260
================================================================================
NOTES:
# LAST OF SEVERAL OCCURRENCES
COLUMN 17 PEAK WIND IN M.P.H.
PRELIMINARY LOCAL CLIMATOLOGICAL DATA (WS FORM: F-6) , PAGE 2
STATION: BOWLING GREEN KY
MONTH: SEPTEMBER
YEAR: 2023
LATITUDE: 36 58 N
LONGITUDE: 86 26 W
[TEMPERATURE DATA] [PRECIPITATION DATA] SYMBOLS USED IN COLUMN 16
AVERAGE MONTHLY: 72.0 TOTAL FOR MONTH: 2.22 1 = FOG OR MIST
DPTR FM NORMAL: 0.6 DPTR FM NORMAL: -1.42 2 = FOG REDUCING VISIBILITY
HIGHEST: 92 ON 4 GRTST 24HR 1.58 ON 27-28 TO 1/4 MILE OR LESS
LOWEST: 50 ON 24,19 3 = THUNDER
SNOW, ICE PELLETS, HAIL 4 = ICE PELLETS
TOTAL MONTH: 0.0 INCH 5 = HAIL
GRTST 24HR 0.0 6 = FREEZING RAIN OR DRIZZLE
GRTST DEPTH: 0 7 = DUSTSTORM OR SANDSTORM:
VSBY 1/2 MILE OR LESS
8 = SMOKE OR HAZE
[NO. OF DAYS WITH] [WEATHER - DAYS WITH] 9 = BLOWING SNOW
X = TORNADO
MAX 32 OR BELOW: 0 0.01 INCH OR MORE: 7
MAX 90 OR ABOVE: 3 0.10 INCH OR MORE: 4
MIN 32 OR BELOW: 0 0.50 INCH OR MORE: 1
MIN 0 OR BELOW: 0 1.00 INCH OR MORE: 1
[HDD (BASE 65) ]
TOTAL THIS MO. 0 CLEAR (SCALE 0-3) 17
DPTR FM NORMAL -24 PTCLDY (SCALE 4-7) 13
TOTAL FM JUL 1 0 CLOUDY (SCALE 8-10) 0
DPTR FM NORMAL -21
[CDD (BASE 65) ]
TOTAL THIS MO. 216
DPTR FM NORMAL -1 [PRESSURE DATA]
TOTAL FM JAN 1 1538 HIGHEST SLP M ON M
DPTR FM NORMAL -88 LOWEST SLP 29.85 ON 6
[REMARKS]
#FINAL-09-23#