000
CXUS55 KRIW 011010
CF6BYG
PRELIMINARY LOCAL CLIMATOLOGICAL DATA (WS FORM: F-6)
STATION: BUFFALO WY
MONTH: MAY
YEAR: 2023
LATITUDE: 44 22 N
LONGITUDE: 106 43 W
TEMPERATURE IN F: :PCPN: SNOW: WIND :SUNSHINE: SKY :PK WND
================================================================================
1 2 3 4 5 6A 6B 7 8 9 10 11 12 13 14 15 16 17 18
12Z AVG MX 2MIN
DY MAX MIN AVG DEP HDD CDD WTR SNW DPTH SPD SPD DIR MIN PSBL S-S WX SPD DR
================================================================================
1 70 36 53 6 12 0 0.00 M M 7.2 16 170 M M 0 23 130
2 76 42 59 12 6 0 0.00 M M 14.6 21 150 M M 0 29 160
3 76 50 63 15 2 0 0.00 M M 9.9 30 250 M M 1 39 250
4 78 48 63 15 2 0 0.00 M M 10.7 28 180 M M 2 34 170
5 75 43 59 11 6 0 T M M 13.8 28 320 M M 1 40 320
6 60 39 50 1 15 0 0.17 M M 8.5 28 310 M M 3 3 35 300
7 61 38 50 1 15 0 0.02 M M 7.4 26 250 M M 3 3 34 250
8 67 38 53 4 12 0 0.00 M M 5.6 14 100 M M 2 20 70
9 70 43 57 7 8 0 T M M 9.7 30 160 M M 2 39 160
10 69 41 55 5 10 0 0.37 M M 11.3 23 320 M M 4 13 34 340
11 52 47 50 0 15 0 0.91 M M 17.5 30 350 M M 10 1 37 350
12 55 47 51 0 14 0 T M M 24.1 36 330 M M 9 50 330
13 55 45 50 -1 15 0 0.09 M M 21.5 31 340 M M 10 12 42 340
14 52 45 49 -2 16 0 0.31 M M 8.1 18 170 M M 10 12 24 160
15 69 47 58 6 7 0 T M M 14.1 28 170 M M 5 3 36 150
16 73 48 61 9 4 0 0.04 M M 8.6 24 310 M M 2 3 31 300
17 63 49 56 4 9 0 0.24 M M 12.6 29 360 M M 5 1238 37 350
18 60 43 52 -1 13 0 0.00 M M 8.8 21 350 M M 5 18 28 360
19 67 37 52 -1 13 0 0.00 M M 6.6 14 110 M M 0 18 20 140
20 78 48 63 10 2 0 0.00 M M 7.4 17 340 M M 0 21 340
21 78 51 65 11 0 0 0.00 M M 5.1 13 190 M M 1 8 16 190
22 83 53 68 14 0 3 0.03 M M 6.9 29 180 M M 1 38 42 180
23 72 53 63 9 2 0 0.06 M M 9.4 23 140 M M 2 3 32 150
24 79 55 67 12 0 2 0.04 M M 9.5 24 300 M M 2 3 33 150
25 74 51 63 8 2 0 0.00 M M 6.7 18 330 M M 1 3 24 350
26 75 50 63 8 2 0 1.02 M M 9.2 37 190 M M 4 13 51 180
27 71 49 60 4 5 0 0.01 M M 6.0 17 180 M M 2 23 180
28 70 50 60 4 5 0 T M M 8.0 16 350 M M 4 3 20 350
29 72 50 61 5 4 0 T M M 6.3 18 350 M M 2 3 25 350
30 75 53 64 8 1 0 T M M 6.7 20 290 M M 2 28 250
31 75 52 64 7 1 0 T M M 4.7 15 110 M M 1 3 20 70
================================================================================
SM 2150 1441 218 5 3.31 M 306.5 M 96
================================================================================
AV 69.4 46.5 9.9 FASTST M M 3 MAX(MPH)
MISC ----> 37 190 51 180
================================================================================
NOTES:
# LAST OF SEVERAL OCCURRENCES
COLUMN 17 PEAK WIND IN M.P.H.
PRELIMINARY LOCAL CLIMATOLOGICAL DATA (WS FORM: F-6) , PAGE 2
STATION: BUFFALO WY
MONTH: MAY
YEAR: 2023
LATITUDE: 44 22 N
LONGITUDE: 106 43 W
[TEMPERATURE DATA] [PRECIPITATION DATA] SYMBOLS USED IN COLUMN 16
AVERAGE MONTHLY: 57.9 TOTAL FOR MONTH: 3.31 1 = FOG OR MIST
DPTR FM NORMAL: 5.9 DPTR FM NORMAL: 0.58 2 = FOG REDUCING VISIBILITY
HIGHEST: 83 ON 22 GRTST 24HR 1.27 ON 10-11 TO 1/4 MILE OR LESS
LOWEST: 36 ON 1 3 = THUNDER
SNOW, ICE PELLETS, HAIL 4 = ICE PELLETS
TOTAL MONTH: M 5 = HAIL
GRTST 24HR M ON M 6 = FREEZING RAIN OR DRIZZLE
GRTST DEPTH: M ON M 7 = DUSTSTORM OR SANDSTORM:
VSBY 1/2 MILE OR LESS
8 = SMOKE OR HAZE
[NO. OF DAYS WITH] [WEATHER - DAYS WITH] 9 = BLOWING SNOW
X = TORNADO
MAX 32 OR BELOW: 0 0.01 INCH OR MORE: 13
MAX 90 OR ABOVE: 0 0.10 INCH OR MORE: 6
MIN 32 OR BELOW: 0 0.50 INCH OR MORE: 2
MIN 0 OR BELOW: 0 1.00 INCH OR MORE: 1
[HDD (BASE 65) ]
TOTAL THIS MO. 218 CLEAR (SCALE 0-3) 21
DPTR FM NORMAL -194 PTCLDY (SCALE 4-7) 6
TOTAL FM JUL 1 6929 CLOUDY (SCALE 8-10) 4
DPTR FM NORMAL -209
[CDD (BASE 65) ]
TOTAL THIS MO. 5
DPTR FM NORMAL -2 [PRESSURE DATA]
TOTAL FM JAN 1 5 HIGHEST SLP 30.53 ON 14
DPTR FM NORMAL -2 LOWEST SLP 29.54 ON 5
[REMARKS]
#FINAL-05-23#