000
CXUS55 KRIW 010945
CF6BYG
PRELIMINARY LOCAL CLIMATOLOGICAL DATA (WS FORM: F-6)
STATION: BUFFALO WY
MONTH: APRIL
YEAR: 2020
LATITUDE: 44 22 N
LONGITUDE: 106 43 W
TEMPERATURE IN F: :PCPN: SNOW: WIND :SUNSHINE: SKY :PK WND
================================================================================
1 2 3 4 5 6A 6B 7 8 9 10 11 12 13 14 15 16 17 18
12Z AVG MX 2MIN
DY MAX MIN AVG DEP HDD CDD WTR SNW DPTH SPD SPD DIR MIN PSBL S-S WX SPD DR
================================================================================
1 38 12 25 -14 40 0 0.08 M M 19.0 33 350 M M 10 1 48 340
2 15 2 9 -30 56 0 0.07 M M 9.3 21 350 M M 8 18 25 350
3 35 2 19 -20 46 0 0.00 M M 6.1 18 210 M M 0 25 200
4 48 20 34 -6 31 0 0.00 M M 7.4 17 340 M M 0 21 350
5 60 26 43 3 22 0 0.00 M M 6.1 16 340 M M 0 22 330
6 66 37 52 12 13 0 0.00 M M 10.4 36 230 M M 3 45 220
7 68 38 53 13 12 0 0.00 M M 8.0 26 240 M M 1 45 290
8 48 29 39 -2 26 0 0.00 M M 11.8 32 330 M M 3 43 350
9 52 26 39 -2 26 0 0.00 M M 8.4 16 150 M M 0 23 140
10 65 33 49 8 16 0 0.00 M M 7.9 21 330 M M 4 33 320
11 47 19 33 -9 32 0 0.21 M M 14.4 30 340 M M 10 128 40 340
12 19 4 12 -30 53 0 T M M 15.3 24 350 M M 9 128 29 330
13 21 2 12 -30 53 0 T M M 11.0 24 340 M M 5 8 32 350
14 35 6 21 -22 44 0 T M M 12.3 31 350 M M 5 1 41 350
15 37 23 30 -13 35 0 0.05 M M 17.2 38 340 M M 8 1 54 340
16 32 20 26 -17 39 0 0.04 M M 9.4 17 350 M M 6 1 22 10
17 55 18 37 -7 28 0 0.00 M M 7.1 17 160 M M 0 22 160
18 56 33 45 1 20 0 T M M 9.9 25 350 M M 4 34 350
19 51 35 43 -1 22 0 0.02 M M 8.6 23 350 M M 7 31 340
20 60 36 48 3 17 0 0.00 M M 12.1 24 350 M M 3 32 360
21 66 35 51 6 14 0 0.00 M M 7.1 15 350 M M 0 19 340
22 64 41 53 8 12 0 0.00 M M 10.8 25 360 M M 2 33 360
23 58 38 48 2 17 0 0.03 M M 14.9 35 350 M M 7 13 52 350
24 54 35 45 -1 20 0 0.01 M M 11.2 31 330 M M 4 1 40 330
25 61 35 48 2 17 0 0.00 M M 4.4 14 110 M M 4 19 130
26 66 41 54 7 11 0 0.00 0.0 M 6.9 22 340 M M 3 28 330
27 70 41 56 9 9 0 T M M 7.9 31 330 M M 2 43 340
28 59 39 49 2 16 0 0.02 M M 21.7 49 300 M M 2 75 320
29 73 38 56 8 9 0 0.00 0.0 M 6.9 16 140 M M 0 22 150
30 71 49 60 12 5 0 0.08 M M 9.4 31 330 M M 2 40 330
================================================================================
SM 1550 813 761 0 0.61 0.0 312.9 M 112
================================================================================
AV 51.7 27.1 10.4 FASTST M M 4 MAX(MPH)
MISC ----> # 49 300 # 75 320
================================================================================
NOTES:
# LAST OF SEVERAL OCCURRENCES
COLUMN 17 PEAK WIND IN M.P.H.
PRELIMINARY LOCAL CLIMATOLOGICAL DATA (WS FORM: F-6) , PAGE 2
STATION: BUFFALO WY
MONTH: APRIL
YEAR: 2020
LATITUDE: 44 22 N
LONGITUDE: 106 43 W
[TEMPERATURE DATA] [PRECIPITATION DATA] SYMBOLS USED IN COLUMN 16
AVERAGE MONTHLY: 39.4 TOTAL FOR MONTH: 0.61 1 = FOG OR MIST
DPTR FM NORMAL: -3.8 DPTR FM NORMAL: -0.69 2 = FOG REDUCING VISIBILITY
HIGHEST: 73 ON 29 GRTST 24HR 0.21 ON 11-11 TO 1/4 MILE OR LESS
LOWEST: 2 ON 13, 3 3 = THUNDER
SNOW, ICE PELLETS, HAIL 4 = ICE PELLETS
TOTAL MONTH: 0.0 INCH 5 = HAIL
GRTST 24HR 0.0 6 = FREEZING RAIN OR DRIZZLE
GRTST DEPTH: M ON M 7 = DUSTSTORM OR SANDSTORM:
VSBY 1/2 MILE OR LESS
8 = SMOKE OR HAZE
[NO. OF DAYS WITH] [WEATHER - DAYS WITH] 9 = BLOWING SNOW
X = TORNADO
MAX 32 OR BELOW: 4 0.01 INCH OR MORE: 10
MAX 90 OR ABOVE: 0 0.10 INCH OR MORE: 1
MIN 32 OR BELOW: 14 0.50 INCH OR MORE: 0
MIN 0 OR BELOW: 0 1.00 INCH OR MORE: 0
[HDD (BASE 65) ]
TOTAL THIS MO. 761 CLEAR (SCALE 0-3) 15
DPTR FM NORMAL 107 PTCLDY (SCALE 4-7) 12
TOTAL FM JUL 1 6980 CLOUDY (SCALE 8-10) 3
DPTR FM NORMAL 136
[CDD (BASE 65) ]
TOTAL THIS MO. 0
DPTR FM NORMAL 0 [PRESSURE DATA]
TOTAL FM JAN 1 0 HIGHEST SLP 30.38 ON 2
DPTR FM NORMAL 0 LOWEST SLP 29.52 ON 6
[REMARKS]
#FINAL-04-20#