000
CXUS55 KRIW 011600
CLMBYG
CLIMATE REPORT
NATIONAL WEATHER SERVICE RIVERTON WY
1000 AM MDT SAT JUL 01 2023
...................................
...THE BUFFALO WY CLIMATE SUMMARY FOR THE MONTH OF JUNE 2023...
CLIMATE NORMAL PERIOD: 1991 TO 2020
CLIMATE RECORD PERIOD: 1998 TO 2023
WEATHER OBSERVED NORMAL DEPART LAST YEAR`S
VALUE DATE(S) VALUE FROM VALUE
NORMAL
..............................................................
TEMPERATURE (F)
RECORD
HIGH 104 06/15/2021
LOW 31 06/08/2009
HIGHEST 82 06/19
LOWEST 43 06/17
AVG. MAXIMUM 71.3 74.0 -2.7
AVG. MINIMUM 51.4 49.8 1.6
MEAN 61.4 61.9 -0.5
DAYS MAX >= 90 0
DAYS MAX <= 32 0
DAYS MIN <= 32 0
DAYS MIN <= 0 0
PRECIPITATION (INCHES)
RECORD
MAXIMUM 3.53 2005
MINIMUM 0.39 2016
TOTALS 5.85 2.07 3.78 0.76
DAILY AVG. 0.20 0.07 0.13
DAYS >= .01 22
DAYS >= .10 15
DAYS >= .50 4
DAYS >= 1.00 1
GREATEST
24 HR. TOTAL 1.09 06/09 TO 06/10
STORM TOTAL 1.00
DEGREE DAYS
HEATING TOTAL 110 150 -40
SINCE 7/1 7039 7286 -247
COOLING TOTAL 6 57 -51
SINCE 1/1 11 64 -53
..............................................................
WIND (MPH)
AVERAGE WIND SPEED 7.9
RESULTANT WIND SPEED/DIRECTION 1/300
HIGHEST WIND SPEED/DIRECTION 38/320 DATE 06/24
HIGHEST GUST SPEED/DIRECTION 51/310 DATE 06/24
SKY COVER
POSSIBLE SUNSHINE (PERCENT) MM
AVERAGE SKY COVER 0.46
NUMBER OF DAYS FAIR 14
NUMBER OF DAYS PC 10
NUMBER OF DAYS CLOUDY 6
AVERAGE RH (PERCENT) 71
WEATHER CONDITIONS. NUMBER OF DAYS WITH
THUNDERSTORM 19 MIXED PRECIP 0
HEAVY RAIN 9 RAIN 12
LIGHT RAIN 26 FREEZING RAIN 0
LT FREEZING RAIN 0 HAIL 0
HEAVY SNOW 0 SNOW 0
LIGHT SNOW 0 SLEET 0
FOG 13 FOG W/VIS <= 1/4 MILE 0
HAZE 1
- INDICATES NEGATIVE NUMBERS.
R INDICATES RECORD WAS SET OR TIED.
MM INDICATES DATA IS MISSING.
T INDICATES TRACE AMOUNT.
$$