412
CXUS55 KPIH 011641
CF6BYI
PRELIMINARY LOCAL CLIMATOLOGICAL DATA (WS FORM: F-6)
STATION: BURLEY ID
MONTH: JUNE
YEAR: 2020
LATITUDE: 42 32 N
LONGITUDE: 113 46 W
TEMPERATURE IN F: :PCPN: SNOW: WIND :SUNSHINE: SKY :PK WND
================================================================================
1 2 3 4 5 6A 6B 7 8 9 10 11 12 13 14 15 16 17 18
12Z AVG MX 2MIN
DY MAX MIN AVG DEP HDD CDD WTR SNW DPTH SPD SPD DIR MIN PSBL S-S WX SPD DR
================================================================================
1 76 50 63 5 2 0 0.00 M M 7.6 16 290 M M 0 24 290
2 82 51 67 9 0 2 0.00 M M 6.1 14 310 M M 0 20 320
3 86 55 71 12 0 6 0.00 M M 4.9 15 310 M M 0 23 330
4 80 54 67 8 0 2 0.00 M M 8.2 20 280 M M 0 29 280
5 95 51 73 14 0 8 T M M 5.2 20 210 M M 0 3 25 180
6 71 47 59 -1 6 0 0.28 M M 13.1 26 260 M M 4 1 36 290
7 53 40 47 -13 18 0 0.04 M M 14.3 26 250 M M 5 35 270
8 60 40 50 -10 15 0 0.01 M M 17.4 31 260 M M 5 41 270
9 70 40 55 -5 10 0 0.00 M M 9.6 23 250 M M 2 28 250
10 81 44 63 3 2 0 0.00 M M 4.0 13 330 M M 1 17 250
11 91 47 69 8 0 4 0.00 M M 7.0 23 180 M M 0 28 190
12 92 63 78 17 0 13 0.00 M M 8.9 18 190 M M 0 24 140
13 73 49 61 0 4 0 0.00 M M 12.2 26 250 M M 0 8 33 260
14 69 44 57 -5 8 0 0.00 M M 8.0 16 320 M M 2 22 270
15 82 42 62 0 3 0 0.03 M M 7.8 21 260 M M 3 30 280
16 64 48 56 -6 9 0 0.36 M M 7.0 24 260 M M 7 13 32 250
17 61 46 54 -8 11 0 0.02 M M 18.7 29 260 M M 6 39 260
18 71 41 56 -7 9 0 0.00 M M 3.2 12 230 M M 1 14 90
19 77 46 62 -1 3 0 0.00 M M 4.8 10 10 M M 0 17 10
20 83 53 68 5 0 3 0.00 M M 4.6 13 210 M M 0 17 210
21 81 58 70 6 0 5 T M M 10.4 20 260 M M 0 27 260
22 82 53 68 4 0 3 0.00 M M 8.1 16 250 M M 0 21 260
23 88 51 70 6 0 5 0.00 M M 3.8 9 250 M M 0 13 320
24 92 53 73 9 0 8 T M M 6.5 25 230 M M 1 34 230
25 84 62 73 8 0 8 T M M 4.7 15 250 M M 2 22 250
26 86 52 69 4 0 4 0.00 M M 4.8 14 250 M M 0 17 260
27 87 60 74 9 0 9 T M M 8.3 16 210 M M 0 21 290
28 67 46 57 -9 8 0 0.57 M M 8.9 18 260 M M 9 1 26 270
29 57 45 51 -15 14 0 0.36 M M 8.9 22 250 M M 8 1 27 250
30 67 48 58 -8 7 0 0.02 M M 8.3 21 240 M M 6 13 27 240
================================================================================
SM 2308 1479 129 80 1.69 M 245.3 M 62
================================================================================
AV 76.9 49.3 8.2 FASTST M M 2 MAX(MPH)
MISC ----> # 31 260 # 41 270
================================================================================
NOTES:
# LAST OF SEVERAL OCCURRENCES
PRECIPITATION SUSPECT DURING FREEZING/FROZEN EVENTS
COLUMN 17 PEAK WIND IN M.P.H.
PRELIMINARY LOCAL CLIMATOLOGICAL DATA (WS FORM: F-6) , PAGE 2
STATION: BURLEY ID
MONTH: JUNE
YEAR: 2020
LATITUDE: 42 32 N
LONGITUDE: 113 46 W
[TEMPERATURE DATA] [PRECIPITATION DATA] SYMBOLS USED IN COLUMN 16
AVERAGE MONTHLY: 63.1 TOTAL FOR MONTH: 1.69 1 = FOG OR MIST
DPTR FM NORMAL: 1.0 DPTR FM NORMAL: 0.82 2 = FOG REDUCING VISIBILITY
HIGHEST: 95 ON 5 GRTST 24HR 0.57 ON 28-28 TO 1/4 MILE OR LESS
LOWEST: 40 ON 9, 8 3 = THUNDER
SNOW, ICE PELLETS, HAIL 4 = ICE PELLETS
TOTAL MONTH: M 5 = HAIL
GRTST 24HR M ON M 6 = FREEZING RAIN OR DRIZZLE
GRTST DEPTH: M ON M 7 = DUSTSTORM OR SANDSTORM:
VSBY 1/2 MILE OR LESS
8 = SMOKE OR HAZE
[NO. OF DAYS WITH] [WEATHER - DAYS WITH] 9 = BLOWING SNOW
X = TORNADO
MAX 32 OR BELOW: 0 0.01 INCH OR MORE: 9
MAX 90 OR ABOVE: 4 0.10 INCH OR MORE: 4
MIN 32 OR BELOW: 0 0.50 INCH OR MORE: 1
MIN 0 OR BELOW: 0 1.00 INCH OR MORE: 0
[HDD (BASE 65) ]
TOTAL THIS MO. 129 CLEAR (SCALE 0-3) 22
DPTR FM NORMAL -5 PTCLDY (SCALE 4-7) 7
TOTAL FM JUL 1 6325 CLOUDY (SCALE 8-10) 1
DPTR FM NORMAL -540
[CDD (BASE 65) ]
TOTAL THIS MO. 80
DPTR FM NORMAL 33 [PRESSURE DATA]
TOTAL FM JAN 1 109 HIGHEST SLP 30.20 ON 9
DPTR FM NORMAL 56 LOWEST SLP 29.39 ON 5
[REMARKS]
5TH: HIGH OF 95 TIES OLD RECORD SET IN 1977.
28TH: RAINFALL OF 0.57 INCHES BREAKS OLD RECORD OF 0.43 SET IN 1927.
#FINAL-06-20#