000
CXUS55 KPIH 011118
CF6BYI
PRELIMINARY LOCAL CLIMATOLOGICAL DATA (WS FORM: F-6)
STATION: BURLEY
MONTH: SEPTEMBER
YEAR: 2023
LATITUDE: 42 32 N
LONGITUDE: 113 46 W
TEMPERATURE IN F: :PCPN: SNOW: WIND :SUNSHINE: SKY :PK WND
================================================================================
1 2 3 4 5 6A 6B 7 8 9 10 11 12 13 14 15 16 17 18
12Z AVG MX 2MIN
DY MAX MIN AVG DEP HDD CDD WTR SNW DPTH SPD SPD DIR MIN PSBL S-S WX SPD DR
================================================================================
1 82 47 65 -1 0 0 0.13 M M 5.7 26 190 M M 1 13 38 190
2 81 60 71 6 0 6 T M M 5.2 24 250 M M 3 34 250
3 64 55 60 -5 5 0 M M M 4.7 17 260 M M 7 13 26 270
4 69 51 60 -5 5 0 T M M 13.2 25 260 M M 7 41 270
5 76 45 61 -3 4 0 0.01 M M 4.8 28 260 M M 2 3 41 260
6 79 46 63 -1 2 0 M M M 6.9 28 230 M M 2 3 39 230
7 84 49 67 3 0 2 0.00 M M 4.0 10 200 M M 1 16 210
8 81 50 66 3 0 1 0.00 M M 3.6 10 260 M M 0 15 290
9 84 46 65 2 0 0 0.00 M M 2.3 9 40 M M 0 12 30
10 85 49 67 4 0 2 0.00 M M 4.1 14 200 M M 0 17 200
11 85 48 67 5 0 2 0.00 M M 4.5 12 70 M M 0 15 50
12 82 50 66 4 0 1 T M M 5.2 20 250 M M 0 26 260
13 75 55 65 3 0 0 T M M 9.8 17 260 M M 2 28 290
14 76 46 61 -1 4 0 0.00 M M 2.4 9 210 M M 0 14 210
15 81 43 62 1 3 0 0.00 M M 3.2 9 70 M M 0 13 80
16 84 42 63 2 2 0 0.00 M M 3.3 10 210 M M 0 16 50
17 85 47 66 6 0 1 0.00 M M 5.0 10 210 M M 0 13 280
18 82 46 64 4 1 0 0.00 M M 5.6 16 240 M M 0 23 250
19 75 50 63 3 2 0 T M M 6.9 14 270 M M 2 21 260
20 73 40 57 -2 8 0 0.03 M M 5.0 21 220 M M 2 3 28 280
21 60 43 52 -7 13 0 M M M 9.1 18 250 M M 3 24 240
22 58 43 51 -8 14 0 M M M 9.4 23 200 M M 6 1 31 200
23 68 36 52 -6 13 0 0.00 M M 5.4 13 50 M M 0 18 70
24 75 41 58 0 7 0 0.00 M M 6.1 15 70 M M 0 20 190
25 82 46 64 6 1 0 0.00 M M 7.3 17 210 M M 0 23 210
26 78 48 63 6 2 0 0.00 M M 6.0 15 240 M M 0 23 290
27 70 41 56 -1 9 0 0.00 M M 5.4 16 250 M M 0 27 270
28 65 42 54 -2 11 0 0.00 M M 5.8 12 250 M M 0 18 280
29 71 37 54 -2 11 0 0.00 M M 6.1 15 60 M M 1 20 60
30 63 44 54 -2 11 0 T M M 6.3 12 210 M M 2 20 280
================================================================================
SM 2273 1386 128 15 0.17 M 172.3 M 41
================================================================================
AV 75.8 46.2 5.7 FASTST M M 1 MAX(MPH)
MISC ----> # 28 260 # 41 270
================================================================================
NOTES:
# LAST OF SEVERAL OCCURRENCES
3RD: PRECIPITATION SET TO MISSING DUE TO TIPPING BUCKET FAILURE.
6TH: PRECIPITATION SET TO MISSING DUE TO TIPPING BUCKET FAILURE.
21ST: PRESENT WEATHER SENSOR AND TIPPING BUCKET ALGORITHM ERROR.
22ND: TIPPING BUCKET BATTERY MALFUNCTION.
COLUMN 17 PEAK WIND IN M.P.H.
PRELIMINARY LOCAL CLIMATOLOGICAL DATA (WS FORM: F-6) , PAGE 2
STATION: BURLEY
MONTH: SEPTEMBER
YEAR: 2023
LATITUDE: 42 32 N
LONGITUDE: 113 46 W
[TEMPERATURE DATA] [PRECIPITATION DATA] SYMBOLS USED IN COLUMN 16
AVERAGE MONTHLY: 61.0 TOTAL FOR MONTH: 0.17 1 = FOG OR MIST
DPTR FM NORMAL: 0.2 DPTR FM NORMAL: -0.49 2 = FOG REDUCING VISIBILITY
HIGHEST: 85 ON 17,11 GRTST 24HR 0.15 ON 3- 4 TO 1/4 MILE OR LESS
LOWEST: 36 ON 23 3 = THUNDER
SNOW, ICE PELLETS, HAIL 4 = ICE PELLETS
TOTAL MONTH: M 5 = HAIL
GRTST 24HR M ON M 6 = FREEZING RAIN OR DRIZZLE
GRTST DEPTH: M ON M 7 = DUSTSTORM OR SANDSTORM:
VSBY 1/2 MILE OR LESS
8 = SMOKE OR HAZE
[NO. OF DAYS WITH] [WEATHER - DAYS WITH] 9 = BLOWING SNOW
X = TORNADO
MAX 32 OR BELOW: 0 0.01 INCH OR MORE: 3
MAX 90 OR ABOVE: 0 0.10 INCH OR MORE: 1
MIN 32 OR BELOW: 0 0.50 INCH OR MORE: 0
MIN 0 OR BELOW: 0 1.00 INCH OR MORE: 0
[HDD (BASE 65) ]
TOTAL THIS MO. 128 CLEAR (SCALE 0-3) 26
DPTR FM NORMAL -32 PTCLDY (SCALE 4-7) 4
TOTAL FM JUL 1 134 CLOUDY (SCALE 8-10) 0
DPTR FM NORMAL -56
[CDD (BASE 65) ]
TOTAL THIS MO. 15
DPTR FM NORMAL -19 [PRESSURE DATA]
TOTAL FM JAN 1 472 HIGHEST SLP 30.17 ON 15
DPTR FM NORMAL -19 LOWEST SLP 29.59 ON 29
[REMARKS]
#FINAL-09-23#