000
CXUS51 KCLE 010800
CF6CAK
PRELIMINARY LOCAL CLIMATOLOGICAL DATA (WS FORM: F-6)
STATION: AKRON CANTON OH
MONTH: OCTOBER
YEAR: 2022
LATITUDE: 40 55 N
LONGITUDE: 81 26 W
TEMPERATURE IN F: :PCPN: SNOW: WIND :SUNSHINE: SKY :PK WND
================================================================================
1 2 3 4 5 6A 6B 7 8 9 10 11 12 13 14 15 16 17 18
12Z AVG MX 2MIN
DY MAX MIN AVG DEP HDD CDD WTR SNW DPTH SPD SPD DIR MIN PSBL S-S WX SPD DR
================================================================================
1 65 51 58 -2 7 0 T 0.0 0 13.4 24 20 M M 9 31 20
2 66 47 57 -2 8 0 0.00 0.0 0 14.9 24 30 M M 5 31 30
3 66 41 54 -5 11 0 0.00 0.0 0 8.9 14 50 M M 2 18 30
4 69 39 54 -4 11 0 0.00 0.0 0 7.6 15 360 M M 6 21 20
5 75 41 58 0 7 0 0.00 0.0 0 4.0 10 320 M M 1 18 14 340
6 73 50 62 4 3 0 T 0.0 0 5.8 14 220 M M 7 19 220
7 60 45 53 -4 12 0 0.07 0.0 0 9.7 16 330 M M 10 1 22 350
8 56 37 47 -10 18 0 T 0.0 0 8.0 17 300 M M 4 1 22 300
9 63 35 49 -7 16 0 0.00 0.0 0 8.3 20 240 M M 2 26 250
10 70 43 57 1 8 0 0.00 0.0 0 5.8 13 230 M M 3 17 250
11 73 48 61 5 4 0 0.00 0.0 0 8.9 18 220 M M 2 23 220
12 73 52 63 8 2 0 0.57 0.0 0 13.3 23 180 M M 9 1 29 190
13 62 49 56 1 9 0 0.82 0.0 0 11.8 24 220 M M 8 1 32 220
14 62 40 51 -3 14 0 0.00 0.0 0 11.5 25 210 M M 4 37 230
15 58 45 52 -2 13 0 T 0.0 0 11.6 26 280 M M 5 34 260
16 66 42 54 0 11 0 0.02 0.0 0 9.8 21 220 M M 7 26 220
17 51 38 45 -8 20 0 T T 0 15.4 26 260 M M 9 39 240
18 43 35 39 -14 26 0 0.14 0.4 0 14.0 24 250 M M 10 1 33 270
19 45 35 40 -12 25 0 0.14 0.5 0 13.0 23 260 M M 9 1 29 250
20 51 33 42 -10 23 0 0.00 0.0 0 11.6 26 220 M M 8 39 210
21 67 37 52 0 13 0 0.00 0.0 0 12.2 26 210 M M 2 33 220
22 74 45 60 9 5 0 0.00 0.0 0 9.6 17 180 M M 2 23 170
23 76 50 63 12 2 0 0.00 0.0 0 6.3 14 120 M M 2 19 190
24 76 49 63 12 2 0 0.00 0.0 0 6.2 13 150 M M 3 15 150
25 75 50 63 13 2 0 0.00 0.0 0 8.5 16 170 M M 5 19 160
26 64 45 55 5 10 0 0.57 0.0 0 12.0 23 250 M M 10 18 30 250
27 57 39 48 -2 17 0 0.00 0.0 0 7.9 15 50 M M 6 20 40
28 59 35 47 -2 18 0 0.00 0.0 0 7.6 13 80 M M 4 15 80
29 66 37 52 3 13 0 0.00 0.0 0 5.0 10 140 M M 1 13 120
30 63 43 53 5 12 0 0.05 0.0 0 6.6 13 200 M M 6 17 200
31 68 55 62 14 3 0 T 0.0 0 7.8 17 210 M M 10 1 23 270
================================================================================
SM 1992 1331 345 0 2.38 0.9 297.0 M 171
================================================================================
AV 64.3 42.9 9.6 FASTST M M 6 MAX(MPH)
MISC ----> # 26 280 # 39 240
================================================================================
NOTES:
# LAST OF SEVERAL OCCURRENCES
COLUMN 17 PEAK WIND IN M.P.H.
PRELIMINARY LOCAL CLIMATOLOGICAL DATA (WS FORM: F-6) , PAGE 2
STATION: AKRON CANTON OH
MONTH: OCTOBER
YEAR: 2022
LATITUDE: 40 55 N
LONGITUDE: 81 26 W
[TEMPERATURE DATA] [PRECIPITATION DATA] SYMBOLS USED IN COLUMN 16
AVERAGE MONTHLY: 53.6 TOTAL FOR MONTH: 2.38 1 = FOG OR MIST
DPTR FM NORMAL: -0.1 DPTR FM NORMAL: -0.96 2 = FOG REDUCING VISIBILITY
HIGHEST: 76 ON 24,23 GRTST 24HR 1.38 ON 12-13 TO 1/4 MILE OR LESS
LOWEST: 33 ON 20 3 = THUNDER
SNOW, ICE PELLETS, HAIL 4 = ICE PELLETS
TOTAL MONTH: 0.9 INCH 5 = HAIL
GRTST 24HR 0.5 ON 19-19 6 = FREEZING RAIN OR DRIZZLE
GRTST DEPTH: 0 7 = DUSTSTORM OR SANDSTORM:
VSBY 1/2 MILE OR LESS
8 = SMOKE OR HAZE
[NO. OF DAYS WITH] [WEATHER - DAYS WITH] 9 = BLOWING SNOW
X = TORNADO
MAX 32 OR BELOW: 0 0.01 INCH OR MORE: 8
MAX 90 OR ABOVE: 0 0.10 INCH OR MORE: 5
MIN 32 OR BELOW: 0 0.50 INCH OR MORE: 3
MIN 0 OR BELOW: 0 1.00 INCH OR MORE: 0
[HDD (BASE 65) ]
TOTAL THIS MO. 345 CLEAR (SCALE 0-3) 10
DPTR FM NORMAL -19 PTCLDY (SCALE 4-7) 12
TOTAL FM JUL 1 426 CLOUDY (SCALE 8-10) 9
DPTR FM NORMAL -31
[CDD (BASE 65) ]
TOTAL THIS MO. 0
DPTR FM NORMAL -13 [PRESSURE DATA]
TOTAL FM JAN 1 1076 HIGHEST SLP 30.48 ON 28
DPTR FM NORMAL 207 LOWEST SLP 29.61 ON 13
[REMARKS]
#FINAL-10-22#