000
CXUS55 KBOU 010900
CF6CCU
PRELIMINARY LOCAL CLIMATOLOGICAL DATA (WS FORM: F-6)
STATION: COPPER MTN/RED CLIFF
MONTH: JUNE
YEAR: 2021
LATITUDE: 39 28 N
LONGITUDE: 106 9 W
TEMPERATURE IN F: :PCPN: SNOW: WIND :SUNSHINE: SKY :PK WND
================================================================================
1 2 3 4 5 6A 6B 7 8 9 10 11 12 13 14 15 16 17 18
12Z AVG MX 2MIN
DY MAX MIN AVG DEP HDD CDD WTR SNW DPTH SPD SPD DIR MIN PSBL S-S WX SPD DR
================================================================================
1 45 36 41 M 24 0 0.00 M M 10.2 21 290 M M 5 37 280
2 54 39 47 M 18 0 0.00 M M 10.0 22 290 M M 6 31 280
3 61 45 53 M 12 0 0.00 M M 5.1 10 60 M M 3 29 60
4 64 46 55 M 10 0 0.00 M M 6.6 14 300 M M 0 23 310
5 64 45 55 M 10 0 0.38 M M 7.1 20 290 M M 4 30 290
6 61 46 54 M 11 0 0.00 M M 9.0 20 260 M M 3 27 290
7 63 52 58 M 7 0 0.00 M M 11.2 21 170 M M 3 30 210
8 66 48 57 M 8 0 0.00 M M 13.2 24 140 M M 0 33 160
9 72 46 59 M 6 0 0.00 M M 11.7 23 110 M M 1 33 120
10 68 52 60 M 5 0 0.00 M M 16.8 23 240 M M 1 44 200
11 64 46 55 M 10 0 0.00 M M 9.5 18 250 M M 0 25 220
12 70 52 61 M 4 0 0.00 M M 8.3 17 300 M M 1 24 190
13 73 55 64 M 1 0 0.00 M M 8.3 17 250 M M 1 24 130
14 73 59 66 M 0 1 0.00 M M 8.5 17 300 M M 0 25 300
15 73 59 66 M 0 1 0.00 M M 9.4 25 310 M M 0 32 300
16 73 61 67 M 0 2 0.00 M M 7.2 15 300 M M 3 28 300
17 73 59 66 M 0 1 0.00 M M 9.9 20 170 M M 4 30 150
18 68 46 57 M 8 0 0.04 M M 11.1 31 170 M M 5 35 170
19 64 46 55 M 10 0 0.03 M M 12.1 29 270 M M 4 37 270
20 66 52 59 M 6 0 0.00 M M 16.7 36 260 M M 6 46 260
21 64 45 55 M 10 0 0.00 M M 12.9 22 290 M M 0 33 290
22 70 54 62 M 3 0 0.00 M M 17.3 29 260 M M 4 35 280
23 63 45 54 M 11 0 0.05 M M 8.9 16 280 M M 5 23 280
24 59 41 50 M 15 0 0.43 M M 7.6 16 290 M M 8 12 25 290
25 55 37 46 M 19 0 0.41 M M 9.1 26 300 M M 7 2 37 300
26 50 37 44 M 21 0 0.61 M M 4.0 14 270 M M 9 12 24 300
27 54 37 46 M 19 0 0.18 M M 4.1 21 290 M M 9 12 30 290
28 59 37 48 M 17 0 0.00 M M 6.9 14 160 M M 8 1 16 340
29 57 41 49 M 16 0 0.04 M M 6.8 15 150 M M 8 20 130
30 61 45 53 M 12 0 0.36 M M 3.5 12 290 M M 7 M M
================================================================================
SM 1907 1409 293 5 2.53 M 283.1 M 115
================================================================================
AV 63.6 47.0 9.4 FASTST M M 4 MAX(MPH)
MISC ----> 36 260 46 260
================================================================================
NOTES:
# LAST OF SEVERAL OCCURRENCES
COLUMN 17 PEAK WIND IN M.P.H.
PRELIMINARY LOCAL CLIMATOLOGICAL DATA (WS FORM: F-6) , PAGE 2
STATION: COPPER MTN/RED CLIFF
MONTH: JUNE
YEAR: 2021
LATITUDE: 39 28 N
LONGITUDE: 106 9 W
[TEMPERATURE DATA] [PRECIPITATION DATA] SYMBOLS USED IN COLUMN 16
AVERAGE MONTHLY: 55.3 TOTAL FOR MONTH: 2.53 1 = FOG OR MIST
DPTR FM NORMAL: 0.0 DPTR FM NORMAL: M 2 = FOG REDUCING VISIBILITY
HIGHEST: 73 ON 17,16 GRTST 24HR 0.61 ON 26-26 TO 1/4 MILE OR LESS
LOWEST: 36 ON 1 3 = THUNDER
SNOW, ICE PELLETS, HAIL 4 = ICE PELLETS
TOTAL MONTH: M 5 = HAIL
GRTST 24HR M ON M 6 = FREEZING RAIN OR DRIZZLE
GRTST DEPTH: M ON M 7 = DUSTSTORM OR SANDSTORM:
VSBY 1/2 MILE OR LESS
8 = SMOKE OR HAZE
[NO. OF DAYS WITH] [WEATHER - DAYS WITH] 9 = BLOWING SNOW
X = TORNADO
MAX 32 OR BELOW: 0 0.01 INCH OR MORE: 10
MAX 90 OR ABOVE: 0 0.10 INCH OR MORE: 6
MIN 32 OR BELOW: 0 0.50 INCH OR MORE: 1
MIN 0 OR BELOW: 0 1.00 INCH OR MORE: 0
[HDD (BASE 65) ]
TOTAL THIS MO. 293 CLEAR (SCALE 0-3) 13
DPTR FM NORMAL M PTCLDY (SCALE 4-7) 14
TOTAL FM JUL 1 10080 CLOUDY (SCALE 8-10) 3
DPTR FM NORMAL M
[CDD (BASE 65) ]
TOTAL THIS MO. 5
DPTR FM NORMAL M [PRESSURE DATA]
TOTAL FM JAN 1 5 HIGHEST SLP M ON M
DPTR FM NORMAL M LOWEST SLP M ON M
[REMARKS]
#FINAL-06-21#