000
CXUS55 KBOU 200055
CF6CCU
PRELIMINARY LOCAL CLIMATOLOGICAL DATA (WS FORM: F-6)
STATION: COPPER MTN/RED CLIFF
MONTH: OCTOBER
YEAR: 2020
LATITUDE: 39 28 N
LONGITUDE: 106 9 W
TEMPERATURE IN F: :PCPN: SNOW: WIND :SUNSHINE: SKY :PK WND
================================================================================
1 2 3 4 5 6A 6B 7 8 9 10 11 12 13 14 15 16 17 18
12Z AVG MX 2MIN
DY MAX MIN AVG DEP HDD CDD WTR SNW DPTH SPD SPD DIR MIN PSBL S-S WX SPD DR
================================================================================
1 57 39 48 M 17 0 0.00 M M 13.9 21 280 M M 0 38 260
2 54 37 46 M 19 0 0.00 M M 34.9 43 310 M M 2 51 310
3 54 37 46 M 19 0 0.00 M M 9.5 15 280 M M 0 24 300
4 59 37 48 M 17 0 0.00 M M 10.4 23 280 M M 0 43 280
5 55 41 48 M 17 0 0.00 M M 16.7 21 270 M M 0 36 M
6 61 41 51 M 14 0 0.00 M M 9.2 25 300 M M 0 40 270
7 68 46 57 M 8 0 0.00 M M 7.6 18 220 M M 0 23 270
8 61 45 53 M 12 0 0.00 M M 9.7 20 260 M M 0 23 290
9 61 41 51 M 14 0 0.00 M M 9.0 16 250 M M 3 23 250
10 61 45 53 M 12 0 0.00 M M 9.5 21 240 M M 2 33 240
11 45 25 35 M 30 0 0.00 M M 19.1 M M M M 5 39 250
12 45 25 35 M 30 0 0.03 M M 17.8 20 270 M M 0 28 260
13 54 34 44 M 21 0 0.00 M M 31.7 M M M M 0 M M
14 54 32 43 M 22 0 0.00 M M 32.4 53 260 M M 2 68 260
15 37 27 32 M 33 0 0.00 M M 42.0 M M M M 1 8 M M
16 45 25 35 M 30 0 0.00 M M M M M M M 2 8 M M
17 45 30 38 M 27 0 0.02 M M 8.9 M M M M 5 27 M
18 52 34 43 M 22 0 0.02 M M M M M M M 3 8 M M
19 46 34 40 M 25 0 0.00 M M 31.6 M M M M 0 M M
20 54 34 44 M 21 0 0.00 M M 13.2 M M M M 0 45 270
21 54 37 46 M 19 0 0.03 M M 19.7 25 240 M M 0 33 240
22 52 34 43 M 22 0 0.00 M M 22.5 33 250 M M 1 49 250
23 45 30 38 M 27 0 0.00 M M 16.4 25 M M M 0 38 270
24 46 36 41 M 24 0 0.00 M M M M M M M 2 M M
25 37 14 26 M 39 0 0.00 M M M M M M M 9 M M
26 25 12 19 M 46 0 0.00 M M M M M M M 7 M M
27 36 14 25 M 40 0 0.28 M M 1.7 5 M M M 0 M M
28 37 25 31 M 34 0 0.02 M M 10.1 15 360 M M 1 M M
29 41 27 34 M 31 0 0.00 M M 6.7 M M M M 0 M M
30 43 30 37 M 28 0 0.00 M M 5.1 21 M M M 0 M M
31 37 28 33 M 32 0 0.00 M M 7.5 22 M M M 0 26 250
================================================================================
SM 1521 996 752 0 0.40 M 416.8 M 45
================================================================================
AV 49.1 32.1 16.0 FASTST M M 1 MAX(MPH)
MISC ----> 53 260 68 260
================================================================================
NOTES:
# LAST OF SEVERAL OCCURRENCES
COLUMN 17 PEAK WIND IN M.P.H.
PRELIMINARY LOCAL CLIMATOLOGICAL DATA (WS FORM: F-6) , PAGE 2
STATION: COPPER MTN/RED CLIFF
MONTH: OCTOBER
YEAR: 2020
LATITUDE: 39 28 N
LONGITUDE: 106 9 W
[TEMPERATURE DATA] [PRECIPITATION DATA] SYMBOLS USED IN COLUMN 16
AVERAGE MONTHLY: 40.6 TOTAL FOR MONTH: 0.40 1 = FOG OR MIST
DPTR FM NORMAL: 0.0 DPTR FM NORMAL: M 2 = FOG REDUCING VISIBILITY
HIGHEST: 68 ON 7 GRTST 24HR 0.28 ON 27-27 TO 1/4 MILE OR LESS
LOWEST: 12 ON 26 3 = THUNDER
SNOW, ICE PELLETS, HAIL 4 = ICE PELLETS
TOTAL MONTH: M 5 = HAIL
GRTST 24HR M ON M 6 = FREEZING RAIN OR DRIZZLE
GRTST DEPTH: M ON M 7 = DUSTSTORM OR SANDSTORM:
VSBY 1/2 MILE OR LESS
8 = SMOKE OR HAZE
[NO. OF DAYS WITH] [WEATHER - DAYS WITH] 9 = BLOWING SNOW
X = TORNADO
MAX 32 OR BELOW: 1 0.01 INCH OR MORE: 6
MAX 90 OR ABOVE: 0 0.10 INCH OR MORE: 1
MIN 32 OR BELOW: 14 0.50 INCH OR MORE: 0
MIN 0 OR BELOW: 0 1.00 INCH OR MORE: 0
[HDD (BASE 65) ]
TOTAL THIS MO. 752 CLEAR (SCALE 0-3) 27
DPTR FM NORMAL M PTCLDY (SCALE 4-7) 3
TOTAL FM JUL 1 1586 CLOUDY (SCALE 8-10) 1
DPTR FM NORMAL M
[CDD (BASE 65) ]
TOTAL THIS MO. 0
DPTR FM NORMAL M [PRESSURE DATA]
TOTAL FM JAN 1 3 HIGHEST SLP M ON M
DPTR FM NORMAL M LOWEST SLP M ON M
[REMARKS]
#FINAL-10-20#