542
CXAK56 PAFC 011004
CF6CDB
PRELIMINARY LOCAL CLIMATOLOGICAL DATA (WS FORM: F-6)
STATION: COLD BAY
MONTH: FEBRUARY
YEAR: 2021
LATITUDE: 55 13 N
LONGITUDE: 162 44 W
TEMPERATURE IN F: :PCPN: SNOW: WIND :SUNSHINE: SKY :PK WND
================================================================================
1 2 3 4 5 6A 6B 7 8 9 10 11 12 13 14 15 16 17 18
12Z AVG MX 2MIN
DY MAX MIN AVG DEP HDD CDD WTR SNW DPTH SPD SPD DIR MIN PSBL S-S WX SPD DR
================================================================================
1 41 36 39 11 26 0 0.99 M M 30.5 51 150 M M 10 1 59 140
2 39 28 34 6 31 0 0.02 M M 11.9 25 250 M M 8 1 32 250
3 38 25 32 4 33 0 T M M 7.8 24 140 M M 3 28 140
4 38 34 36 8 29 0 0.18 M M 26.8 43 160 M M 8 1 52 160
5 39 29 34 6 31 0 0.00 M M 12.8 21 140 M M 1 26 150
6 40 34 37 9 28 0 T M M 28.4 48 140 M M 5 60 130
7 42 36 39 10 26 0 T M M 25.1 36 130 M M 5 44 120
8 42 33 38 9 27 0 0.00 M M 8.4 18 160 M M 8 8 23 160
9 41 34 38 9 27 0 0.07 M M 19.1 36 130 M M 8 1 43 140
10 40 36 38 9 27 0 0.03 M M 27.1 45 90 M M 9 1 58 90
11 41 33 37 8 28 0 0.42 M M 19.9 39 90 M M 10 18 59 90
12 42 37 40 11 25 0 0.08 M M 24.0 36 120 M M 10 45 120
13 41 37 39 10 26 0 0.02 M M 32.2 58 90 M M 10 74 90
14 42 35 39 10 26 0 0.12 M M 18.6 32 160 M M 7 1 39 140
15 41 34 38 9 27 0 0.12 M M 19.8 30 140 M M 8 1 38 150
16 42 33 38 9 27 0 0.27 M M 16.0 26 150 M M 9 18 34 160
17 40 28 34 5 31 0 0.03 M M 10.1 17 150 M M 7 1 20 150
18 35 28 32 3 33 0 0.04 M M 14.0 22 320 M M 10 1 26 310
19 35 27 31 2 34 0 0.30 M M 16.6 35 120 M M 9 1 45 130
20 36 31 34 5 31 0 0.03 M M 7.9 23 270 M M 10 1 27 260
21 35 23 29 0 36 0 0.07 M M 13.0 29 300 M M 8 1 34 310
22 40 26 33 4 32 0 0.01 M M 20.6 37 160 M M 8 18 46 160
23 41 36 39 9 26 0 0.05 M M 25.6 38 140 M M 9 18 47 150
24 48 33 41 11 24 0 T M M 18.0 37 260 M M 5 44 210
25 50 37 44 14 21 0 0.06 M M 16.7 43 220 M M 7 1 50 220
26 44 36 40 10 25 0 0.01 M M 21.7 48 150 M M 8 18 59 150
27 37 28 33 3 32 0 0.10 M M 22.7 37 300 M M 10 18 44 310
28 41 28 35 5 30 0 0.16 M M 23.0 47 150 M M 9 1 59 160
================================================================================
SM 1131 895 799 0 3.18 M 538.3 M 219
================================================================================
AV 40.4 32.0 19.2 FASTST M M 8 MAX(MPH)
MISC ----> 58 90 74 90
================================================================================
NOTES:
# LAST OF SEVERAL OCCURRENCES
COLUMN 17 PEAK WIND IN M.P.H.
PRELIMINARY LOCAL CLIMATOLOGICAL DATA (WS FORM: F-6) , PAGE 2
STATION: COLD BAY
MONTH: FEBRUARY
YEAR: 2021
LATITUDE: 55 13 N
LONGITUDE: 162 44 W
[TEMPERATURE DATA] [PRECIPITATION DATA] SYMBOLS USED IN COLUMN 16
AVERAGE MONTHLY: 36.2 TOTAL FOR MONTH: 3.18 1 = FOG OR MIST
DPTR FM NORMAL: 7.2 DPTR FM NORMAL: 0.20 2 = FOG REDUCING VISIBILITY
HIGHEST: 50 ON 25 GRTST 24HR 1.00 ON 1- 2 TO 1/4 MILE OR LESS
LOWEST: 23 ON 21 3 = THUNDER
SNOW, ICE PELLETS, HAIL 4 = ICE PELLETS
TOTAL MONTH: M 5 = HAIL
GRTST 24HR M ON M 6 = FREEZING RAIN OR DRIZZLE
GRTST DEPTH: M ON M 7 = DUSTSTORM OR SANDSTORM:
VSBY 1/2 MILE OR LESS
8 = SMOKE OR HAZE
[NO. OF DAYS WITH] [WEATHER - DAYS WITH] 9 = BLOWING SNOW
X = TORNADO
MAX 32 OR BELOW: 0 0.01 INCH OR MORE: 22
MAX 90 OR ABOVE: 0 0.10 INCH OR MORE: 9
MIN 32 OR BELOW: 11 0.50 INCH OR MORE: 1
MIN 0 OR BELOW: 0 1.00 INCH OR MORE: 0
[HDD (BASE 65) ]
TOTAL THIS MO. 799 CLEAR (SCALE 0-3) 1
DPTR FM NORMAL -209 PTCLDY (SCALE 4-7) 12
TOTAL FM JUL 1 5761 CLOUDY (SCALE 8-10) 15
DPTR FM NORMAL -457
[CDD (BASE 65) ]
TOTAL THIS MO. 0
DPTR FM NORMAL 0 [PRESSURE DATA]
TOTAL FM JAN 1 0 HIGHEST SLP M ON M
DPTR FM NORMAL 0 LOWEST SLP 28.76 ON 13
[REMARKS]
#FINAL-02-21#