000
CXUS56 KSLC 010810
CF6CDC
PRELIMINARY LOCAL CLIMATOLOGICAL DATA (WS FORM: F-6)
STATION: CEDAR CITY UT
MONTH: AUGUST
YEAR: 2023
LATITUDE: 37 42 N
LONGITUDE: 113 6 W
TEMPERATURE IN F: :PCPN: SNOW: WIND :SUNSHINE: SKY :PK WND
================================================================================
1 2 3 4 5 6A 6B 7 8 9 10 11 12 13 14 15 16 17 18
12Z AVG MX 2MIN
DY MAX MIN AVG DEP HDD CDD WTR SNW DPTH SPD SPD DIR MIN PSBL S-S WX SPD DR
================================================================================
1 80 61 71 -3 0 6 0.06 M M 9.3 21 200 M M 5 1 29 240
2 76 58 67 -7 0 2 0.57 M M 7.8 23 300 M M 3 13 33 300
3 87 53 70 -4 0 5 0.00 M M 9.2 23 230 M M 1 3 32 210
4 89 52 71 -3 0 6 0.00 M M 7.7 20 230 M M 0 29 250
5 91 54 73 -1 0 8 0.00 M M 7.6 20 210 M M 0 28 200
6 92 54 73 -1 0 8 0.00 M M 8.8 23 200 M M 0 34 190
7 91 57 74 0 0 9 0.00 M M 10.9 24 210 M M 0 33 200
8 89 60 75 1 0 10 0.00 M M 9.8 20 250 M M 0 30 200
9 88 52 70 -4 0 5 0.00 M M 8.3 22 230 M M 1 29 250
10 84 63 74 1 0 9 T M M 11.0 33 190 M M 3 3 45 200
11 87 57 72 -1 0 7 0.00 M M 7.6 21 210 M M 1 3 29 240
12 87 59 73 0 0 8 T M M 6.1 24 130 M M 3 3 31 140
13 85 59 72 -1 0 7 T M M 4.1 23 50 M M 1 30 50
14 88 56 72 -1 0 7 0.09 M M 5.9 33 180 M M 2 3 49 190
15 83 60 72 0 0 7 0.01 M M 3.6 17 120 M M 6 3 23 120
16 89 54 72 0 0 7 0.01 M M 5.2 20 120 M M 1 13 27 120
17 91 60 76 4 0 11 0.35 M M 5.9 40 80 M M 3 3 52 90
18 84 61 73 1 0 8 0.00 M M 11.6 26 130 M M 2 3 35 120
19 82 57 70 -2 0 5 0.07 M M 8.3 30 200 M M 4 3 40 200
20 74 59 67 -5 0 2 0.07 M M 4.1 31 170 M M 7 41 160
21 79 58 69 -2 0 4 0.03 M M 13.8 31 170 M M 5 42 180
22 75 58 67 -4 0 2 0.19 M M 4.4 15 210 M M 6 13 22 210
23 86 55 71 0 0 6 0.00 M M 6.2 29 220 M M 1 39 220
24 84 56 70 0 0 5 T M M 5.9 22 240 M M 1 3 27 240
25 88 56 72 2 0 7 0.00 M M 4.6 18 130 M M 1 23 130
26 90 63 77 7 0 12 0.00 M M 7.6 23 210 M M 1 36 220
27 91 55 73 3 0 8 0.00 M M 6.7 16 200 M M 1 24 230
28 93 55 74 4 0 9 0.00 M M 5.3 14 210 M M 0 20 220
29 96 55 76 7 0 11 0.00 M M 8.9 24 210 M M 0 8 34 220
30 94 54 74 5 0 9 0.00 M M 9.4 22 230 M M 0 33 230
31 93 58 76 7 0 11 0.08 M M 13.2 47 180 M M 2 3 63 190
================================================================================
SM 2686 1769 0 221 1.53 M 238.8 M 61
================================================================================
AV 86.6 57.1 7.7 FASTST M M 2 MAX(MPH)
MISC ----> 47 180 63 190
================================================================================
NOTES:
# LAST OF SEVERAL OCCURRENCES
COLUMN 17 PEAK WIND IN M.P.H.
PRELIMINARY LOCAL CLIMATOLOGICAL DATA (WS FORM: F-6) , PAGE 2
STATION: CEDAR CITY UT
MONTH: AUGUST
YEAR: 2023
LATITUDE: 37 42 N
LONGITUDE: 113 6 W
[TEMPERATURE DATA] [PRECIPITATION DATA] SYMBOLS USED IN COLUMN 16
AVERAGE MONTHLY: 71.9 TOTAL FOR MONTH: 1.53 1 = FOG OR MIST
DPTR FM NORMAL: -0.2 DPTR FM NORMAL: 0.67 2 = FOG REDUCING VISIBILITY
HIGHEST: 96 ON 29 GRTST 24HR 0.57 ON 2- 2 TO 1/4 MILE OR LESS
LOWEST: 52 ON 9, 4 3 = THUNDER
SNOW, ICE PELLETS, HAIL 4 = ICE PELLETS
TOTAL MONTH: M 5 = HAIL
GRTST 24HR M ON M 6 = FREEZING RAIN OR DRIZZLE
GRTST DEPTH: M ON M 7 = DUSTSTORM OR SANDSTORM:
VSBY 1/2 MILE OR LESS
8 = SMOKE OR HAZE
[NO. OF DAYS WITH] [WEATHER - DAYS WITH] 9 = BLOWING SNOW
X = TORNADO
MAX 32 OR BELOW: 0 0.01 INCH OR MORE: 11
MAX 90 OR ABOVE: 10 0.10 INCH OR MORE: 3
MIN 32 OR BELOW: 0 0.50 INCH OR MORE: 1
MIN 0 OR BELOW: 0 1.00 INCH OR MORE: 0
[HDD (BASE 65) ]
TOTAL THIS MO. 0 CLEAR (SCALE 0-3) 25
DPTR FM NORMAL -4 PTCLDY (SCALE 4-7) 6
TOTAL FM JUL 1 0 CLOUDY (SCALE 8-10) 0
DPTR FM NORMAL -3
[CDD (BASE 65) ]
TOTAL THIS MO. 221
DPTR FM NORMAL -2 [PRESSURE DATA]
TOTAL FM JAN 1 641 HIGHEST SLP M ON M
DPTR FM NORMAL 13 LOWEST SLP 29.70 ON 31
[REMARKS]
#FINAL-08-23#