000
CXUS53 KEAX 010736
CF6CDJ
PRELIMINARY LOCAL CLIMATOLOGICAL DATA (WS FORM: F-6)
STATION: CHILLICOTHE
MONTH: OCTOBER
YEAR: 2022
LATITUDE: 39 49 N
LONGITUDE: 93 35 W
TEMPERATURE IN F: :PCPN: SNOW: WIND :SUNSHINE: SKY :PK WND
================================================================================
1 2 3 4 5 6A 6B 7 8 9 10 11 12 13 14 15 16 17 18
12Z AVG MX 2MIN
DY MAX MIN AVG DEP HDD CDD WTR SNW DPTH SPD SPD DIR MIN PSBL S-S WX SPD DR
================================================================================
1 78 45 62 0 3 0 0.00 M M 1.5 7 120 M M 0 14 160
2 80 46 63 2 2 0 0.00 M M 1.3 10 30 M M 0 15 40
3 80 47 64 3 1 0 0.00 M M 2.7 9 100 M M 0 13 130
4 80 46 63 3 2 0 0.00 M M 2.0 9 150 M M 0 16 130
5 80 52 66 6 0 1 T M M 1.8 12 200 M M 0 16 190
6 84 48 66 6 0 1 0.00 M M 3.3 14 360 M M 0 27 340
7 62 37 50 -9 15 0 0.00 M M 4.2 10 20 M M 0 19 340
8 65 31 48 -11 17 0 0.00 M M 2.1 9 230 M M 0 16 240
9 79 39 59 1 6 0 0.00 M M 3.2 14 220 M M 0 23 230
10 82 41 62 4 3 0 0.00 M M 1.6 9 200 M M 0 14 180
11 81 60 71 13 0 6 0.03 M M 10.8 24 190 M M 0 37 210
12 73 49 61 4 4 0 0.16 M M 6.8 21 310 M M 0 35 320
13 63 35 49 -8 16 0 0.00 M M 7.6 22 310 M M 0 37 300
14 69 30 50 -6 15 0 0.01 M M 3.7 17 300 M M 0 36 320
15 68 29 49 -7 16 0 0.00 M M 1.7 14 200 M M 0 19 200
16 65 37 51 -5 14 0 0.00 M M 4.6 16 310 M M 0 30 310
17 50 31 41 -14 24 0 0.00 M M 5.2 17 300 M M 0 30 310
18 48 25 37 -18 28 0 0.00 M M 4.2 13 310 M M 0 21 320
19 55 19 37 -17 28 0 0.00 M M 1.6 12 310 M M 0 19 250
20 77 31 54 0 11 0 0.00 M M 2.5 12 310 M M 0 21 330
21 85 42 64 11 1 0 0.00 M M 8.1 20 200 M M 0 30 190
22 86 54 70 17 0 5 0.00 M M 8.5 24 180 M M 0 34 180
23 87 64 76 23 0 11 0.00 M M 11.6 23 190 M M 0 42 170
24 75 49 62 10 3 0 1.54 M M 6.8 16 170 M M 0 29 170
25 51 42 47 -5 18 0 0.00 M M 4.5 14 340 M M 0 31 10
26 64 36 50 -1 15 0 0.00 M M 1.7 12 30 M M 0 15 20
27 63 42 53 2 12 0 0.00 M M 6.2 14 120 M M 0 24 120
28 68 36 52 2 13 0 0.00 M M 2.1 8 40 M M 0 13 70
29 67 35 51 1 14 0 0.00 M M 2.1 8 130 M M 0 12 120
30 66 49 58 8 7 0 0.00 M M 1.7 13 50 M M 0 16 50
31 71 40 56 7 9 0 0.00 M M 1.2 9 230 M M 0 14 230
================================================================================
SM 2202 1267 297 24 1.74 M 126.9 M 0
================================================================================
AV 71.0 40.9 4.1 FASTST M M 0 MAX(MPH)
MISC ----> # 24 190 42 170
================================================================================
NOTES:
# LAST OF SEVERAL OCCURRENCES
COLUMN 17 PEAK WIND IN M.P.H.
PRELIMINARY LOCAL CLIMATOLOGICAL DATA (WS FORM: F-6) , PAGE 2
STATION: CHILLICOTHE
MONTH: OCTOBER
YEAR: 2022
LATITUDE: 39 49 N
LONGITUDE: 93 35 W
[TEMPERATURE DATA] [PRECIPITATION DATA] SYMBOLS USED IN COLUMN 16
AVERAGE MONTHLY: 56.0 TOTAL FOR MONTH: 1.74 1 = FOG OR MIST
DPTR FM NORMAL: 0.5 DPTR FM NORMAL: -1.51 2 = FOG REDUCING VISIBILITY
HIGHEST: 87 ON 23 GRTST 24HR 1.54 ON 24-24 TO 1/4 MILE OR LESS
LOWEST: 19 ON 19 3 = THUNDER
SNOW, ICE PELLETS, HAIL 4 = ICE PELLETS
TOTAL MONTH: M 5 = HAIL
GRTST 24HR M ON M 6 = FREEZING RAIN OR DRIZZLE
GRTST DEPTH: M ON M 7 = DUSTSTORM OR SANDSTORM:
VSBY 1/2 MILE OR LESS
8 = SMOKE OR HAZE
[NO. OF DAYS WITH] [WEATHER - DAYS WITH] 9 = BLOWING SNOW
X = TORNADO
MAX 32 OR BELOW: 0 0.01 INCH OR MORE: 4
MAX 90 OR ABOVE: 0 0.10 INCH OR MORE: 2
MIN 32 OR BELOW: 7 0.50 INCH OR MORE: 1
MIN 0 OR BELOW: 0 1.00 INCH OR MORE: 1
[HDD (BASE 65) ]
TOTAL THIS MO. 297 CLEAR (SCALE 0-3) 31
DPTR FM NORMAL -24 PTCLDY (SCALE 4-7) 0
TOTAL FM JUL 1 342 CLOUDY (SCALE 8-10) 0
DPTR FM NORMAL -50
[CDD (BASE 65) ]
TOTAL THIS MO. 24
DPTR FM NORMAL -1 [PRESSURE DATA]
TOTAL FM JAN 1 1530 HIGHEST SLP M ON M
DPTR FM NORMAL 279 LOWEST SLP 29.51 ON 23
[REMARKS]
#FINAL-10-22#