000
CXUS55 KCYS 011610
CF6CDR
PRELIMINARY LOCAL CLIMATOLOGICAL DATA (WS FORM: F-6)
STATION: CHADRON NEBRASKA AIRPORT
MONTH: JUNE
YEAR: 2023
LATITUDE: 42 50 N
LONGITUDE: 103 6 W
TEMPERATURE IN F: :PCPN: SNOW: WIND :SUNSHINE: SKY :PK WND
================================================================================
1 2 3 4 5 6A 6B 7 8 9 10 11 12 13 14 15 16 17 18
12Z AVG MX 2MIN
DY MAX MIN AVG DEP HDD CDD WTR SNW DPTH SPD SPD DIR MIN PSBL S-S WX SPD DR
================================================================================
1 74 53 64 2 1 0 0.14 M M 5.8 22 210 M M 4 13 30 220
2 78 52 65 3 0 0 0.00 M M 6.7 25 180 M M 3 1 32 180
3 75 53 64 1 1 0 T M M 5.5 17 180 M M 3 23 180
4 81 56 69 6 0 4 0.00 M M 5.1 17 150 M M 4 12 22 170
5 81 54 68 5 0 3 0.00 M M 6.3 16 200 M M 1 1 25 160
6 84 56 70 6 0 5 0.00 M M 9.8 21 170 M M 0 29 160
7 86 58 72 8 0 7 0.00 M M 6.2 14 200 M M 1 20 210
8 88 55 72 8 0 7 T M M 5.8 24 260 M M 2 3 34 260
9 86 53 70 5 0 5 0.01 M M 6.7 29 250 M M 1 3 43 230
10 75 55 65 0 0 0 0.26 M M 8.1 22 20 M M 7 13 29 20
11 72 56 64 -1 1 0 0.00 M M 7.4 15 40 M M 4 18 20 40
12 72 54 63 -3 2 0 0.00 M M 7.0 18 170 M M 6 23 190
13 79 47 63 -3 2 0 0.00 M M 2.6 9 320 M M 0 1 14 350
14 84 50 67 1 0 2 0.00 M M 5.9 17 230 M M 2 3 23 220
15 80 58 69 2 0 4 0.05 M M 10.6 22 10 M M 5 38 29 10
16 69 48 59 -8 6 0 T M M 9.1 21 360 M M 8 27 360
17 79 43 61 -7 4 0 0.00 M M 4.3 13 240 M M 1 1 19 260
18 88 48 68 0 0 3 0.00 M M 7.0 16 220 M M 0 22 220
19 97 65 81 13 0 16 0.00 M M 11.5 29 170 M M 0 41 150
20 90 65 78 10 0 13 0.00 M M 9.2 29 170 M M 0 40 170
21 80 62 71 2 0 6 1.04 M M 11.4 30 170 M M 8 13 37 160
22 77 60 69 0 0 4 0.86 M M 8.7 28 160 M M 7 13 36 170
23 81 60 71 1 0 6 0.01 M M 10.0 40 180 M M 7 3 52 170
24 72 54 63 -7 2 0 0.00 M M 10.4 29 310 M M 4 40 310
25 79 49 64 -6 1 0 0.00 M M 4.3 12 270 M M 0 15 260
26 81 55 68 -3 0 3 1.06 M M 10.1 24 160 M M 6 13 37 310
27 86 57 72 1 0 7 0.01 M M 9.7 33 150 M M 3 3 42 160
28 84 54 69 -2 0 4 0.19 M M 6.2 24 320 M M 2 13 35 330
29 82 57 70 -2 0 5 0.38 M M 6.7 30 180 M M 3 13 37 180
30 79 56 68 -4 0 3 0.00 M M 3.5 29 350 M M 2 3 42 340
================================================================================
SM 2419 1643 20 107 4.01 M 221.6 M 94
================================================================================
AV 80.6 54.8 7.4 FASTST M M 3 MAX(MPH)
MISC ----> 40 180 52 170
================================================================================
NOTES:
# LAST OF SEVERAL OCCURRENCES
COLUMN 17 PEAK WIND IN M.P.H.
PRELIMINARY LOCAL CLIMATOLOGICAL DATA (WS FORM: F-6) , PAGE 2
STATION: CHADRON NEBRASKA AIRPORT
MONTH: JUNE
YEAR: 2023
LATITUDE: 42 50 N
LONGITUDE: 103 6 W
[TEMPERATURE DATA] [PRECIPITATION DATA] SYMBOLS USED IN COLUMN 16
AVERAGE MONTHLY: 67.7 TOTAL FOR MONTH: 4.01 1 = FOG OR MIST
DPTR FM NORMAL: 0.7 DPTR FM NORMAL: 1.55 2 = FOG REDUCING VISIBILITY
HIGHEST: 97 ON 19 GRTST 24HR 1.06 ON 26-26 TO 1/4 MILE OR LESS
LOWEST: 43 ON 17 3 = THUNDER
SNOW, ICE PELLETS, HAIL 4 = ICE PELLETS
TOTAL MONTH: M 5 = HAIL
GRTST 24HR M ON M 6 = FREEZING RAIN OR DRIZZLE
GRTST DEPTH: M ON M 7 = DUSTSTORM OR SANDSTORM:
VSBY 1/2 MILE OR LESS
8 = SMOKE OR HAZE
[NO. OF DAYS WITH] [WEATHER - DAYS WITH] 9 = BLOWING SNOW
X = TORNADO
MAX 32 OR BELOW: 0 0.01 INCH OR MORE: 11
MAX 90 OR ABOVE: 2 0.10 INCH OR MORE: 7
MIN 32 OR BELOW: 0 0.50 INCH OR MORE: 3
MIN 0 OR BELOW: 0 1.00 INCH OR MORE: 2
[HDD (BASE 65) ]
TOTAL THIS MO. 20 CLEAR (SCALE 0-3) 16
DPTR FM NORMAL -46 PTCLDY (SCALE 4-7) 12
TOTAL FM JUL 1 7048 CLOUDY (SCALE 8-10) 2
DPTR FM NORMAL 198
[CDD (BASE 65) ]
TOTAL THIS MO. 107
DPTR FM NORMAL -19 [PRESSURE DATA]
TOTAL FM JAN 1 138 HIGHEST SLP 30.18 ON 26
DPTR FM NORMAL -9 LOWEST SLP 29.53 ON 18
[REMARKS]
#FINAL-06-23#