000
CXUS55 KCYS 021226
CF6CDR
PRELIMINARY LOCAL CLIMATOLOGICAL DATA (WS FORM: F-6)
STATION: CHADRON NEBRASKA AIRPORT
MONTH: DECEMBER
YEAR: 2023
LATITUDE: 42 50 N
LONGITUDE: 103 6 W
TEMPERATURE IN F: :PCPN: SNOW: WIND :SUNSHINE: SKY :PK WND
================================================================================
1 2 3 4 5 6A 6B 7 8 9 10 11 12 13 14 15 16 17 18
12Z AVG MX 2MIN
DY MAX MIN AVG DEP HDD CDD WTR SNW DPTH SPD SPD DIR MIN PSBL S-S WX SPD DR
================================================================================
1 43 16 30 1 35 0 0.00 M M 5.7 15 190 M M 2 22 180
2 42 17 30 1 35 0 0.00 M M 9.3 23 270 M M 1 30 270
3 43 21 32 4 33 0 0.00 M M 12.0 31 300 M M 4 44 310
4 40 23 32 4 33 0 0.12 M M 10.4 23 270 M M 6 1 32 260
5 54 31 43 15 22 0 0.00 M M 4.0 14 250 M M 6 19 270
6 64 27 46 19 19 0 0.00 M M 5.0 15 270 M M 0 18 270
7 62 25 44 17 21 0 T M M 16.0 37 230 M M 2 52 240
8 44 28 36 9 29 0 0.00 M M 16.7 29 320 M M 1 40 320
9 40 18 29 3 36 0 0.00 M M 13.0 24 310 M M 0 35 320
10 48 18 33 7 32 0 0.00 M M 8.9 21 330 M M 6 29 320
11 52 23 38 12 27 0 T M M 9.7 25 310 M M 4 36 320
12 36 22 29 3 36 0 T M M 6.1 16 180 M M 7 1 19 180
13 42 18 30 4 35 0 0.00 M M 5.8 18 250 M M 3 8 23 250
14 44 27 36 11 29 0 0.00 M M 11.5 24 220 M M 3 32 210
15 45 14 30 5 35 0 0.00 M M 8.3 26 310 M M 0 39 300
16 53 11 32 7 33 0 0.00 M M 4.5 10 220 M M 0 13 220
17 53 18 36 11 29 0 0.00 M M 8.8 25 290 M M 0 36 310
18 57 13 35 10 30 0 0.00 M M 3.3 13 200 M M 0 16 200
19 58 19 39 14 26 0 0.00 M M 5.2 17 300 M M 0 24 300
20 58 20 39 14 26 0 0.00 M M 2.6 8 240 M M 0 9 230
21 60 22 41 17 24 0 0.00 M M 5.0 18 290 M M 0 24 290
22 60 19 40 16 25 0 0.00 M M 3.4 15 270 M M 0 21 250
23 54 20 37 13 28 0 0.00 M M 5.8 21 300 M M 3 30 310
24 33 19 26 2 39 0 0.00 M M 9.4 23 310 M M 8 32 320
25 32 17 25 1 40 0 0.10 M M 14.2 36 360 M M 9 1 49 350
26 33 24 29 5 36 0 0.75 M M 9.5 17 320 M M 10 12 25 330
27 34 8 21 -3 44 0 0.08 M M 8.0 17 310 M M 5 1 26 300
28 30 1 16 -8 49 0 0.00 M M 4.7 12 230 M M 0 12 240
29 40 6 23 -1 42 0 0.00 M M 5.8 13 270 M M 1 16 250
30 36 5 21 -3 44 0 0.00 M M 2.7 13 240 M M 1 18 14 240
31 19 -3 8 -17 57 0 0.00 M M 1.4 8 240 M M 3 128 8 240
================================================================================
SM 1409 547 1029 0 1.05 M 236.7 M 85
================================================================================
AV 45.5 17.6 7.6 FASTST M M 3 MAX(MPH)
MISC ----> 37 230 52 240
================================================================================
NOTES:
# LAST OF SEVERAL OCCURRENCES
COLUMN 17 PEAK WIND IN M.P.H.
PRELIMINARY LOCAL CLIMATOLOGICAL DATA (WS FORM: F-6) , PAGE 2
STATION: CHADRON NEBRASKA AIRPORT
MONTH: DECEMBER
YEAR: 2023
LATITUDE: 42 50 N
LONGITUDE: 103 6 W
[TEMPERATURE DATA] [PRECIPITATION DATA] SYMBOLS USED IN COLUMN 16
AVERAGE MONTHLY: 31.5 TOTAL FOR MONTH: 1.05 1 = FOG OR MIST
DPTR FM NORMAL: 5.8 DPTR FM NORMAL: 0.74 2 = FOG REDUCING VISIBILITY
HIGHEST: 64 ON 6 GRTST 24HR 0.75 ON 26-26 TO 1/4 MILE OR LESS
LOWEST: -3 ON 31 3 = THUNDER
SNOW, ICE PELLETS, HAIL 4 = ICE PELLETS
TOTAL MONTH: M 5 = HAIL
GRTST 24HR M ON M 6 = FREEZING RAIN OR DRIZZLE
GRTST DEPTH: M ON M 7 = DUSTSTORM OR SANDSTORM:
VSBY 1/2 MILE OR LESS
8 = SMOKE OR HAZE
[NO. OF DAYS WITH] [WEATHER - DAYS WITH] 9 = BLOWING SNOW
X = TORNADO
MAX 32 OR BELOW: 3 0.01 INCH OR MORE: 4
MAX 90 OR ABOVE: 0 0.10 INCH OR MORE: 3
MIN 32 OR BELOW: 31 0.50 INCH OR MORE: 1
MIN 0 OR BELOW: 1 1.00 INCH OR MORE: 0
[HDD (BASE 65) ]
TOTAL THIS MO. 1029 CLEAR (SCALE 0-3) 20
DPTR FM NORMAL -189 PTCLDY (SCALE 4-7) 8
TOTAL FM JUL 1 2463 CLOUDY (SCALE 8-10) 3
DPTR FM NORMAL -334
[CDD (BASE 65) ]
TOTAL THIS MO. 0
DPTR FM NORMAL 0 [PRESSURE DATA]
TOTAL FM JAN 1 740 HIGHEST SLP 30.60 ON 13
DPTR FM NORMAL -68 LOWEST SLP 29.47 ON 7
[REMARKS]
#FINAL-12-23#
DECEMBER 4... USED COOP BACKUP FOR PRECIPITATION DUE TO ASOS ERRORS
DECEMBER 25-27... USED COOP BACKUP FOR PRECIPITATION DUE TO ASOS ERRORS AND CONVERTED OBSERVATION TIME
DECEMBER 26... RECORD DAILY MAXIMUM PRECIPITATION: 0.75" (PREVIOUS: 0.26" IN 2015)