000
CXUS55 KCYS 011536
CLMCDR
CLIMATE REPORT
NATIONAL WEATHER SERVICE CHEYENNE WY
936 AM MDT FRI SEP 01 2023
...................................
...THE CHADRON NEBRASKA AIRPORT CLIMATE SUMMARY FOR THE MONTH OF AUGUST 2023...
CLIMATE NORMAL PERIOD 1991 TO 2020
CLIMATE RECORD PERIOD 1895 TO 2023
WEATHER OBSERVED NORMAL DEPART LAST YEAR`S
VALUE DATE(S) VALUE FROM VALUE DATE(S)
NORMAL
................................................................
TEMPERATURE (F)
RECORD
HIGH 111 08/25/1926
LOW 34 08/23/2015
HIGHEST 105 08/22 MM MM 109
LOWEST 46 08/26 MM MM 47
AVG. MAXIMUM 88.5 88.9 -0.4 94.3
AVG. MINIMUM 57.0 56.6 0.4 59.7
MEAN 72.7 72.8 -0.1 77.0
DAYS MAX >= 90 15 16.5 -1.5 22
DAYS MAX <= 32 0 0.0 0.0 0
DAYS MIN <= 32 0 0.0 0.0 0
DAYS MIN <= 0 0 0.0 0.0 0
PRECIPITATION (INCHES)
RECORD
MAXIMUM 5.00 1979
TOTALS 2.56 1.27 1.29 1.10
DAYS >= .01 6 5.8 0.2 9
DAYS >= .10 3 2.7 0.3 3
DAYS >= .50 2 0.6 1.4 1
DAYS >= 1.00 2 0.1 1.9 0
GREATEST
24 HR. TOTAL 1.12 08/07 TO 08/07 0.66 08/14 TO 08/14
DEGREE DAYS
HEATING TOTAL 3 19 -16 0
SINCE 7/1 23 21 2 MM
COOLING TOTAL 251 259 -8 381
SINCE 1/1 642 728 -86 MM
................................................................
WIND (MPH)
AVERAGE WIND SPEED 7.4
HIGHEST WIND SPEED/DIRECTION 39/350 DATE 08/02
HIGHEST GUST SPEED/DIRECTION 54/360 DATE 08/02
SKY COVER
POSSIBLE SUNSHINE (PERCENT) MM
AVERAGE SKY COVER 0.17
NUMBER OF DAYS FAIR 24
NUMBER OF DAYS PC 7
NUMBER OF DAYS CLOUDY 0
AVERAGE RH (PERCENT) 59
WEATHER CONDITIONS. NUMBER OF DAYS WITH
THUNDERSTORM 9 MIXED PRECIP 0
HEAVY RAIN 3 RAIN 3
LIGHT RAIN 9 FREEZING RAIN 0
LT FREEZING RAIN 0 HAIL 0
HEAVY SNOW 0 SNOW 0
LIGHT SNOW 0 SLEET 0
FOG 7 FOG W/VIS <= 1/4 MILE 3
HAZE 3
- INDICATES NEGATIVE NUMBERS.
R INDICATES RECORD WAS SET OR TIED.
MM INDICATES DATA IS MISSING.
T INDICATES TRACE AMOUNT.
$$