000
CXUS54 KLUB 010830
CF6CDS
PRELIMINARY LOCAL CLIMATOLOGICAL DATA (WS FORM: F-6)
STATION: CHILDRESS
MONTH: DECEMBER
YEAR: 2022
LATITUDE: 34 25 N
LONGITUDE: 100 17 W
TEMPERATURE IN F: :PCPN: SNOW: WIND :SUNSHINE: SKY :PK WND
================================================================================
1 2 3 4 5 6A 6B 7 8 9 10 11 12 13 14 15 16 17 18
12Z AVG MX 2MIN
DY MAX MIN AVG DEP HDD CDD WTR SNW DPTH SPD SPD DIR MIN PSBL S-S WX SPD DR
================================================================================
1 53 29 41 -5 24 0 0.00 0.0 0 11.4 22 190 M M 3 32 190
2 79 39 59 13 6 0 0.00 0.0 0 13.2 31 30 M M 0 8 43 30
3 50 32 41 -4 24 0 0.00 0.0 0 8.5 28 20 M M 1 37 20
4 61 37 49 4 16 0 0.01 0.0 0 7.9 15 190 M M 3 20 190
5 81 52 67 22 0 2 0.00 0.0 0 13.7 35 270 M M 0 42 280
6 62 39 51 7 14 0 0.00 0.0 0 6.8 15 10 M M 1 12 19 10
7 50 45 48 4 17 0 0.36 0.0 0 4.1 14 130 M M 10 1 16 130
8 71 47 59 15 6 0 T 0.0 0 5.6 16 270 M M 5 12 20 270
9 50 38 44 0 21 0 0.02 0.0 0 6.3 15 90 M M 6 18 21 80
10 51 38 45 1 20 0 0.04 0.0 0 6.4 21 10 M M 5 1 26 20
11 56 42 49 6 16 0 0.00 0.0 0 6.4 14 170 M M 7 12 22 150
12 61 50 56 13 9 0 T 0.0 0 16.2 26 170 M M 10 12 39 170
13 61 35 48 5 17 0 0.00 0.0 0 15.0 32 260 M M 2 42 270
14 48 25 37 -6 28 0 0.00 0.0 0 6.5 16 340 M M 0 24 350
15 48 28 38 -4 27 0 0.00 0.0 0 4.0 17 360 M M 0 22 360
16 45 27 36 -6 29 0 0.00 0.0 0 8.3 17 290 M M 5 23 10
17 49 21 35 -7 30 0 0.00 0.0 0 7.4 15 220 M M 0 21 220
18 55 25 40 -2 25 0 0.00 0.0 0 10.1 23 200 M M 0 30 190
19 58 32 45 3 20 0 0.00 0.0 0 11.0 20 170 M M 1 26 170
20 34 28 31 -11 34 0 0.00 0.0 0 7.5 21 10 M M 7 18 25 10
21 53 33 43 1 22 0 0.00 0.0 0 12.2 24 210 M M 6 18 30 210
22 38 6 22 -20 43 0 T T 0 25.2 43 350 M M 4 58 350
23 25 8 17 -25 48 0 0.00 0.0 0 9.7 20 360 M M 1 25 360
24 40 13 27 -14 38 0 0.00 0.0 0 7.6 18 220 M M 0 24 230
25 57 22 40 -1 25 0 0.00 0.0 0 8.3 17 180 M M 0 26 180
26 57 26 42 1 23 0 0.00 0.0 0 11.3 26 10 M M 0 34 10
27 66 23 45 4 20 0 0.00 0.0 0 16.1 35 210 M M 0 42 200
28 73 49 61 20 4 0 0.00 0.0 0 18.5 32 260 M M 0 41 240
29 67 40 54 13 11 0 0.00 0.0 0 15.0 40 290 M M 0 8 50 290
30 58 28 43 2 22 0 0.00 0.0 0 7.5 20 190 M M 0 27 210
31 71 39 55 14 10 0 0.00 0.0 0 9.5 17 210 M M 0 22 220
================================================================================
SM 1728 996 649 2 0.43 T 317.2 M 77
================================================================================
AV 55.7 32.1 10.2 FASTST M M 2 MAX(MPH)
MISC ----> 43 350 58 350
================================================================================
NOTES:
# LAST OF SEVERAL OCCURRENCES
COLUMN 17 PEAK WIND IN M.P.H.
PRELIMINARY LOCAL CLIMATOLOGICAL DATA (WS FORM: F-6) , PAGE 2
STATION: CHILDRESS
MONTH: DECEMBER
YEAR: 2022
LATITUDE: 34 25 N
LONGITUDE: 100 17 W
[TEMPERATURE DATA] [PRECIPITATION DATA] SYMBOLS USED IN COLUMN 16
AVERAGE MONTHLY: 43.9 TOTAL FOR MONTH: 0.43 1 = FOG OR MIST
DPTR FM NORMAL: 1.1 DPTR FM NORMAL: -0.39 2 = FOG REDUCING VISIBILITY
HIGHEST: 81 ON 5 GRTST 24HR 0.36 ON 7- 7 TO 1/4 MILE OR LESS
LOWEST: 6 ON 22 3 = THUNDER
SNOW, ICE PELLETS, HAIL 4 = ICE PELLETS
TOTAL MONTH: T 5 = HAIL
GRTST 24HR T ON 22-22 6 = FREEZING RAIN OR DRIZZLE
GRTST DEPTH: 0 7 = DUSTSTORM OR SANDSTORM:
VSBY 1/2 MILE OR LESS
8 = SMOKE OR HAZE
[NO. OF DAYS WITH] [WEATHER - DAYS WITH] 9 = BLOWING SNOW
X = TORNADO
MAX 32 OR BELOW: 1 0.01 INCH OR MORE: 4
MAX 90 OR ABOVE: 0 0.10 INCH OR MORE: 1
MIN 32 OR BELOW: 16 0.50 INCH OR MORE: 0
MIN 0 OR BELOW: 0 1.00 INCH OR MORE: 0
[HDD (BASE 65) ]
TOTAL THIS MO. 649 CLEAR (SCALE 0-3) 21
DPTR FM NORMAL -39 PTCLDY (SCALE 4-7) 8
TOTAL FM JUL 1 1252 CLOUDY (SCALE 8-10) 2
DPTR FM NORMAL 0
[CDD (BASE 65) ]
TOTAL THIS MO. 2
DPTR FM NORMAL 2 [PRESSURE DATA]
TOTAL FM JAN 1 2893 HIGHEST SLP 30.82 ON 23
DPTR FM NORMAL 629 LOWEST SLP 29.54 ON 28
[REMARKS]
#FINAL-12-22#