000
CXUS56 KEKA 040108
CF6CEC
PRELIMINARY LOCAL CLIMATOLOGICAL DATA (WS FORM: F-6)
STATION: CRESCENT CITY CA
MONTH: APRIL
YEAR: 2023
LATITUDE: 41 46 N
LONGITUDE: 124 14 W
TEMPERATURE IN F: :PCPN: SNOW: WIND :SUNSHINE: SKY :PK WND
================================================================================
1 2 3 4 5 6A 6B 7 8 9 10 11 12 13 14 15 16 17 18
12Z AVG MX 2MIN
DY MAX MIN AVG DEP HDD CDD WTR SNW DPTH SPD SPD DIR MIN PSBL S-S WX SPD DR
================================================================================
1 53 45 49 -1 16 0 0.45 M M 8.4 33 180 M M 10 18 43 180
2 51 37 44 -6 21 0 0.20 M M 9.6 22 250 M M 9 18 33 240
3 48 35 42 -8 23 0 0.10 M M 5.1 14 320 M M 6 18 24 320
4 48 34 41 -9 24 0 0.02 M M 5.8 13 190 M M 8 18 16 190
5 50 39 45 -5 20 0 0.04 M M 8.7 16 160 M M 8 18 23 160
6 52 48 50 0 15 0 1.12 M M 15.0 22 170 M M 10 18 29 150
7 53 48 51 1 14 0 0.58 M M 6.6 17 160 M M 9 18 25 140
8 56 46 51 1 14 0 0.00 M M 10.6 17 160 M M 8 18 23 180
9 58 49 54 4 11 0 0.01 M M 8.2 17 160 M M 10 18 26 180
10 55 47 51 1 14 0 1.60 M M 8.0 21 320 M M 10 18 31 320
11 53 44 49 -1 16 0 0.08 M M 4.7 12 220 M M 6 18 18 240
12 52 40 46 -5 19 0 0.10 0.0 M 10.0 25 320 M M 3 18 36 330
13 53 36 45 -6 20 0 0.00 M M 6.4 15 320 M M 1 18 19 320
14 54 38 46 -5 19 0 0.00 M M 6.5 12 320 M M 2 18 16 310
15 55 48 52 1 13 0 0.00 0.0 M 5.2 13 280 M M 10 8 16 260
16 55 45 50 -1 15 0 0.08 M M 10.4 22 180 M M 8 18 28 180
17 50 41 46 -5 19 0 0.51 M M 13.5 28 160 M M 8 138 41 150
18 54 39 47 -4 18 0 0.12 M M 12.7 24 180 M M 8 18 37 210
19 54 44 49 -2 16 0 0.26 M M 8.5 18 180 M M 5 18 25 160
20 55 43 49 -2 16 0 0.00 M M 7.0 12 150 M M 10 18 16 140
21 61 51 56 5 9 0 T M M 6.1 13 330 M M 8 128 21 340
22 61 49 55 4 10 0 0.05 M M 3.9 14 280 M M 8 128 17 290
23 55 48 52 1 13 0 0.02 M M 6.5 16 330 M M 9 18 24 330
24 57 45 51 0 14 0 T M M 9.4 22 330 M M 4 18 33 330
25 59 41 50 -1 15 0 0.00 M M 5.9 16 340 M M 0 18 24 350
26 62 44 53 1 12 0 0.00 M M 5.6 14 330 M M 1 18 19 320
27 62 46 54 2 11 0 0.00 M M 8.1 16 340 M M 1 18 24 340
28 56 50 53 1 12 0 0.00 M M 9.1 20 180 M M 10 12 24 170
29 53 49 51 -1 14 0 0.00 M M 3.9 9 270 M M 10 18 13 240
30 58 49 54 2 11 0 0.06 M M 5.4 10 270 M M 8 18 17 230
================================================================================
SM 1643 1318 464 0 5.40 0.0 234.8 M 208
================================================================================
AV 54.8 43.9 7.8 FASTST M M 7 MAX(MPH)
MISC ----> 33 180 43 180
================================================================================
NOTES:
# LAST OF SEVERAL OCCURRENCES
COLUMN 17 PEAK WIND IN M.P.H.
PRELIMINARY LOCAL CLIMATOLOGICAL DATA (WS FORM: F-6) , PAGE 2
STATION: CRESCENT CITY CA
MONTH: APRIL
YEAR: 2023
LATITUDE: 41 46 N
LONGITUDE: 124 14 W
[TEMPERATURE DATA] [PRECIPITATION DATA] SYMBOLS USED IN COLUMN 16
AVERAGE MONTHLY: 49.4 TOTAL FOR MONTH: 5.40 1 = FOG OR MIST
DPTR FM NORMAL: -1.5 DPTR FM NORMAL: 0.28 2 = FOG REDUCING VISIBILITY
HIGHEST: 62 ON 27,26 GRTST 24HR 1.65 ON 10-11 TO 1/4 MILE OR LESS
LOWEST: 34 ON 4 3 = THUNDER
SNOW, ICE PELLETS, HAIL 4 = ICE PELLETS
TOTAL MONTH: 0.0 INCH 5 = HAIL
GRTST 24HR 0.0 6 = FREEZING RAIN OR DRIZZLE
GRTST DEPTH: M ON M 7 = DUSTSTORM OR SANDSTORM:
VSBY 1/2 MILE OR LESS
8 = SMOKE OR HAZE
[NO. OF DAYS WITH] [WEATHER - DAYS WITH] 9 = BLOWING SNOW
X = TORNADO
MAX 32 OR BELOW: 0 0.01 INCH OR MORE: 18
MAX 90 OR ABOVE: 0 0.10 INCH OR MORE: 10
MIN 32 OR BELOW: 0 0.50 INCH OR MORE: 4
MIN 0 OR BELOW: 0 1.00 INCH OR MORE: 2
[HDD (BASE 65) ]
TOTAL THIS MO. 464 CLEAR (SCALE 0-3) 6
DPTR FM NORMAL 38 PTCLDY (SCALE 4-7) 10
TOTAL FM JUL 1 4092 CLOUDY (SCALE 8-10) 14
DPTR FM NORMAL 320
[CDD (BASE 65) ]
TOTAL THIS MO. 0
DPTR FM NORMAL 0 [PRESSURE DATA]
TOTAL FM JAN 1 0 HIGHEST SLP 30.46 ON 21
DPTR FM NORMAL 0 LOWEST SLP 29.86 ON 7
[REMARKS]
#FINAL-04-23#