000
CXUS56 KEKA 011329
CF6CEC
PRELIMINARY LOCAL CLIMATOLOGICAL DATA (WS FORM: F-6)
STATION: CRESCENT CITY CA
MONTH: MARCH
YEAR: 2022
LATITUDE: 41 46 N
LONGITUDE: 124 14 W
TEMPERATURE IN F: :PCPN: SNOW: WIND :SUNSHINE: SKY :PK WND
================================================================================
1 2 3 4 5 6A 6B 7 8 9 10 11 12 13 14 15 16 17 18
12Z AVG MX 2MIN
DY MAX MIN AVG DEP HDD CDD WTR SNW DPTH SPD SPD DIR MIN PSBL S-S WX SPD DR
================================================================================
1 57 51 54 5 11 0 0.13 M M 10.2 17 160 M M 10 18 23 150
2 53 48 51 2 14 0 0.90 M M 9.2 15 340 M M 10 1 24 330
3 51 45 48 -1 17 0 0.07 M M 17.8 30 340 M M 3 18 50 340
4 48 38 43 -6 22 0 0.03 M M 10.0 21 340 M M 3 18 34 330
5 52 33 43 -6 22 0 0.00 M M 12.7 25 340 M M 1 18 42 340
6 52 40 46 -3 19 0 0.00 M M 11.8 22 340 M M 0 18 35 320
7 59 42 51 2 14 0 0.00 M M 9.3 16 340 M M 0 18 26 340
8 53 37 45 -4 20 0 0.00 M M 10.7 24 330 M M 1 18 37 330
9 52 41 47 -2 18 0 T M M 7.7 16 340 M M 8 18 31 350
10 53 37 45 -4 20 0 0.00 M M 5.8 15 60 M M 0 18 21 90
11 55 34 45 -4 20 0 0.00 M M 5.5 13 150 M M 3 28 16 170
12 50 43 47 -2 18 0 0.38 M M 14.4 35 200 M M 10 18 47 190
13 53 46 50 1 15 0 0.22 M M 10.0 22 170 M M 9 18 30 240
14 55 41 48 -1 17 0 1.01 M M 9.7 22 140 M M 8 18 32 140
15 54 42 48 -1 17 0 0.32 M M 4.9 14 150 M M 9 28 19 160
16 53 37 45 -4 20 0 0.00 M M 5.4 13 320 M M 2 18 17 330
17 54 41 48 -1 17 0 0.00 M M 3.8 13 310 M M 5 18 16 300
18 53 39 46 -3 19 0 0.00 M M 5.8 12 180 M M 2 18 16 180
19 52 41 47 -2 18 0 0.54 M M 16.3 28 330 M M 4 18 40 320
20 53 34 44 -5 21 0 0.00 M M 6.3 17 320 M M 3 18 21 330
21 55 41 48 -1 17 0 0.00 M M 4.2 9 360 M M 9 18 17 350
22 57 43 50 0 15 0 0.00 M M 6.4 14 330 M M 7 28 19 350
23 59 47 53 3 12 0 0.00 M M 5.8 15 290 M M 6 18 21 330
24 51 44 48 -2 17 0 0.00 M M 4.8 13 190 M M 10 2 16 180
25 52 44 48 -2 17 0 0.00 M M 4.4 10 250 M M 4 1 15 250
26 57 44 51 1 14 0 0.00 M M 5.8 10 190 M M 4 18 16 170
27 59 44 52 2 13 0 0.02 M M 4.8 12 360 M M 5 18 19 360
28 57 49 53 3 12 0 0.01 M M 9.7 21 330 M M 8 18 32 300
29 54 45 50 0 15 0 0.00 M M 6.5 18 330 M M 9 18 29 330
30 54 44 49 -1 16 0 0.00 M M 13.8 26 330 M M 3 18 43 330
31 53 44 49 -1 16 0 0.00 M M 16.1 31 330 M M 0 18 46 330
================================================================================
SM 1670 1299 523 0 3.63 M 269.6 M 156
================================================================================
AV 53.9 41.9 8.7 FASTST M M 5 MAX(MPH)
MISC ----> 35 200 50 340
================================================================================
NOTES:
# LAST OF SEVERAL OCCURRENCES
COLUMN 17 PEAK WIND IN M.P.H.
PRELIMINARY LOCAL CLIMATOLOGICAL DATA (WS FORM: F-6) , PAGE 2
STATION: CRESCENT CITY CA
MONTH: MARCH
YEAR: 2022
LATITUDE: 41 46 N
LONGITUDE: 124 14 W
[TEMPERATURE DATA] [PRECIPITATION DATA] SYMBOLS USED IN COLUMN 16
AVERAGE MONTHLY: 47.9 TOTAL FOR MONTH: 3.63 1 = FOG OR MIST
DPTR FM NORMAL: -1.4 DPTR FM NORMAL: -4.18 2 = FOG REDUCING VISIBILITY
HIGHEST: 59 ON 27,23 GRTST 24HR 1.33 ON 14-15 TO 1/4 MILE OR LESS
LOWEST: 33 ON 5 3 = THUNDER
SNOW, ICE PELLETS, HAIL 4 = ICE PELLETS
TOTAL MONTH: M 5 = HAIL
GRTST 24HR M ON M 6 = FREEZING RAIN OR DRIZZLE
GRTST DEPTH: M ON M 7 = DUSTSTORM OR SANDSTORM:
VSBY 1/2 MILE OR LESS
8 = SMOKE OR HAZE
[NO. OF DAYS WITH] [WEATHER - DAYS WITH] 9 = BLOWING SNOW
X = TORNADO
MAX 32 OR BELOW: 0 0.01 INCH OR MORE: 11
MAX 90 OR ABOVE: 0 0.10 INCH OR MORE: 7
MIN 32 OR BELOW: 0 0.50 INCH OR MORE: 3
MIN 0 OR BELOW: 0 1.00 INCH OR MORE: 1
[HDD (BASE 65) ]
TOTAL THIS MO. 523 CLEAR (SCALE 0-3) 13
DPTR FM NORMAL 36 PTCLDY (SCALE 4-7) 8
TOTAL FM JUL 1 3526 CLOUDY (SCALE 8-10) 10
DPTR FM NORMAL 179
[CDD (BASE 65) ]
TOTAL THIS MO. 0
DPTR FM NORMAL 0 [PRESSURE DATA]
TOTAL FM JAN 1 0 HIGHEST SLP 30.50 ON 7
DPTR FM NORMAL 0 LOWEST SLP 29.65 ON 27
[REMARKS]
#FINAL-03-22#