000
CXUS52 KCHS 010915
CF6CHS
PRELIMINARY LOCAL CLIMATOLOGICAL DATA (WS FORM: F-6)
STATION: NORTH CHARLESTON SC
MONTH: DECEMBER
YEAR: 2023
LATITUDE: 32 54 N
LONGITUDE: 80 2 W
TEMPERATURE IN F: :PCPN: SNOW: WIND :SUNSHINE: SKY :PK WND
================================================================================
1 2 3 4 5 6A 6B 7 8 9 10 11 12 13 14 15 16 17 18
12Z AVG MX 2MIN
DY MAX MIN AVG DEP HDD CDD WTR SNW DPTH SPD SPD DIR MIN PSBL S-S WX SPD DR
================================================================================
1 76 45 61 6 4 0 0.00 0.0 0 4.6 17 150 M M 7 1 21 150
2 75 64 70 16 0 5 T 0.0 0 5.1 20 290 M M 9 1 27 280
3 74 66 70 16 0 5 T 0.0 0 8.8 20 260 M M 9 25 250
4 70 54 62 8 3 0 0.00 0.0 0 6.3 15 240 M M 7 18 240
5 68 46 57 3 8 0 0.00 0.0 0 7.1 13 250 M M 3 16 270
6 61 38 50 -4 15 0 0.00 0.0 0 9.7 23 310 M M 1 31 310
7 61 33 47 -7 18 0 0.00 0.0 0 4.0 13 260 M M 1 17 250
8 66 40 53 0 12 0 0.00 0.0 0 2.6 12 200 M M 6 16 180
9 74 50 62 9 3 0 0.00 0.0 0 4.6 16 140 M M 4 1 20 170
10 78 57 68 15 0 3 0.07 0.0 0 10.4 37 300 M M 8 18 48 300
11 57 41 49 -4 16 0 0.09 0.0 0 9.8 30 300 M M 4 1 40 290
12 59 32 46 -7 19 0 0.00 0.0 0 6.4 16 30 M M 3 19 40
13 63 36 50 -2 15 0 0.00 0.0 0 7.6 15 30 M M 5 19 20
14 61 41 51 -1 14 0 0.00 0.0 0 10.2 20 40 M M 5 25 40
15 63 38 51 -1 14 0 0.00 0.0 0 8.7 16 30 M M 2 22 30
16 71 47 59 7 6 0 T 0.0 0 9.9 22 80 M M 9 1 30 90
17 62 49 56 4 9 0 3.25 0.0 0 17.2 35 360 M M 10 13 45 360
18 62 50 56 4 9 0 0.00 0.0 0 11.5 26 280 M M 2 39 280
19 51 31 41 -11 24 0 0.00 0.0 0 8.9 22 320 M M 0 28 320
20 53 27 40 -11 25 0 0.00 0.0 0 5.8 15 360 M M 2 19 10
21 63 28 46 -5 19 0 0.00 0.0 0 1.9 7 50 M M 3 9 30
22 68 35 52 1 13 0 0.00 0.0 0 3.4 12 110 M M 5 14 100
23 71 43 57 6 8 0 0.00 0.0 0 5.0 13 120 M M 5 14 130
24 73 44 59 8 6 0 T 0.0 0 6.0 15 90 M M 5 19 90
25 67 54 61 10 4 0 1.42 0.0 0 8.6 23 160 M M 8 1 31 160
26 69 63 66 15 0 1 1.57 0.0 0 11.3 20 140 M M 10 18 26 140
27 72 58 65 15 0 0 0.48 0.0 0 7.3 17 310 M M 8 1 21 280
28 62 47 55 5 10 0 0.00 0.0 0 6.9 12 190 M M 6 15 270
29 54 38 46 -4 19 0 0.00 0.0 0 10.5 24 260 M M 2 35 290
30 55 39 47 -3 18 0 0.00 0.0 0 8.6 20 290 M M 4 25 250
31 60 31 46 -4 19 0 0.00 0.0 0 6.1 15 230 M M 0 17 250
================================================================================
SM 2019 1365 330 14 6.88 0.0 234.8 M 153
================================================================================
AV 65.1 44.0 7.6 FASTST M M 5 MAX(MPH)
MISC ----> 37 300 48 300
================================================================================
NOTES:
# LAST OF SEVERAL OCCURRENCES
COLUMN 17 PEAK WIND IN M.P.H.
PRELIMINARY LOCAL CLIMATOLOGICAL DATA (WS FORM: F-6) , PAGE 2
STATION: NORTH CHARLESTON SC
MONTH: DECEMBER
YEAR: 2023
LATITUDE: 32 54 N
LONGITUDE: 80 2 W
[TEMPERATURE DATA] [PRECIPITATION DATA] SYMBOLS USED IN COLUMN 16
AVERAGE MONTHLY: 54.6 TOTAL FOR MONTH: 6.88 1 = FOG OR MIST
DPTR FM NORMAL: 2.4 DPTR FM NORMAL: 3.53 2 = FOG REDUCING VISIBILITY
HIGHEST: 78 ON 10 GRTST 24HR 3.25 ON 16-17 TO 1/4 MILE OR LESS
LOWEST: 27 ON 20 3 = THUNDER
SNOW, ICE PELLETS, HAIL 4 = ICE PELLETS
TOTAL MONTH: 0.0 INCH 5 = HAIL
GRTST 24HR 0.0 6 = FREEZING RAIN OR DRIZZLE
GRTST DEPTH: 0 7 = DUSTSTORM OR SANDSTORM:
VSBY 1/2 MILE OR LESS
8 = SMOKE OR HAZE
[NO. OF DAYS WITH] [WEATHER - DAYS WITH] 9 = BLOWING SNOW
X = TORNADO
MAX 32 OR BELOW: 0 0.01 INCH OR MORE: 6
MAX 90 OR ABOVE: 0 0.10 INCH OR MORE: 4
MIN 32 OR BELOW: 5 0.50 INCH OR MORE: 3
MIN 0 OR BELOW: 0 1.00 INCH OR MORE: 3
[HDD (BASE 65) ]
TOTAL THIS MO. 330 CLEAR (SCALE 0-3) 11
DPTR FM NORMAL -78 PTCLDY (SCALE 4-7) 13
TOTAL FM JUL 1 560 CLOUDY (SCALE 8-10) 7
DPTR FM NORMAL -140
[CDD (BASE 65) ]
TOTAL THIS MO. 14
DPTR FM NORMAL 5 [PRESSURE DATA]
TOTAL FM JAN 1 2651 HIGHEST SLP 30.67 ON 14
DPTR FM NORMAL 217 LOWEST SLP 29.30 ON 17
[REMARKS]
#FINAL-12-23#