000
CXUS54 KHGX 011410
CF6CLL
PRELIMINARY LOCAL CLIMATOLOGICAL DATA (WS FORM: F-6)
STATION: COLLEGE STATION
MONTH: APRIL
YEAR: 2021
LATITUDE: 30 34 N
LONGITUDE: 96 22 W
TEMPERATURE IN F: :PCPN: SNOW: WIND :SUNSHINE: SKY :PK WND
================================================================================
1 2 3 4 5 6A 6B 7 8 9 10 11 12 13 14 15 16 17 18
12Z AVG MX 2MIN
DY MAX MIN AVG DEP HDD CDD WTR SNW DPTH SPD SPD DIR MIN PSBL S-S WX SPD DR
================================================================================
1 70 43 57 -8 8 0 0.00 0.0 0 7.2 16 50 M M 0 22 10
2 70 42 56 -9 9 0 0.00 0.0 0 7.8 16 150 M M 0 22 140
3 68 51 60 -6 5 0 0.02 0.0 0 8.1 18 150 M M 5 38 23 150
4 73 52 63 -3 2 0 0.08 0.0 0 5.8 13 170 M M 5 16 160
5 78 56 67 1 0 2 0.01 0.0 0 9.0 20 160 M M 7 12 24 150
6 85 66 76 10 0 11 T 0.0 0 16.3 30 160 M M 8 1 37 160
7 83 57 70 4 0 5 0.19 0.0 0 9.8 20 180 M M 6 138 26 200
8 86 50 68 1 0 3 0.22 0.0 0 7.5 37 320 M M 1 38 50 340
9 86 71 79 12 0 14 0.00 0.0 0 14.1 26 160 M M 7 18 33 160
10 79 57 68 1 0 3 0.00 0.0 0 11.5 25 340 M M 2 18 31 340
11 85 50 68 1 0 3 0.00 0.0 0 6.9 20 150 M M 0 24 150
12 84 57 71 3 0 6 0.00 0.0 0 9.1 20 170 M M 4 128 23 150
13 84 70 77 9 0 12 0.03 0.0 0 7.9 24 120 M M 10 1 30 110
14 79 68 74 6 0 9 T 0.0 0 7.2 18 40 M M 10 23 50
15 69 61 65 -3 0 0 0.48 0.0 0 10.5 25 70 M M 10 138 35 70
16 71 60 66 -3 0 1 0.07 0.0 0 9.6 17 10 M M 9 18 22 150
17 65 51 58 -11 7 0 0.00 0.0 0 14.0 24 360 M M 7 31 360
18 69 49 59 -10 6 0 0.00 0.0 0 8.1 20 10 M M 0 25 360
19 73 46 60 -9 5 0 0.00 0.0 0 2.6 10 70 M M 1 15 40
20 82 50 66 -4 0 1 0.00 0.0 0 10.6 25 360 M M 2 32 360
21 67 44 56 -14 9 0 0.00 0.0 0 11.8 22 20 M M 2 28 20
22 72 49 61 -9 4 0 T 0.0 0 10.0 17 130 M M 7 22 130
23 76 65 71 1 0 6 1.68 0.0 0 8.1 23 150 M M 10 1238 28 150
24 81 62 72 1 0 7 0.00 0.0 0 10.1 18 360 M M 2 12 24 310
25 83 58 71 0 0 6 0.00 0.0 0 9.8 18 160 M M 0 22 160
26 83 65 74 3 0 9 0.00 0.0 0 13.3 22 170 M M 4 27 150
27 79 70 75 4 0 10 T 0.0 0 12.5 22 120 M M 7 28 140
28 87 74 81 9 0 16 T 0.0 0 16.9 28 160 M M 8 3 35 170
29 84 72 78 6 0 13 0.28 0.0 0 7.1 20 140 M M 7 13 25 150
30 76 69 73 1 0 8 0.23 0.0 0 9.5 18 130 M M 7 1 24 130
================================================================================
SM 2327 1735 55 145 3.29 0.0 292.7 M 148
================================================================================
AV 77.6 57.8 9.8 FASTST M M 5 MAX(MPH)
MISC ----> 37 320 50 340
================================================================================
NOTES:
# LAST OF SEVERAL OCCURRENCES
COLUMN 17 PEAK WIND IN M.P.H.
PRELIMINARY LOCAL CLIMATOLOGICAL DATA (WS FORM: F-6) , PAGE 2
STATION: COLLEGE STATION
MONTH: APRIL
YEAR: 2021
LATITUDE: 30 34 N
LONGITUDE: 96 22 W
[TEMPERATURE DATA] [PRECIPITATION DATA] SYMBOLS USED IN COLUMN 16
AVERAGE MONTHLY: 67.7 TOTAL FOR MONTH: 3.29 1 = FOG OR MIST
DPTR FM NORMAL: -0.8 DPTR FM NORMAL: 0.63 2 = FOG REDUCING VISIBILITY
HIGHEST: 87 ON 28 GRTST 24HR 1.68 ON 23-23 TO 1/4 MILE OR LESS
LOWEST: 42 ON 2 3 = THUNDER
SNOW, ICE PELLETS, HAIL 4 = ICE PELLETS
TOTAL MONTH: 0.0 INCH 5 = HAIL
GRTST 24HR 0.0 6 = FREEZING RAIN OR DRIZZLE
GRTST DEPTH: 0 7 = DUSTSTORM OR SANDSTORM:
VSBY 1/2 MILE OR LESS
8 = SMOKE OR HAZE
[NO. OF DAYS WITH] [WEATHER - DAYS WITH] 9 = BLOWING SNOW
X = TORNADO
MAX 32 OR BELOW: 0 0.01 INCH OR MORE: 11
MAX 90 OR ABOVE: 0 0.10 INCH OR MORE: 6
MIN 32 OR BELOW: 0 0.50 INCH OR MORE: 1
MIN 0 OR BELOW: 0 1.00 INCH OR MORE: 1
[HDD (BASE 65) ]
TOTAL THIS MO. 55 CLEAR (SCALE 0-3) 11
DPTR FM NORMAL 8 PTCLDY (SCALE 4-7) 14
TOTAL FM JUL 1 1534 CLOUDY (SCALE 8-10) 5
DPTR FM NORMAL -71
[CDD (BASE 65) ]
TOTAL THIS MO. 145
DPTR FM NORMAL -7 [PRESSURE DATA]
TOTAL FM JAN 1 239 HIGHEST SLP 30.54 ON 1
DPTR FM NORMAL 0 LOWEST SLP 29.55 ON 9
[REMARKS]
#FINAL-04-21#