000
CXUS54 KHGX 251637
CF6CLL
PRELIMINARY LOCAL CLIMATOLOGICAL DATA (WS FORM: F-6)
STATION: COLLEGE STATION
MONTH: SEPTEMBER
YEAR: 2020
LATITUDE: 30 34 N
LONGITUDE: 96 22 W
TEMPERATURE IN F: :PCPN: SNOW: WIND :SUNSHINE: SKY :PK WND
================================================================================
1 2 3 4 5 6A 6B 7 8 9 10 11 12 13 14 15 16 17 18
12Z AVG MX 2MIN
DY MAX MIN AVG DEP HDD CDD WTR SNW DPTH SPD SPD DIR MIN PSBL S-S WX SPD DR
================================================================================
1 100 83 92 8 0 27 T 0.0 0 15.5 24 160 M M 6 31 170
2 89 75 82 -2 0 17 0.04 0.0 0 5.8 21 10 M M 6 18 29 290
3 87 72 80 -4 0 15 0.59 0.0 0 7.1 26 240 M M 3 13 34 230
4 86 72 79 -4 0 14 0.88 0.0 0 7.0 21 120 M M 2 13 29 110
5 92 73 83 0 0 18 0.15 0.0 0 5.7 20 70 M M 3 13 26 80
6 94 72 83 0 0 18 0.00 0.0 0 3.8 17 150 M M 0 22 160
7 94 73 84 1 0 19 0.00 0.0 0 6.4 16 140 M M 1 22 150
8 85 76 81 -1 0 16 0.07 0.0 0 6.0 15 230 M M 2 1 19 230
9 92 67 80 -2 0 15 0.13 0.0 0 8.2 21 240 M M 3 13 27 170
10 73 61 67 -15 0 2 0.17 0.0 0 10.0 15 330 M M 10 1 20 310
11 88 67 78 -4 0 13 0.00 0.0 0 8.8 16 340 M M 6 20 330
12 93 71 82 0 0 17 0.00 0.0 0 8.1 15 340 M M 1 19 10
13 94 75 85 4 0 20 0.27 0.0 0 8.8 21 110 M M 2 13 27 30
14 90 74 82 1 0 17 T 0.0 0 10.6 17 360 M M 4 22 50
15 90 75 83 2 0 18 0.03 0.0 0 8.0 18 360 M M 3 22 360
16 92 74 83 2 0 18 0.00 0.0 0 7.7 14 10 M M 2 1 19 10
17 90 72 81 1 0 16 T 0.0 0 8.2 22 350 M M 1 3 27 360
18 89 72 81 1 0 16 0.00 0.0 0 12.5 22 10 M M 0 28 30
19 86 68 77 -3 0 12 0.00 0.0 0 12.8 22 10 M M 0 18 27 10
20 86 62 74 -6 0 9 0.08 0.0 0 11.5 22 20 M M 4 1 29 20
21 74 70 72 -7 0 7 0.14 0.0 0 14.4 21 40 M M 10 1 28 50
22 73 70 72 -7 0 7 1.22 0.0 0 13.4 18 30 M M 10 1 26 20
23 81 68 75 -4 0 10 0.01 0.0 0 11.7 18 340 M M 10 1 23 330
24 74 67 71 -7 0 6 T 0.0 0 6.6 13 350 M M 10 1 16 10
25 85 60 73 -5 0 8 0.00 0.0 0 1.2 7 130 M M 1 1 11 260
26 88 64 76 -2 0 11 0.00 0.0 0 7.4 14 170 M M 1 1 21 190
27 91 75 83 5 0 18 0.00 0.0 0 12.5 17 180 M M 5 25 180
28 79 61 70 -7 0 5 0.04 0.0 0 15.4 29 360 M M 6 1 39 10
29 82 53 68 -9 0 3 0.00 0.0 0 5.5 18 360 M M 0 22 360
30 85 53 69 -8 0 4 0.00 0.0 0 3.3 14 240 M M 0 19 220
================================================================================
SM 2602 2075 0 396 3.82 0.0 263.9 M 112
================================================================================
AV 86.7 69.2 8.8 FASTST M M 4 MAX(MPH)
MISC ----> 29 360 39 10
================================================================================
NOTES:
# LAST OF SEVERAL OCCURRENCES
COLUMN 17 PEAK WIND IN M.P.H.
PRELIMINARY LOCAL CLIMATOLOGICAL DATA (WS FORM: F-6) , PAGE 2
STATION: COLLEGE STATION
MONTH: SEPTEMBER
YEAR: 2020
LATITUDE: 30 34 N
LONGITUDE: 96 22 W
[TEMPERATURE DATA] [PRECIPITATION DATA] SYMBOLS USED IN COLUMN 16
AVERAGE MONTHLY: 78.0 TOTAL FOR MONTH: 3.82 1 = FOG OR MIST
DPTR FM NORMAL: -2.7 DPTR FM NORMAL: 0.32 2 = FOG REDUCING VISIBILITY
HIGHEST: 100 ON 1 GRTST 24HR 1.22 ON 22-22 TO 1/4 MILE OR LESS
LOWEST: 53 ON 30,29 3 = THUNDER
SNOW, ICE PELLETS, HAIL 4 = ICE PELLETS
TOTAL MONTH: 0.0 INCH 5 = HAIL
GRTST 24HR 0.0 6 = FREEZING RAIN OR DRIZZLE
GRTST DEPTH: 0 7 = DUSTSTORM OR SANDSTORM:
VSBY 1/2 MILE OR LESS
8 = SMOKE OR HAZE
[NO. OF DAYS WITH] [WEATHER - DAYS WITH] 9 = BLOWING SNOW
X = TORNADO
MAX 32 OR BELOW: 0 0.01 INCH OR MORE: 14
MAX 90 OR ABOVE: 12 0.10 INCH OR MORE: 8
MIN 32 OR BELOW: 0 0.50 INCH OR MORE: 3
MIN 0 OR BELOW: 0 1.00 INCH OR MORE: 1
[HDD (BASE 65) ]
TOTAL THIS MO. 0 CLEAR (SCALE 0-3) 18
DPTR FM NORMAL -1 PTCLDY (SCALE 4-7) 7
TOTAL FM JUL 1 0 CLOUDY (SCALE 8-10) 5
DPTR FM NORMAL 0
[CDD (BASE 65) ]
TOTAL THIS MO. 396
DPTR FM NORMAL -73 [PRESSURE DATA]
TOTAL FM JAN 1 3025 HIGHEST SLP M ON M
DPTR FM NORMAL 154 LOWEST SLP 29.72 ON 1
[REMARKS]
#FINAL-09-20#