000
CXUS55 KRIW 011010
CF6CPR
PRELIMINARY LOCAL CLIMATOLOGICAL DATA (WS FORM: F-6)
STATION: CASPER WY
MONTH: JUNE
YEAR: 2023
LATITUDE: 42 55 N
LONGITUDE: 106 28 W
TEMPERATURE IN F: :PCPN: SNOW: WIND :SUNSHINE: SKY :PK WND
================================================================================
1 2 3 4 5 6A 6B 7 8 9 10 11 12 13 14 15 16 17 18
12Z AVG MX 2MIN
DY MAX MIN AVG DEP HDD CDD WTR SNW DPTH SPD SPD DIR MIN PSBL S-S WX SPD DR
================================================================================
1 66 45 56 -2 9 0 0.41 0.0 0 5.9 16 120 M M 5 13 23 130
2 65 50 58 0 7 0 0.09 0.0 0 5.8 16 90 M M 8 13 28 210
3 68 49 59 1 6 0 0.01 0.0 0 8.0 20 100 M M 6 26 110
4 69 51 60 1 5 0 0.51 0.0 0 3.5 12 90 M M 7 138 16 80
5 77 48 63 4 2 0 T 0.0 0 5.1 15 180 M M 3 123 20 190
6 82 44 63 4 2 0 0.24 0.0 0 5.6 21 280 M M 1 3 28 290
7 75 51 63 3 2 0 0.13 0.0 0 5.8 21 340 M M 2 13 29 360
8 75 50 63 3 2 0 0.02 0.0 0 6.1 14 140 M M 2 13 18 110
9 76 49 63 3 2 0 0.33 0.0 0 7.2 29 260 M M 2 3 43 240
10 67 51 59 -2 6 0 0.03 0.0 0 8.0 21 10 M M 5 13 28 10
11 68 50 59 -2 6 0 0.11 0.0 0 9.5 24 90 M M 6 13 34 70
12 68 48 58 -3 7 0 T 0.0 0 6.3 20 220 M M 7 138 28 180
13 74 42 58 -4 7 0 0.00 0.0 0 4.1 17 120 M M 3 123 23 110
14 78 48 63 1 2 0 T 0.0 0 14.4 26 230 M M 2 3 40 120
15 69 47 58 -4 7 0 0.33 0.0 0 10.0 21 350 M M 8 13 29 20
16 56 39 48 -15 17 0 0.55 0.0 0 5.7 15 40 M M 7 1 19 50
17 72 38 55 -8 10 0 0.00 0.0 0 9.5 22 250 M M 2 3 33 280
18 80 46 63 0 2 0 0.00 0.0 0 13.5 29 230 M M 1 42 240
19 84 50 67 3 0 2 0.00 0.0 0 11.7 30 220 M M 1 44 210
20 79 46 63 -1 2 0 T 0.0 0 5.9 39 300 M M 2 3 57 290
21 65 49 57 -7 8 0 0.00 0.0 0 9.2 16 20 M M 9 13 21 40
22 61 49 55 -10 10 0 0.07 0.0 0 9.7 22 20 M M 9 13 29 20
23 80 44 62 -3 3 0 T 0.0 0 10.4 35 320 M M 1 123 49 310
24 70 41 56 -9 9 0 0.00 0.0 0 12.6 28 290 M M 2 37 290
25 78 38 58 -8 7 0 0.00 0.0 0 7.2 17 90 M M 0 24 90
26 81 53 67 1 0 2 0.00 0.0 0 11.6 24 110 M M 2 3 33 100
27 79 55 67 1 0 2 T 0.0 0 6.9 18 20 M M 6 3 25 10
28 83 48 66 -1 0 1 0.00 0.0 0 7.8 25 280 M M 1 8 35 280
29 76 44 60 -7 5 0 0.44 0.0 0 5.3 28 10 M M 2 13 42 20
30 75 50 63 -4 2 0 0.02 0.0 0 7.5 18 200 M M 4 3 24 190
================================================================================
SM 2196 1413 147 7 3.29 0.0 239.8 M 116
================================================================================
AV 73.2 47.1 8.0 FASTST M M 4 MAX(MPH)
MISC ----> 39 300 57 290
================================================================================
NOTES:
# LAST OF SEVERAL OCCURRENCES
COLUMN 17 PEAK WIND IN M.P.H.
PRELIMINARY LOCAL CLIMATOLOGICAL DATA (WS FORM: F-6) , PAGE 2
STATION: CASPER WY
MONTH: JUNE
YEAR: 2023
LATITUDE: 42 55 N
LONGITUDE: 106 28 W
[TEMPERATURE DATA] [PRECIPITATION DATA] SYMBOLS USED IN COLUMN 16
AVERAGE MONTHLY: 60.2 TOTAL FOR MONTH: 3.29 1 = FOG OR MIST
DPTR FM NORMAL: -2.4 DPTR FM NORMAL: 1.95 2 = FOG REDUCING VISIBILITY
HIGHEST: 84 ON 19 GRTST 24HR 0.88 ON 15-16 TO 1/4 MILE OR LESS
LOWEST: 38 ON 25,17 3 = THUNDER
SNOW, ICE PELLETS, HAIL 4 = ICE PELLETS
TOTAL MONTH: 0.0 INCH 5 = HAIL
GRTST 24HR 0.0 6 = FREEZING RAIN OR DRIZZLE
GRTST DEPTH: 0 7 = DUSTSTORM OR SANDSTORM:
VSBY 1/2 MILE OR LESS
8 = SMOKE OR HAZE
[NO. OF DAYS WITH] [WEATHER - DAYS WITH] 9 = BLOWING SNOW
X = TORNADO
MAX 32 OR BELOW: 0 0.01 INCH OR MORE: 15
MAX 90 OR ABOVE: 0 0.10 INCH OR MORE: 9
MIN 32 OR BELOW: 0 0.50 INCH OR MORE: 2
MIN 0 OR BELOW: 0 1.00 INCH OR MORE: 0
[HDD (BASE 65) ]
TOTAL THIS MO. 147 CLEAR (SCALE 0-3) 17
DPTR FM NORMAL 21 PTCLDY (SCALE 4-7) 10
TOTAL FM JUL 1 8085 CLOUDY (SCALE 8-10) 3
DPTR FM NORMAL 598
[CDD (BASE 65) ]
TOTAL THIS MO. 7
DPTR FM NORMAL -44 [PRESSURE DATA]
TOTAL FM JAN 1 7 HIGHEST SLP 30.19 ON 16
DPTR FM NORMAL -48 LOWEST SLP 29.51 ON 18
[REMARKS]
#FINAL-06-23#