000
CXUS55 KRIW 011010
CF6CPR
PRELIMINARY LOCAL CLIMATOLOGICAL DATA (WS FORM: F-6)
STATION: CASPER WY
MONTH: MAY
YEAR: 2021
LATITUDE: 42 55 N
LONGITUDE: 106 28 W
TEMPERATURE IN F: :PCPN: SNOW: WIND :SUNSHINE: SKY :PK WND
================================================================================
1 2 3 4 5 6A 6B 7 8 9 10 11 12 13 14 15 16 17 18
12Z AVG MX 2MIN
DY MAX MIN AVG DEP HDD CDD WTR SNW DPTH SPD SPD DIR MIN PSBL S-S WX SPD DR
================================================================================
1 77 48 63 17 2 0 0.01 0.0 0 12.4 28 300 M M 3 35 300
2 56 38 47 1 18 0 0.08 0.0 0 16.6 29 20 M M 8 1 38 40
3 50 35 43 -4 22 0 T 0.0 0 11.1 20 40 M M 9 26 40
4 58 28 43 -4 22 0 0.03 0.0 0 10.5 29 360 M M 6 3 36 350
5 62 28 45 -3 20 0 0.02 0.0 0 9.7 22 80 M M 3 31 60
6 73 26 50 2 15 0 0.00 0.0 0 6.5 17 80 M M 0 23 60
7 83 30 57 9 8 0 0.00 0.0 0 6.4 22 280 M M 0 36 280
8 64 28 46 -3 19 0 T T 0 12.0 35 350 M M 6 15 43 340
9 55 25 40 -9 25 0 T 0.0 0 10.6 26 50 M M 3 32 50
10 43 35 39 -11 26 0 0.07 0.0 0 15.6 25 70 M M 10 1 31 60
11 52 31 42 -8 23 0 T 0.0 0 8.6 18 90 M M 8 26 90
12 64 27 46 -4 19 0 T 0.0 0 9.2 25 350 M M 3 33 350
13 74 29 52 1 13 0 0.00 0.0 0 10.8 22 280 M M 1 33 280
14 68 42 55 4 10 0 0.03 0.0 0 8.9 21 90 M M 5 32 60
15 70 37 54 2 11 0 0.29 0.0 0 8.4 23 350 M M 5 13 39 60
16 67 40 54 2 11 0 0.00 0.0 0 8.0 18 90 M M 4 1 24 90
17 72 40 56 4 9 0 0.00 0.0 0 7.7 18 100 M M 0 25 100
18 78 46 62 9 3 0 0.00 0.0 0 8.1 23 220 M M 0 30 230
19 73 44 59 6 6 0 0.00 0.0 0 10.1 24 270 M M 1 31 280
20 83 40 62 8 3 0 T 0.0 0 12.6 37 360 M M 2 1 46 20
21 43 33 38 -16 27 0 0.05 T 0 16.7 26 10 M M 10 18 33 20
22 61 33 47 -7 18 0 T 0.0 0 15.8 31 70 M M 8 1 41 80
23 67 44 56 1 9 0 0.00 0.0 0 19.5 38 240 M M 4 1 52 250
24 67 42 55 0 10 0 0.00 0.0 0 26.9 43 240 M M 0 55 240
25 72 39 56 0 9 0 0.00 0.0 0 11.0 24 310 M M 3 34 270
26 74 39 57 1 8 0 0.02 0.0 0 10.1 31 270 M M 1 3 43 270
27 71 31 51 -5 14 0 0.00 0.0 0 8.6 21 290 M M 1 31 300
28 80 39 60 4 5 0 T 0.0 0 11.4 38 290 M M 3 12 60 280
29 71 41 56 -1 9 0 0.00 0.0 0 9.9 22 60 M M 4 27 60
30 66 40 53 -4 12 0 0.00 0.0 0 13.2 24 60 M M 5 3 32 90
31 75 34 55 -3 10 0 0.00 0.0 0 4.5 13 120 M M 0 24 50
================================================================================
SM 2069 1112 416 0 0.60 T 351.4 M 116
================================================================================
AV 66.7 35.9 11.3 FASTST M M 4 MAX(MPH)
MISC ----> 43 240 60 280
================================================================================
NOTES:
# LAST OF SEVERAL OCCURRENCES
COLUMN 17 PEAK WIND IN M.P.H.
PRELIMINARY LOCAL CLIMATOLOGICAL DATA (WS FORM: F-6) , PAGE 2
STATION: CASPER WY
MONTH: MAY
YEAR: 2021
LATITUDE: 42 55 N
LONGITUDE: 106 28 W
[TEMPERATURE DATA] [PRECIPITATION DATA] SYMBOLS USED IN COLUMN 16
AVERAGE MONTHLY: 51.3 TOTAL FOR MONTH: 0.60 1 = FOG OR MIST
DPTR FM NORMAL: -0.7 DPTR FM NORMAL: -1.61 2 = FOG REDUCING VISIBILITY
HIGHEST: 83 ON 20, 7 GRTST 24HR 0.29 ON 14-15 TO 1/4 MILE OR LESS
LOWEST: 25 ON 9 3 = THUNDER
SNOW, ICE PELLETS, HAIL 4 = ICE PELLETS
TOTAL MONTH: T 5 = HAIL
GRTST 24HR T ON 8- 8 6 = FREEZING RAIN OR DRIZZLE
GRTST DEPTH: 0 7 = DUSTSTORM OR SANDSTORM:
VSBY 1/2 MILE OR LESS
8 = SMOKE OR HAZE
[NO. OF DAYS WITH] [WEATHER - DAYS WITH] 9 = BLOWING SNOW
X = TORNADO
MAX 32 OR BELOW: 0 0.01 INCH OR MORE: 9
MAX 90 OR ABOVE: 0 0.10 INCH OR MORE: 1
MIN 32 OR BELOW: 10 0.50 INCH OR MORE: 0
MIN 0 OR BELOW: 0 1.00 INCH OR MORE: 0
[HDD (BASE 65) ]
TOTAL THIS MO. 416 CLEAR (SCALE 0-3) 17
DPTR FM NORMAL 7 PTCLDY (SCALE 4-7) 11
TOTAL FM JUL 1 7666 CLOUDY (SCALE 8-10) 3
DPTR FM NORMAL 305
[CDD (BASE 65) ]
TOTAL THIS MO. 0
DPTR FM NORMAL -4 [PRESSURE DATA]
TOTAL FM JAN 1 0 HIGHEST SLP 30.35 ON 6
DPTR FM NORMAL -4 LOWEST SLP 29.44 ON 2
[REMARKS]
#FINAL-05-21#