000
CXUS52 KJAX 030714
CF6CRG
PRELIMINARY LOCAL CLIMATOLOGICAL DATA (WS FORM: F-6)
STATION: CRAIG EXEC ARPT
MONTH: DECEMBER
YEAR: 2020
LATITUDE: 30 19 N
LONGITUDE: 81 31 W
TEMPERATURE IN F: :PCPN: SNOW: WIND :SUNSHINE: SKY :PK WND
================================================================================
1 2 3 4 5 6A 6B 7 8 9 10 11 12 13 14 15 16 17 18
12Z AVG MX 2MIN
DY MAX MIN AVG DEP HDD CDD WTR SNW DPTH SPD SPD DIR MIN PSBL S-S WX SPD DR
================================================================================
1 53 37 45 -14 20 0 0.00 0.0 0 10.6 23 310 M M 0 32 300
2 56 34 45 -14 20 0 0.00 0.0 0 4.6 14 320 M M 0 18 320
3 71 37 54 -5 11 0 0.00 0.0 0 3.5 12 110 M M 3 1 15 130
4 77 56 67 8 0 2 0.02 0.0 0 5.3 17 220 M M 7 1 23 200
5 69 47 58 0 7 0 0.02 0.0 0 7.8 18 320 M M 1 1 23 320
6 67 44 56 -2 9 0 0.03 0.0 0 2.2 8 180 M M 5 11 190
7 66 47 57 -1 8 0 0.07 0.0 0 9.3 26 320 M M 5 1 36 320
8 56 37 47 -11 18 0 0.00 0.0 0 7.9 23 320 M M 0 27 320
9 63 34 49 -9 16 0 0.00 0.0 0 5.0 16 300 M M 0 20 310
10 71 41 56 -1 9 0 0.00 0.0 0 1.7 7 110 M M 0 12 10 240
11 73 42 58 1 7 0 0.00 0.0 0 1.7 13 210 M M 0 1 17 220
12 70 49 60 3 5 0 T 0.0 0 1.6 9 220 M M 7 1 11 220
13 76 62 69 12 0 4 0.00 0.0 0 3.3 10 170 M M 6 12 13 170
14 82 60 71 15 0 6 0.00 0.0 0 10.6 21 340 M M 4 1 27 200
15 67 53 60 4 5 0 0.00 0.0 0 11.5 21 10 M M 9 1 28 10
16 63 49 56 0 9 0 1.33 0.0 0 5.3 16 330 M M 10 13 21 330
17 56 43 50 -6 15 0 0.00 0.0 0 10.5 20 330 M M 8 1 24 320
18 53 36 45 -11 20 0 0.00 0.0 0 8.3 18 350 M M 1 23 330
19 62 44 53 -2 12 0 0.01 0.0 0 7.1 17 30 M M 5 12 25 40
20 71 50 61 6 4 0 0.01 0.0 0 2.9 16 330 M M 8 12 19 340
21 66 50 58 3 7 0 0.05 0.0 0 8.7 18 320 M M 4 1 22 330
22 70 43 57 2 8 0 0.00 0.0 0 4.2 14 320 M M 0 1 20 320
23 74 41 58 3 7 0 0.00 0.0 0 2.6 16 170 M M 0 21 170
24 80 47 64 9 1 0 0.54 0.0 0 12.5 36 270 M M 4 1 50 270
25 50 34 42 -13 23 0 0.00 0.0 0 13.9 25 300 M M 0 34 310
26 50 31 41 -13 24 0 0.00 0.0 0 4.0 12 330 M M 0 18 14 330
27 60 30 45 -9 20 0 0.00 0.0 0 2.8 13 80 M M 0 18 15 70
28 69 41 55 1 10 0 0.00 0.0 0 3.5 14 70 M M 3 12 17 80
29 67 42 55 1 10 0 T 0.0 0 5.1 15 60 M M 5 12 20 30
30 72 57 65 11 0 0 0.00 0.0 0 3.9 16 160 M M 8 1 20 150
31 81 62 72 18 0 7 T 0.0 0 12.2 21 150 M M 1 1 26 160
================================================================================
SM 2061 1380 305 19 2.08 0.0 194.1 M 104
================================================================================
AV 66.5 44.5 6.3 FASTST M M 3 MAX(MPH)
MISC ----> 36 270 50 270
================================================================================
NOTES:
# LAST OF SEVERAL OCCURRENCES
COLUMN 17 PEAK WIND IN M.P.H.
PRELIMINARY LOCAL CLIMATOLOGICAL DATA (WS FORM: F-6) , PAGE 2
STATION: CRAIG EXEC ARPT
MONTH: DECEMBER
YEAR: 2020
LATITUDE: 30 19 N
LONGITUDE: 81 31 W
[TEMPERATURE DATA] [PRECIPITATION DATA] SYMBOLS USED IN COLUMN 16
AVERAGE MONTHLY: 55.5 TOTAL FOR MONTH: 2.08 1 = FOG OR MIST
DPTR FM NORMAL: -0.7 DPTR FM NORMAL: -0.99 2 = FOG REDUCING VISIBILITY
HIGHEST: 82 ON 14 GRTST 24HR 1.33 ON 16-16 TO 1/4 MILE OR LESS
LOWEST: 30 ON 27 3 = THUNDER
SNOW, ICE PELLETS, HAIL 4 = ICE PELLETS
TOTAL MONTH: 0.0 INCH 5 = HAIL
GRTST 24HR 0.0 6 = FREEZING RAIN OR DRIZZLE
GRTST DEPTH: 0 7 = DUSTSTORM OR SANDSTORM:
VSBY 1/2 MILE OR LESS
8 = SMOKE OR HAZE
[NO. OF DAYS WITH] [WEATHER - DAYS WITH] 9 = BLOWING SNOW
X = TORNADO
MAX 32 OR BELOW: 0 0.01 INCH OR MORE: 9
MAX 90 OR ABOVE: 0 0.10 INCH OR MORE: 2
MIN 32 OR BELOW: 2 0.50 INCH OR MORE: 2
MIN 0 OR BELOW: 0 1.00 INCH OR MORE: 1
[HDD (BASE 65) ]
TOTAL THIS MO. 305 CLEAR (SCALE 0-3) 16
DPTR FM NORMAL 12 PTCLDY (SCALE 4-7) 12
TOTAL FM JUL 1 333 CLOUDY (SCALE 8-10) 3
DPTR FM NORMAL -94
[CDD (BASE 65) ]
TOTAL THIS MO. 19
DPTR FM NORMAL -3 [PRESSURE DATA]
TOTAL FM JAN 1 3417 HIGHEST SLP 30.40 ON 29
DPTR FM NORMAL 795 LOWEST SLP 29.70 ON 24
[REMARKS]
#FINAL-12-20#