120
CXUS54 KOUN 010910
CF6CSM
PRELIMINARY LOCAL CLIMATOLOGICAL DATA (WS FORM: F-6)
STATION: CLINTON
MONTH: DECEMBER
YEAR: 2020
LATITUDE: 35 20 N
LONGITUDE: 99 12 W
TEMPERATURE IN F: :PCPN: SNOW: WIND :SUNSHINE: SKY :PK WND
================================================================================
1 2 3 4 5 6A 6B 7 8 9 10 11 12 13 14 15 16 17 18
12Z AVG MX 2MIN
DY MAX MIN AVG DEP HDD CDD WTR SNW DPTH SPD SPD DIR MIN PSBL S-S WX SPD DR
================================================================================
1 55 27 41 -2 24 0 0.00 M M 11.9 23 160 M M 0 28 160
2 37 31 34 -9 31 0 0.01 M M 17.5 30 360 M M 8 1 35 360
3 38 27 33 -10 32 0 T M M 16.2 30 340 M M 8 1 36 340
4 55 25 40 -2 25 0 0.00 M M 8.0 15 300 M M 0 16 300
5 58 33 46 4 19 0 0.00 M M 10.6 18 10 M M 0 23 10
6 60 31 46 4 19 0 0.00 M M 10.2 16 360 M M 0 21 360
7 66 33 50 9 15 0 0.00 0.0 M 9.6 16 310 M M 0 19 330
8 69 35 52 11 13 0 0.00 0.0 M 9.0 17 300 M M 0 20 300
9 69 33 51 10 14 0 0.00 0.0 M 8.1 14 170 M M 0 15 310
10 68 32 50 10 15 0 T M M 10.2 18 210 M M 2 22 210
11 50 34 42 2 23 0 T M M 14.9 24 330 M M 3 30 330
12 45 29 37 -3 28 0 0.00 M M 10.8 21 320 M M 0 24 10
13 35 24 30 -10 35 0 0.19 M M 16.5 30 360 M M 7 13 35 360
14 36 17 27 -12 38 0 0.00 M M 8.3 16 160 M M 0 1 18 160
15 32 28 30 -9 35 0 M M M 11.0 18 100 M M 8 12 24 100
16 39 16 28 -11 37 0 0.00 M M 7.9 14 280 M M 2 1 17 310
17 52 26 39 0 26 0 0.00 0.0 M 12.3 24 170 M M 0 29 160
18 51 37 44 6 21 0 0.00 M M 19.1 32 190 M M 0 39 190
19 52 32 42 4 23 0 0.00 M M 9.4 17 360 M M 1 20 330
20 58 33 46 8 19 0 0.00 M M 11.4 20 310 M M 0 23 310
21 63 37 50 12 15 0 0.00 M M 9.8 16 10 M M 0 18 10
22 65 33 49 11 16 0 0.00 M M 17.9 37 190 M M 0 47 190
23 55 23 39 1 26 0 0.00 0.0 M 23.2 43 340 M M 0 7 50 330
24 53 20 37 -1 28 0 0.00 M M 14.8 36 310 M M 1 41 320
25 64 26 45 7 20 0 0.00 M M 10.1 20 210 M M 0 22 200
26 62 30 46 8 19 0 0.00 0.0 M 15.5 25 190 M M 0 30 180
27 64 34 49 11 16 0 0.00 M M 16.4 32 330 M M 0 40 320
28 43 36 40 3 25 0 T M M 13.1 20 60 M M 2 23 50
29 58 34 46 9 19 0 0.64 M M 17.6 33 170 M M 10 123 40 160
30 41 30 36 -1 29 0 0.02 M M 16.5 30 360 M M 6 18 36 360
31 36 25 31 -6 34 0 0.28 M M 16.1 33 360 M M 4 6 42 10
================================================================================
SM 1629 911 739 0 1.14 0.0 403.9 M 62
================================================================================
AV 52.5 29.4 13.0 FASTST M M 2 MAX(MPH)
MISC ----> 43 340 50 330
================================================================================
NOTES:
# LAST OF SEVERAL OCCURRENCES
COLUMN 17 PEAK WIND IN M.P.H.
PRELIMINARY LOCAL CLIMATOLOGICAL DATA (WS FORM: F-6) , PAGE 2
STATION: CLINTON
MONTH: DECEMBER
YEAR: 2020
LATITUDE: 35 20 N
LONGITUDE: 99 12 W
[TEMPERATURE DATA] [PRECIPITATION DATA] SYMBOLS USED IN COLUMN 16
AVERAGE MONTHLY: 41.0 TOTAL FOR MONTH: 1.14 1 = FOG OR MIST
DPTR FM NORMAL: 1.5 DPTR FM NORMAL: 0.10 2 = FOG REDUCING VISIBILITY
HIGHEST: 69 ON 9, 8 GRTST 24HR 0.64 ON 29-29 TO 1/4 MILE OR LESS
LOWEST: 16 ON 16 3 = THUNDER
SNOW, ICE PELLETS, HAIL 4 = ICE PELLETS
TOTAL MONTH: 0.0 INCH 5 = HAIL
GRTST 24HR 0.0 6 = FREEZING RAIN OR DRIZZLE
GRTST DEPTH: M ON M 7 = DUSTSTORM OR SANDSTORM:
VSBY 1/2 MILE OR LESS
8 = SMOKE OR HAZE
[NO. OF DAYS WITH] [WEATHER - DAYS WITH] 9 = BLOWING SNOW
X = TORNADO
MAX 32 OR BELOW: 1 0.01 INCH OR MORE: 5
MAX 90 OR ABOVE: 0 0.10 INCH OR MORE: 3
MIN 32 OR BELOW: 19 0.50 INCH OR MORE: 1
MIN 0 OR BELOW: 0 1.00 INCH OR MORE: 0
[HDD (BASE 65) ]
TOTAL THIS MO. 739 CLEAR (SCALE 0-3) 24
DPTR FM NORMAL -53 PTCLDY (SCALE 4-7) 6
TOTAL FM JUL 1 1416 CLOUDY (SCALE 8-10) 1
DPTR FM NORMAL -38
[CDD (BASE 65) ]
TOTAL THIS MO. 0
DPTR FM NORMAL 0 [PRESSURE DATA]
TOTAL FM JAN 1 1968 HIGHEST SLP 30.38 ON 28
DPTR FM NORMAL -5 LOWEST SLP 29.62 ON 23
[REMARKS]
#FINAL-12-20#