000
CXUS55 KOHX 051134
CF6CSV
PRELIMINARY LOCAL CLIMATOLOGICAL DATA (WS FORM: F-6)
STATION: CROSSVILLE
MONTH: NOVEMBER
YEAR: 2022
LATITUDE: 35 57 N
LONGITUDE: 85 5 W
TEMPERATURE IN F: :PCPN: SNOW: WIND :SUNSHINE: SKY :PK WND
================================================================================
1 2 3 4 5 6A 6B 7 8 9 10 11 12 13 14 15 16 17 18
12Z AVG MX 2MIN
DY MAX MIN AVG DEP HDD CDD WTR SNW DPTH SPD SPD DIR MIN PSBL S-S WX SPD DR
================================================================================
1 69 52 61 11 4 0 T M M 3.7 13 300 M M 4 1 16 330
2 69 49 59 9 6 0 0.00 M M 1.6 8 340 M M 2 1 13 260
3 71 45 58 8 7 0 0.00 M M 2.6 9 70 M M 2 1 15 200
4 70 48 59 9 6 0 0.00 M M 5.4 13 190 M M 0 1 22 190
5 67 58 63 14 2 0 0.00 M M 8.4 20 190 M M 5 36 180
6 71 54 63 14 2 0 0.10 M M 2.8 12 200 M M 8 18 17 200
7 76 58 67 19 0 2 0.00 M M 4.2 12 60 M M 6 12 16 50
8 77 49 63 15 2 0 0.00 M M 4.2 9 20 M M 4 13 80
9 72 46 59 11 6 0 0.00 M M 2.4 9 80 M M 0 13 150
10 70 44 57 9 8 0 0.01 M M 4.5 13 110 M M 2 20 110
11 61 50 56 9 9 0 1.54 M M 6.3 15 320 M M 9 12 21 320
12 50 26 38 -9 27 0 0.12 M M 8.3 17 280 M M 10 12 23 290
13 30 26 28 -18 37 0 0.00 M M 8.9 16 330 M M 10 25 320
14 48 23 36 -10 29 0 0.00 M M 5.3 10 110 M M 0 8 17 150
15 46 36 41 -5 24 0 0.43 M M 4.7 14 310 M M 10 1 22 290
16 41 30 36 -10 29 0 0.00 M M 8.2 16 300 M M 8 26 330
17 38 20 29 -16 36 0 0.00 M M 5.7 16 270 M M 0 22 270
18 43 19 31 -14 34 0 0.00 M M 4.6 18 270 M M 1 1 27 250
19 42 19 31 -14 34 0 0.00 M M 6.5 18 270 M M 0 27 270
20 38 20 29 -15 36 0 0.00 M M 4.8 14 30 M M 0 21 40
21 52 18 35 -9 30 0 0.00 M M 2.3 13 210 M M 0 24 210
22 59 25 42 -2 23 0 0.00 M M 0.9 8 260 M M 0 12 260
23 63 28 46 2 19 0 0.00 M M 0.9 7 30 M M 0 11 80
24 65 36 51 8 14 0 0.00 M M 2.2 13 140 M M 0 18 21 180
25 59 42 51 8 14 0 T M M 5.5 14 360 M M 8 18 20
26 58 33 46 3 19 0 0.08 M M 5.6 13 180 M M 4 12 21 150
27 59 45 52 9 13 0 0.24 M M 9.1 21 230 M M 9 1 39 260
28 51 37 44 2 21 0 0.00 M M 3.4 12 270 M M 6 1 16 260
29 60 34 47 5 18 0 1.19 M M 8.0 20 160 M M 4 1 34 170
30 56 28 42 0 23 0 1.26 M M 8.6 24 290 M M 4 1 39 250
================================================================================
SM 1731 1098 532 2 4.97 M 149.6 M 116
================================================================================
AV 57.7 36.6 5.0 FASTST M M 4 MAX(MPH)
MISC ----> 24 290 # 39 260
================================================================================
NOTES:
# LAST OF SEVERAL OCCURRENCES
COLUMN 17 PEAK WIND IN M.P.H.
PRELIMINARY LOCAL CLIMATOLOGICAL DATA (WS FORM: F-6) , PAGE 2
STATION: CROSSVILLE
MONTH: NOVEMBER
YEAR: 2022
LATITUDE: 35 57 N
LONGITUDE: 85 5 W
[TEMPERATURE DATA] [PRECIPITATION DATA] SYMBOLS USED IN COLUMN 16
AVERAGE MONTHLY: 47.2 TOTAL FOR MONTH: 4.97 1 = FOG OR MIST
DPTR FM NORMAL: 1.2 DPTR FM NORMAL: 0.23 2 = FOG REDUCING VISIBILITY
HIGHEST: 77 ON 8 GRTST 24HR 2.45 ON 29-30 TO 1/4 MILE OR LESS
LOWEST: 18 ON 21 3 = THUNDER
SNOW, ICE PELLETS, HAIL 4 = ICE PELLETS
TOTAL MONTH: M 5 = HAIL
GRTST 24HR M ON M 6 = FREEZING RAIN OR DRIZZLE
GRTST DEPTH: M ON M 7 = DUSTSTORM OR SANDSTORM:
VSBY 1/2 MILE OR LESS
8 = SMOKE OR HAZE
[NO. OF DAYS WITH] [WEATHER - DAYS WITH] 9 = BLOWING SNOW
X = TORNADO
MAX 32 OR BELOW: 1 0.01 INCH OR MORE: 9
MAX 90 OR ABOVE: 0 0.10 INCH OR MORE: 7
MIN 32 OR BELOW: 12 0.50 INCH OR MORE: 3
MIN 0 OR BELOW: 0 1.00 INCH OR MORE: 3
[HDD (BASE 65) ]
TOTAL THIS MO. 532 CLEAR (SCALE 0-3) 14
DPTR FM NORMAL -40 PTCLDY (SCALE 4-7) 9
TOTAL FM JUL 1 970 CLOUDY (SCALE 8-10) 7
DPTR FM NORMAL 62
[CDD (BASE 65) ]
TOTAL THIS MO. 2
DPTR FM NORMAL 1 [PRESSURE DATA]
TOTAL FM JAN 1 977 HIGHEST SLP 30.47 ON 20
DPTR FM NORMAL 86 LOWEST SLP 29.59 ON 27
[REMARKS]
#FINAL-11-22#