000
CXUS56 KTFX 161541
CF6CTB
PRELIMINARY LOCAL CLIMATOLOGICAL DATA (WS FORM: F-6)
STATION: CUT BANK MT
MONTH: NOVEMBER
YEAR: 2023
LATITUDE: 48 37 N
LONGITUDE: 112 23 W
TEMPERATURE IN F: :PCPN: SNOW: WIND :SUNSHINE: SKY :PK WND
================================================================================
1 2 3 4 5 6A 6B 7 8 9 10 11 12 13 14 15 16 17 18
12Z AVG MX 2MIN
DY MAX MIN AVG DEP HDD CDD WTR SNW DPTH SPD SPD DIR MIN PSBL S-S WX SPD DR
================================================================================
1 50 18 34 -1 31 0 0.00 M 2 9.4 23 270 M M 0 30 270
2 45 34 40 5 25 0 0.14 M M 10.9 26 240 M M 8 1 36 240
3 54 30 42 7 23 0 0.00 M M 17.9 36 240 M M 1 1 45 240
4 54 34 44 10 21 0 T M M 11.5 28 220 M M 3 34 220
5 54 40 47 13 18 0 0.00 M M 17.2 36 250 M M 1 44 250
6 47 30 39 5 26 0 0.01 M M 9.0 21 260 M M 3 27 260
7 46 31 39 6 26 0 0.00 M M 20.7 35 250 M M 2 43 250
8 47 26 37 4 28 0 0.00 M M 19.3 35 250 M M 0 44 240
9 46 24 35 2 30 0 0.00 M M 9.2 21 260 M M 0 26 260
10 46 24 35 3 30 0 0.00 M M 17.1 36 250 M M 3 49 260
11 51 35 43 11 22 0 T M M 29.0 56 240 M M 2 72 240
12 49 31 40 8 25 0 0.00 M M 16.6 40 250 M M 0 50 260
13 60 21 41 10 24 0 0.00 M M 11.3 37 260 M M 0 50 270
14 47 31 39 8 26 0 0.00 M M 22.6 39 250 M M 0 51 260
15 53 26 40 9 25 0 0.23 M M 16.2 38 230 M M 5 12 55 200
16 36 21 29 -1 36 0 0.01 M 2 18.2 43 260 M M 4 18 53 270
17 50 31 41 11 24 0 0.00 M M 20.6 36 260 M M 0 45 260
18 55 27 41 11 24 0 0.00 M M 6.6 23 240 M M 0 32 240
19 53 27 40 10 25 0 0.00 M M 18.1 45 250 M M 0 58 240
20 47 30 39 10 26 0 0.00 M M 17.1 23 250 M M 0 33 250
21 57 35 46 17 19 0 0.00 M M 22.8 38 240 M M 0 51 250
22 50 25 38 9 27 0 T M M 14.3 30 250 M M 5 1 40 260
23 27 23 25 -3 40 0 0.02 M M 5.4 14 40 M M 10 1 17 40
24 24 8 16 -12 49 0 0.00 M M 5.9 13 180 M M 7 16 170
25 40 8 24 -4 41 0 0.00 M M 11.5 28 330 M M 3 37 330
26 40 17 29 2 36 0 0.00 M M 11.3 23 270 M M 1 28 260
27 43 18 31 4 34 0 0.00 M M 20.7 39 260 M M 0 50 250
28 54 33 44 17 21 0 0.00 M M 23.0 36 250 M M 0 46 250
29 42 18 30 4 35 0 0.00 M M 10.1 35 250 M M 1 43 250
30 29 15 22 -4 43 0 0.00 M M 5.8 14 150 M M 8 19 150
================================================================================
SM 1396 771 860 0 0.41 M 449.3 M 67
================================================================================
AV 46.5 25.7 15.0 FASTST M M 2 MAX(MPH)
MISC ----> 56 240 72 240
================================================================================
NOTES:
# LAST OF SEVERAL OCCURRENCES
COLUMN 17 PEAK WIND IN M.P.H.
PRELIMINARY LOCAL CLIMATOLOGICAL DATA (WS FORM: F-6) , PAGE 2
STATION: CUT BANK MT
MONTH: NOVEMBER
YEAR: 2023
LATITUDE: 48 37 N
LONGITUDE: 112 23 W
[TEMPERATURE DATA] [PRECIPITATION DATA] SYMBOLS USED IN COLUMN 16
AVERAGE MONTHLY: 36.1 TOTAL FOR MONTH: 0.41 1 = FOG OR MIST
DPTR FM NORMAL: 5.5 DPTR FM NORMAL: -0.01 2 = FOG REDUCING VISIBILITY
HIGHEST: 60 ON 13 GRTST 24HR 0.24 ON 15-16 TO 1/4 MILE OR LESS
LOWEST: 8 ON 25,24 3 = THUNDER
SNOW, ICE PELLETS, HAIL 4 = ICE PELLETS
TOTAL MONTH: M 5 = HAIL
GRTST 24HR M ON M 6 = FREEZING RAIN OR DRIZZLE
GRTST DEPTH: 2 ON 16, 1 7 = DUSTSTORM OR SANDSTORM:
VSBY 1/2 MILE OR LESS
8 = SMOKE OR HAZE
[NO. OF DAYS WITH] [WEATHER - DAYS WITH] 9 = BLOWING SNOW
X = TORNADO
MAX 32 OR BELOW: 3 0.01 INCH OR MORE: 5
MAX 90 OR ABOVE: 0 0.10 INCH OR MORE: 2
MIN 32 OR BELOW: 24 0.50 INCH OR MORE: 0
MIN 0 OR BELOW: 0 1.00 INCH OR MORE: 0
[HDD (BASE 65) ]
TOTAL THIS MO. 860 CLEAR (SCALE 0-3) 23
DPTR FM NORMAL -172 PTCLDY (SCALE 4-7) 6
TOTAL FM JUL 1 1899 CLOUDY (SCALE 8-10) 1
DPTR FM NORMAL -351
[CDD (BASE 65) ]
TOTAL THIS MO. 0
DPTR FM NORMAL 0 [PRESSURE DATA]
TOTAL FM JAN 1 231 HIGHEST SLP 30.55 ON 23
DPTR FM NORMAL 68 LOWEST SLP 29.58 ON 11
[REMARKS]
#FINAL-11-23#