000
CXUS52 KTAE 010900
CF6CTY
PRELIMINARY LOCAL CLIMATOLOGICAL DATA (WS FORM: F-6)
STATION: CROSS CITY
MONTH: NOVEMBER
YEAR: 2020
LATITUDE: 29 37 N
LONGITUDE: 83 6 W
TEMPERATURE IN F: :PCPN: SNOW: WIND :SUNSHINE: SKY :PK WND
================================================================================
1 2 3 4 5 6A 6B 7 8 9 10 11 12 13 14 15 16 17 18
12Z AVG MX 2MIN
DY MAX MIN AVG DEP HDD CDD WTR SNW DPTH SPD SPD DIR MIN PSBL S-S WX SPD DR
================================================================================
1 78 60 69 3 0 4 0.06 0.0 M 5.1 10 330 M M 6 1 M M
2 67 41 54 -12 11 0 0.00 0.0 M 9.4 18 30 M M 0 8 28 30
3 73 36 55 -11 10 0 0.00 0.0 M 3.3 9 30 M M 0 M M
4 78 42 60 -5 5 0 0.00 0.0 M 5.1 9 90 M M 2 17 50
5 82 59 71 6 0 6 0.00 0.0 M 6.8 10 60 M M 3 20 60
6 83 66 75 10 0 10 0.00 0.0 M 7.1 12 50 M M 7 18 50
7 86 66 76 11 0 11 0.00 0.0 M 7.4 13 60 M M 5 1 22 60
8 86 68 77 13 0 12 0.00 0.0 M 10.2 16 60 M M 3 25 70
9 81 73 77 13 0 12 0.24 0.0 M 11.1 17 70 M M 7 1 27 70
10 88 73 81 17 0 16 0.04 0.0 0 7.2 13 90 M M 7 20 100
11 82 74 78 14 0 13 0.37 0.0 0 6.6 12 40 M M 7 1 20 40
12 81 67 74 11 0 9 0.16 0.0 0 8.7 13 260 M M 7 1 22 80
13 78 56 67 4 0 2 0.00 0.0 M 3.6 7 40 M M 3 1 M M
14 82 53 68 5 0 3 0.00 0.0 M 3.0 8 70 M M 3 12 M M
15 85 61 73 10 0 8 0.00 0.0 M 3.9 12 220 M M 6 12 17 160
16 78 47 63 1 2 0 0.00 0.0 M 6.0 14 20 M M 3 12 18 10
17 74 43 59 -3 6 0 0.00 0.0 M 5.9 15 20 M M 0 23 20
18 69 42 56 -6 9 0 0.00 0.0 M 10.0 17 40 M M 0 23 40
19 73 46 60 -2 5 0 0.00 0.0 M 7.8 14 40 M M 3 20 30
20 76 55 66 5 0 1 0.00 0.0 0 6.5 14 30 M M 4 18 30
21 78 57 68 7 0 3 0.00 0.0 M 6.2 13 20 M M 5 1 20 60
22 78 57 68 7 0 3 0.00 0.0 M 5.8 9 50 M M 5 M M
23 77 49 63 2 2 0 0.00 0.0 M 4.4 13 30 M M 3 12 18 20
24 80 45 63 3 2 0 0.00 0.0 0 4.3 9 110 M M 2 1 M M
25 83 55 69 9 0 4 0.00 0.0 0 2.9 8 170 M M 2 1 M M
26 83 61 72 12 0 7 0.00 0.0 0 3.7 12 190 M M 4 16 200
27 82 57 70 10 0 5 0.00 0.0 M 1.9 8 240 M M 1 1 M M
28 77 59 68 9 0 3 0.03 0.0 M 2.7 12 230 M M 6 M M
29 72 62 67 8 0 2 0.04 0.0 0 4.9 12 190 M M 9 1 17 190
30 73 44 59 0 6 0 0.40 0.0 0 12.5 17 270 M M 5 13 25 200
================================================================================
SM 2363 1674 58 134 1.34 0.0 184.0 M 118
================================================================================
AV 78.8 55.8 6.1 FASTST M M 4 MAX(MPH)
MISC ----> 18 30 28 30
================================================================================
NOTES:
# LAST OF SEVERAL OCCURRENCES
COLUMN 17 PEAK WIND IN M.P.H.
PRELIMINARY LOCAL CLIMATOLOGICAL DATA (WS FORM: F-6) , PAGE 2
STATION: CROSS CITY
MONTH: NOVEMBER
YEAR: 2020
LATITUDE: 29 37 N
LONGITUDE: 83 6 W
[TEMPERATURE DATA] [PRECIPITATION DATA] SYMBOLS USED IN COLUMN 16
AVERAGE MONTHLY: 67.3 TOTAL FOR MONTH: 1.34 1 = FOG OR MIST
DPTR FM NORMAL: 4.8 DPTR FM NORMAL: -1.27 2 = FOG REDUCING VISIBILITY
HIGHEST: 88 ON 10 GRTST 24HR 0.40 ON 30-30 TO 1/4 MILE OR LESS
LOWEST: 36 ON 3 3 = THUNDER
SNOW, ICE PELLETS, HAIL 4 = ICE PELLETS
TOTAL MONTH: 0.0 INCH 5 = HAIL
GRTST 24HR 0.0 6 = FREEZING RAIN OR DRIZZLE
GRTST DEPTH: 0 7 = DUSTSTORM OR SANDSTORM:
VSBY 1/2 MILE OR LESS
8 = SMOKE OR HAZE
[NO. OF DAYS WITH] [WEATHER - DAYS WITH] 9 = BLOWING SNOW
X = TORNADO
MAX 32 OR BELOW: 0 0.01 INCH OR MORE: 8
MAX 90 OR ABOVE: 0 0.10 INCH OR MORE: 4
MIN 32 OR BELOW: 0 0.50 INCH OR MORE: 0
MIN 0 OR BELOW: 0 1.00 INCH OR MORE: 0
[HDD (BASE 65) ]
TOTAL THIS MO. 58 CLEAR (SCALE 0-3) 12
DPTR FM NORMAL -78 PTCLDY (SCALE 4-7) 17
TOTAL FM JUL 1 60 CLOUDY (SCALE 8-10) 1
DPTR FM NORMAL -110
[CDD (BASE 65) ]
TOTAL THIS MO. 134
DPTR FM NORMAL 75 [PRESSURE DATA]
TOTAL FM JAN 1 3109 HIGHEST SLP M ON M
DPTR FM NORMAL 507 LOWEST SLP M ON M
[REMARKS]
#FINAL-11-20#