000
CXUS52 KTAE 160800
CF6CTY
PRELIMINARY LOCAL CLIMATOLOGICAL DATA (WS FORM: F-6)
STATION: CROSS CITY
MONTH: APRIL
YEAR: 2024
LATITUDE: 29 37 N
LONGITUDE: 83 6 W
TEMPERATURE IN F: :PCPN: SNOW: WIND :SUNSHINE: SKY :PK WND
================================================================================
1 2 3 4 5 6A 6B 7 8 9 10 11 12 13 14 15 16 17 18
12Z AVG MX 2MIN
DY MAX MIN AVG DEP HDD CDD WTR SNW DPTH SPD SPD DIR MIN PSBL S-S WX SPD DR
================================================================================
1 79 55 67 2 0 2 0.00 0.0 M 4.4 14 210 M M 2 1 18 210
2 81 61 71 6 0 6 0.00 0.0 M 8.1 17 210 M M 6 128 25 210
3 73 59 66 1 0 1 1.92 0.0 M 11.2 18 210 M M 6 13 32 210
4 68 48 58 -7 7 0 0.00 0.0 0 9.0 18 280 M M 1 25 280
5 75 45 60 -6 5 0 0.00 0.0 0 5.3 17 260 M M 0 1 27 260
6 73 48 61 -5 4 0 0.00 0.0 M 6.2 12 360 M M 0 17 340
7 77 43 60 -6 5 0 0.00 0.0 M 3.5 10 250 M M 0 M M
8 79 48 64 -2 1 0 0.00 0.0 0 3.8 9 130 M M 0 18 150
9 81 55 68 2 0 3 0.00 0.0 0 5.3 10 170 M M 5 21 170
10 84 64 74 8 0 9 0.00 0.0 M 8.4 14 160 M M 4 21 170
11 79 64 72 5 0 7 0.63 0.0 M 17.6 32 180 M M 8 1 39 180
12 77 50 64 -3 1 0 0.00 0.0 M 9.5 22 290 M M 0 27 290
13 79 45 62 -5 3 0 0.00 0.0 M 5.1 12 330 M M 0 21 350
14 84 46 65 -2 0 0 0.00 0.0 M 4.1 16 260 M M 0 21 130
15 84 52 68 1 0 3 0.00 0.0 0 3.7 13 260 M M 0 1 17 260
================================================================================
SM 1173 783 26 31 2.55 0.0 105.3 M 32
================================================================================
AV 78.2 52.2 7.0 FASTST M M 2 MAX(MPH)
MISC ----> 32 180 39 180
================================================================================
NOTES:
# LAST OF SEVERAL OCCURRENCES
COLUMN 17 PEAK WIND IN M.P.H.
PRELIMINARY LOCAL CLIMATOLOGICAL DATA (WS FORM: F-6) , PAGE 2
STATION: CROSS CITY
MONTH: APRIL
YEAR: 2024
LATITUDE: 29 37 N
LONGITUDE: 83 6 W
[TEMPERATURE DATA] [PRECIPITATION DATA] SYMBOLS USED IN COLUMN 16
AVERAGE MONTHLY: 65.2 TOTAL FOR MONTH: 2.55 1 = FOG OR MIST
DPTR FM NORMAL: -0.9 DPTR FM NORMAL: 0.85 2 = FOG REDUCING VISIBILITY
HIGHEST: 84 ON 15,14 GRTST 24HR 1.92 ON 3- 3 TO 1/4 MILE OR LESS
LOWEST: 43 ON 7 3 = THUNDER
SNOW, ICE PELLETS, HAIL 4 = ICE PELLETS
TOTAL MONTH: 0.0 INCH 5 = HAIL
GRTST 24HR 0.0 6 = FREEZING RAIN OR DRIZZLE
GRTST DEPTH: 0 7 = DUSTSTORM OR SANDSTORM:
VSBY 1/2 MILE OR LESS
8 = SMOKE OR HAZE
[NO. OF DAYS WITH] [WEATHER - DAYS WITH] 9 = BLOWING SNOW
X = TORNADO
MAX 32 OR BELOW: 0 0.01 INCH OR MORE: 2
MAX 90 OR ABOVE: 0 0.10 INCH OR MORE: 2
MIN 32 OR BELOW: 0 0.50 INCH OR MORE: 2
MIN 0 OR BELOW: 0 1.00 INCH OR MORE: 1
[HDD (BASE 65) ]
TOTAL THIS MO. 26 CLEAR (SCALE 0-3) 10
DPTR FM NORMAL -4 PTCLDY (SCALE 4-7) 5
TOTAL FM JUL 1 1099 CLOUDY (SCALE 8-10) 0
DPTR FM NORMAL -144
[CDD (BASE 65) ]
TOTAL THIS MO. 31
DPTR FM NORMAL -16 [PRESSURE DATA]
TOTAL FM JAN 1 146 HIGHEST SLP M ON M
DPTR FM NORMAL 8 LOWEST SLP M ON M
[REMARKS]