000
CXUS52 KCAE 011500
CF6CUB
PRELIMINARY LOCAL CLIMATOLOGICAL DATA (WS FORM: F-6)
STATION: HAMILTON - OWENS AIRPORT SC
MONTH: DECEMBER
YEAR: 2021
LATITUDE: 33 58 N
LONGITUDE: 80 59 W
TEMPERATURE IN F: :PCPN: SNOW: WIND :SUNSHINE: SKY :PK WND
================================================================================
1 2 3 4 5 6A 6B 7 8 9 10 11 12 13 14 15 16 17 18
12Z AVG MX 2MIN
DY MAX MIN AVG DEP HDD CDD WTR SNW DPTH SPD SPD DIR MIN PSBL S-S WX SPD DR
================================================================================
1 71 35 53 1 12 0 0.00 M M 1.8 14 210 M M 0 8 18 210
2 76 41 59 7 6 0 0.00 M M 3.6 15 240 M M 0 8 21 260
3 81 44 63 12 2 0 0.00 M M 0.7 9 180 M M 0 18 12 190
4 72 45 59 8 6 0 0.00 M M 0.6 6 180 M M 0 18 11 170
5 66 45 56 5 9 0 0.00 M M 1.0 7 190 M M 4 18 9 190
6 74 49 62 11 3 0 0.00 M M 4.0 17 220 M M 3 128 23 220
7 66 51 59 8 6 0 0.00 M M 4.0 12 70 M M 8 16 60
8 53 40 47 -3 18 0 0.93 M M 2.2 9 30 M M 9 138 15 350
9 54 38 46 -4 19 0 0.00 M M 1.8 8 150 M M 6 128 12 150
10 54 44 49 -1 16 0 0.43 M M 0.6 6 230 M M 9 18 7 60
11 74 54 64 14 1 0 0.46 M M 6.0 22 270 M M 9 18 31 260
12 61 39 50 0 15 0 0.00 M M 3.9 13 310 M M 2 19 300
13 62 32 47 -3 18 0 0.00 M M 0.5 7 200 M M 1 18 9 220
14 67 34 51 1 14 0 0.00 M M 1.0 7 60 M M 0 18 12 40
15 67 39 53 4 12 0 0.00 M M 1.8 7 10 M M 1 18 12 30
16 66 41 54 5 11 0 0.03 M M 0.6 6 180 M M 6 18 8 140
17 72 57 65 16 0 0 0.00 M M 2.0 9 260 M M 8 128 13 270
18 77 58 68 19 0 3 0.99 M M 3.4 16 290 M M 7 123 22 290
19 66 45 56 7 9 0 0.43 M M 3.7 13 40 M M 9 1 22 30
20 46 36 41 -8 24 0 0.00 M M 3.7 9 50 M M 1 17 50
21 45 39 42 -6 23 0 0.06 M M 3.5 8 320 M M 7 18 13 340
22 63 38 51 3 14 0 0.06 M M 2.9 12 270 M M 3 12 15 350
23 57 31 44 -4 21 0 0.00 M M 1.2 7 160 M M 0 18 11 30
24 65 32 49 1 16 0 0.00 M M 2.2 12 210 M M 0 18 16 210
25 74 43 59 11 6 0 0.00 M M 8.4 24 250 M M 2 1 33 250
26 78 52 65 17 0 0 0.00 M M 2.8 12 310 M M 0 18 16 310
27 75 49 62 14 3 0 0.00 M M 4.1 21 250 M M 4 128 29 250
28 77 55 66 18 0 1 0.00 M M 6.2 16 220 M M 5 128 20 190
29 76 64 70 22 0 5 0.01 M M 6.4 14 240 M M 7 8 22 230
30 72 64 68 21 0 3 0.60 M M 5.0 13 160 M M 8 1 19 230
31 75 59 67 20 0 2 0.00 M M 3.1 9 170 M M 6 1 15 210
================================================================================
SM 2082 1393 284 14 4.00 M 92.7 M 125
================================================================================
AV 67.2 44.9 3.0 FASTST M M 4 MAX(MPH)
MISC ----> 24 250 33 250
================================================================================
NOTES:
# LAST OF SEVERAL OCCURRENCES
COLUMN 17 PEAK WIND IN M.P.H.
PRELIMINARY LOCAL CLIMATOLOGICAL DATA (WS FORM: F-6) , PAGE 2
STATION: HAMILTON - OWENS AIRPORT SC
MONTH: DECEMBER
YEAR: 2021
LATITUDE: 33 58 N
LONGITUDE: 80 59 W
[TEMPERATURE DATA] [PRECIPITATION DATA] SYMBOLS USED IN COLUMN 16
AVERAGE MONTHLY: 56.0 TOTAL FOR MONTH: 4.00 1 = FOG OR MIST
DPTR FM NORMAL: 6.7 DPTR FM NORMAL: 0.53 2 = FOG REDUCING VISIBILITY
HIGHEST: 81 ON 3 GRTST 24HR 1.42 ON 18-19 TO 1/4 MILE OR LESS
LOWEST: 31 ON 23 3 = THUNDER
SNOW, ICE PELLETS, HAIL 4 = ICE PELLETS
TOTAL MONTH: M 5 = HAIL
GRTST 24HR M ON M 6 = FREEZING RAIN OR DRIZZLE
GRTST DEPTH: M ON M 7 = DUSTSTORM OR SANDSTORM:
VSBY 1/2 MILE OR LESS
8 = SMOKE OR HAZE
[NO. OF DAYS WITH] [WEATHER - DAYS WITH] 9 = BLOWING SNOW
X = TORNADO
MAX 32 OR BELOW: 0 0.01 INCH OR MORE: 10
MAX 90 OR ABOVE: 0 0.10 INCH OR MORE: 6
MIN 32 OR BELOW: 3 0.50 INCH OR MORE: 3
MIN 0 OR BELOW: 0 1.00 INCH OR MORE: 0
[HDD (BASE 65) ]
TOTAL THIS MO. 284 CLEAR (SCALE 0-3) 15
DPTR FM NORMAL -207 PTCLDY (SCALE 4-7) 10
TOTAL FM JUL 1 674 CLOUDY (SCALE 8-10) 6
DPTR FM NORMAL -198
[CDD (BASE 65) ]
TOTAL THIS MO. 14
DPTR FM NORMAL 10 [PRESSURE DATA]
TOTAL FM JAN 1 2340 HIGHEST SLP 30.53 ON 15
DPTR FM NORMAL -78 LOWEST SLP 29.74 ON 22
[REMARKS]
#FINAL-12-21#