000
CXUS54 KHGX 011535
CF6CXO
PRELIMINARY LOCAL CLIMATOLOGICAL DATA (WS FORM: F-6)
STATION: CONROE
MONTH: FEBRUARY
YEAR: 2022
LATITUDE: 30 21 N
LONGITUDE: 95 25 W
TEMPERATURE IN F: :PCPN: SNOW: WIND :SUNSHINE: SKY :PK WND
================================================================================
1 2 3 4 5 6A 6B 7 8 9 10 11 12 13 14 15 16 17 18
12Z AVG MX 2MIN
DY MAX MIN AVG DEP HDD CDD WTR SNW DPTH SPD SPD DIR MIN PSBL S-S WX SPD DR
================================================================================
1 63 53 58 6 7 0 T 0.0 0 2.8 12 140 M M 10 1 17 90
2 71 42 57 5 8 0 0.26 0.0 0 5.5 21 320 M M 10 128 32 330
3 42 27 35 -17 30 0 0.17 T 0 13.9 22 340 M M 10 13 35 330
4 31 24 28 -24 37 0 0.00 0.0 0 12.2 20 340 M M 10 30 330
5 51 21 36 -17 29 0 0.00 0.0 0 2.3 9 360 M M 0 13 40
6 59 21 40 -13 25 0 0.00 0.0 0 1.5 10 190 M M 2 17 200
7 62 32 47 -6 18 0 0.00 0.0 0 6.0 17 330 M M 0 27 340
8 64 27 46 -7 19 0 0.00 0.0 0 1.8 9 280 M M 0 15 290
9 71 29 50 -3 15 0 0.00 0.0 0 3.5 14 230 M M 0 19 230
10 71 32 52 -2 13 0 0.00 0.0 0 1.8 10 200 M M 0 15 280
11 73 34 54 0 11 0 0.00 0.0 0 4.6 16 160 M M 0 1 22 180
12 53 31 42 -12 23 0 0.22 0.0 0 7.7 22 360 M M 6 1 43 350
13 60 24 42 -12 23 0 0.00 0.0 0 4.4 13 330 M M 0 27 280
14 68 28 48 -6 17 0 0.00 0.0 0 4.5 15 190 M M 0 20 180
15 72 34 53 -1 12 0 0.00 0.0 0 9.4 23 150 M M 5 33 170
16 77 59 68 13 0 3 0.06 0.0 0 14.3 26 150 M M 10 1 34 180
17 77 37 57 2 8 0 0.28 0.0 0 13.9 26 320 M M 6 1 42 330
18 57 33 45 -10 20 0 0.00 0.0 0 6.5 16 350 M M 1 27 350
19 67 28 48 -7 17 0 0.00 0.0 0 2.3 9 70 M M 0 13 80
20 65 34 50 -6 15 0 T 0.0 0 5.9 15 150 M M 8 1 20 150
21 83 58 71 15 0 6 0.10 0.0 0 12.3 26 190 M M 8 18 36 180
22 82 58 70 14 0 5 0.00 0.0 0 12.5 24 190 M M 9 35 200
23 58 34 46 -10 19 0 0.01 0.0 0 8.9 17 340 M M 10 1 27 340
24 42 34 38 -18 27 0 0.01 0.0 0 7.4 15 350 M M 10 1 22 330
25 44 34 39 -18 26 0 T 0.0 0 7.7 14 10 M M 10 23 350
26 40 38 39 -18 26 0 0.42 0.0 0 5.8 12 20 M M 10 1 17 20
27 59 34 47 -10 18 0 0.00 0.0 0 7.9 16 330 M M 6 1 25 310
28 66 28 47 -10 18 0 0.00 0.0 0 2.6 9 270 M M 0 15 50
================================================================================
SM 1728 968 481 14 1.53 T 189.9 M 141
================================================================================
AV 61.7 34.6 6.8 FASTST M M 5 MAX(MPH)
MISC ----> # 26 150 43 350
================================================================================
NOTES:
# LAST OF SEVERAL OCCURRENCES
COLUMN 17 PEAK WIND IN M.P.H.
PRELIMINARY LOCAL CLIMATOLOGICAL DATA (WS FORM: F-6) , PAGE 2
STATION: CONROE
MONTH: FEBRUARY
YEAR: 2022
LATITUDE: 30 21 N
LONGITUDE: 95 25 W
[TEMPERATURE DATA] [PRECIPITATION DATA] SYMBOLS USED IN COLUMN 16
AVERAGE MONTHLY: 48.1 TOTAL FOR MONTH: 1.53 1 = FOG OR MIST
DPTR FM NORMAL: -6.4 DPTR FM NORMAL: -1.41 2 = FOG REDUCING VISIBILITY
HIGHEST: 83 ON 21 GRTST 24HR 0.87 ON 31- 1 TO 1/4 MILE OR LESS
LOWEST: 21 ON 6, 5 3 = THUNDER
SNOW, ICE PELLETS, HAIL 4 = ICE PELLETS
TOTAL MONTH: T 5 = HAIL
GRTST 24HR T ON 3- 3 6 = FREEZING RAIN OR DRIZZLE
GRTST DEPTH: 0 7 = DUSTSTORM OR SANDSTORM:
VSBY 1/2 MILE OR LESS
8 = SMOKE OR HAZE
[NO. OF DAYS WITH] [WEATHER - DAYS WITH] 9 = BLOWING SNOW
X = TORNADO
MAX 32 OR BELOW: 1 0.01 INCH OR MORE: 9
MAX 90 OR ABOVE: 0 0.10 INCH OR MORE: 6
MIN 32 OR BELOW: 13 0.50 INCH OR MORE: 0
MIN 0 OR BELOW: 0 1.00 INCH OR MORE: 0
[HDD (BASE 65) ]
TOTAL THIS MO. 481 CLEAR (SCALE 0-3) 12
DPTR FM NORMAL 166 PTCLDY (SCALE 4-7) 6
TOTAL FM JUL 1 1392 CLOUDY (SCALE 8-10) 10
DPTR FM NORMAL -65
[CDD (BASE 65) ]
TOTAL THIS MO. 14
DPTR FM NORMAL -7 [PRESSURE DATA]
TOTAL FM JAN 1 17 HIGHEST SLP 30.65 ON 4
DPTR FM NORMAL -20 LOWEST SLP 29.77 ON 2
[REMARKS]
#FINAL-02-22#