474
CXUS54 KHGX 310709
CF6CXO
PRELIMINARY LOCAL CLIMATOLOGICAL DATA (WS FORM: F-6)
STATION: CONROE
MONTH: APRIL
YEAR: 2020
LATITUDE: 30 21 N
LONGITUDE: 95 25 W
TEMPERATURE IN F: :PCPN: SNOW: WIND :SUNSHINE: SKY :PK WND
================================================================================
1 2 3 4 5 6A 6B 7 8 9 10 11 12 13 14 15 16 17 18
12Z AVG MX 2MIN
DY MAX MIN AVG DEP HDD CDD WTR SNW DPTH SPD SPD DIR MIN PSBL S-S WX SPD DR
================================================================================
1 75 45 60 -4 5 0 0.00 0.0 0 6.9 17 170 M M 0 23 150
2 77 58 68 4 0 3 0.07 0.0 0 8.1 22 160 M M 4 1 27 150
3 81 56 69 5 0 4 0.25 0.0 0 5.8 16 320 M M 8 13 19 330
4 57 51 54 -10 11 0 0.30 0.0 0 6.6 15 340 M M 10 1 23 330
5 71 54 63 -2 2 0 0.00 0.0 0 4.1 12 90 M M 8 1 16 110
6 78 59 69 4 0 4 0.12 0.0 0 3.7 13 150 M M 7 1 17 150
7 84 70 77 12 0 12 0.01 0.0 0 4.8 13 220 M M 7 1 17 210
8 87 70 79 14 0 14 T 0.0 0 4.6 12 190 M M 5 18 15 230
9 88 67 78 13 0 13 1.32 0.0 0 5.6 46 280 M M 3 13 57 270
10 72 57 65 -1 0 0 0.00 0.0 0 4.9 13 40 M M 2 1 20 30
11 77 55 66 0 0 1 T 0.0 0 7.9 18 160 M M 6 3 23 150
12 87 56 72 6 0 7 T 0.0 0 10.4 22 290 M M 6 18 28 290
13 67 48 58 -8 7 0 0.00 0.0 0 8.6 17 360 M M 1 28 340
14 68 46 57 -9 8 0 0.00 0.0 0 7.1 20 330 M M 1 27 360
15 69 43 56 -11 9 0 0.00 0.0 0 4.3 13 350 M M 0 19 30
16 77 43 60 -7 5 0 0.00 0.0 0 6.7 18 160 M M 0 23 160
17 79 57 68 1 0 3 0.10 0.0 0 4.7 16 340 M M 8 18 21 320
18 73 57 65 -2 0 0 0.46 0.0 0 5.1 12 350 M M 9 13 16 360
19 81 65 73 5 0 8 0.71 0.0 0 5.2 16 250 M M 8 123 24 250
20 84 63 74 6 0 9 0.00 0.0 0 3.4 12 40 M M 5 12 17 40
21 87 59 73 5 0 8 0.00 0.0 0 5.8 17 160 M M 3 128 22 130
22 84 69 77 9 0 12 T 0.0 0 10.9 23 180 M M 10 1 30 200
23 85 56 71 3 0 6 0.00 0.0 0 8.0 21 320 M M 2 26 290
24 91 53 72 3 0 7 T 0.0 0 6.7 21 180 M M 0 3 26 190
25 79 57 68 -1 0 3 0.01 0.0 0 4.5 15 360 M M 3 13 21 320
26 85 50 68 -1 0 3 0.00 0.0 0 2.5 12 100 M M 1 1 15 100
27 84 52 68 -2 0 3 0.00 0.0 0 9.6 24 140 M M 2 1 29 150
28 86 70 78 8 0 13 T 0.0 0 9.9 18 180 M M 8 3 25 180
29 81 53 67 -3 0 2 0.90 0.0 0 6.9 24 360 M M 5 13 35 10
30 83 49 66 -4 0 1 0.00 0.0 0 1.8 13 330 M M 0 17 350
================================================================================
SM 2377 1688 47 136 4.25 0.0 185.1 M 132
================================================================================
AV 79.2 56.3 6.2 FASTST M M 4 MAX(MPH)
MISC ----> # 46 280 # 57 270
================================================================================
NOTES:
# LAST OF SEVERAL OCCURRENCES
COLUMN 17 PEAK WIND IN M.P.H.
PRELIMINARY LOCAL CLIMATOLOGICAL DATA (WS FORM: F-6) , PAGE 2
STATION: CONROE
MONTH: APRIL
YEAR: 2020
LATITUDE: 30 21 N
LONGITUDE: 95 25 W
[TEMPERATURE DATA] [PRECIPITATION DATA] SYMBOLS USED IN COLUMN 16
AVERAGE MONTHLY: 67.8 TOTAL FOR MONTH: 4.25 1 = FOG OR MIST
DPTR FM NORMAL: 0.8 DPTR FM NORMAL: 1.58 2 = FOG REDUCING VISIBILITY
HIGHEST: 91 ON 24 GRTST 24HR 1.32 ON 9- 9 TO 1/4 MILE OR LESS
LOWEST: 43 ON 16,15 3 = THUNDER
SNOW, ICE PELLETS, HAIL 4 = ICE PELLETS
TOTAL MONTH: 0.0 INCH 5 = HAIL
GRTST 24HR 0.0 6 = FREEZING RAIN OR DRIZZLE
GRTST DEPTH: 0 7 = DUSTSTORM OR SANDSTORM:
VSBY 1/2 MILE OR LESS
8 = SMOKE OR HAZE
[NO. OF DAYS WITH] [WEATHER - DAYS WITH] 9 = BLOWING SNOW
X = TORNADO
MAX 32 OR BELOW: 0 0.01 INCH OR MORE: 11
MAX 90 OR ABOVE: 1 0.10 INCH OR MORE: 8
MIN 32 OR BELOW: 0 0.50 INCH OR MORE: 3
MIN 0 OR BELOW: 0 1.00 INCH OR MORE: 1
[HDD (BASE 65) ]
TOTAL THIS MO. 47 CLEAR (SCALE 0-3) 12
DPTR FM NORMAL -17 PTCLDY (SCALE 4-7) 13
TOTAL FM JUL 1 1491 CLOUDY (SCALE 8-10) 5
DPTR FM NORMAL -246
[CDD (BASE 65) ]
TOTAL THIS MO. 136
DPTR FM NORMAL 15 [PRESSURE DATA]
TOTAL FM JAN 1 338 HIGHEST SLP 30.25 ON 15
DPTR FM NORMAL 149 LOWEST SLP 29.49 ON 12
[REMARKS]
#FINAL-04-20#