000
CXUS53 KUNR 011030
CF6D07
PRELIMINARY LOCAL CLIMATOLOGICAL DATA (WS FORM: F-6)
STATION: FAITH SD
MONTH: DECEMBER
YEAR: 2020
LATITUDE: 45 1 N
LONGITUDE: 102 1 W
TEMPERATURE IN F: :PCPN: SNOW: WIND :SUNSHINE: SKY :PK WND
================================================================================
1 2 3 4 5 6A 6B 7 8 9 10 11 12 13 14 15 16 17 18
12Z AVG MX 2MIN
DY MAX MIN AVG DEP HDD CDD WTR SNW DPTH SPD SPD DIR MIN PSBL S-S WX SPD DR
================================================================================
1 43 17 30 6 35 0 0.00 M M 21.3 35 330 M M M 47 330
2 39 20 30 6 35 0 0.00 M M 12.8 22 330 M M M 27 320
3 52 24 38 15 27 0 0.00 M M 13.9 20 320 M M M 25 300
4 58 33 46 23 19 0 0.00 M M 15.2 29 320 M M M 38 330
5 56 27 42 19 23 0 0.00 M M 10.9 18 340 M M M 24 340
6 59 27 43 21 22 0 0.00 M M 9.0 16 300 M M M 21 310
7 58 30 44 22 21 0 0.00 M M 14.4 25 310 M M M 35 310
8 64 40 52 30 13 0 0.00 M M 13.7 22 300 M M M 30 280
9 58 33 46 24 19 0 0.00 M M 12.0 28 320 M M M 39 310
10 39 24 32 10 33 0 0.00 M M 14.8 37 340 M M M 47 340
11 26 14 20 -1 45 0 0.00 M M 5.1 12 360 M M M 13 360
12 24 18 21 0 44 0 0.00 M M 5.3 10 270 M M M 14 90
13 26 3 15 -6 50 0 0.00 M M 12.8 25 340 M M M 32 310
14 14 3 9 -12 56 0 0.00 M M 9.0 14 150 M M M 18 120
15 28 12 20 -1 45 0 0.00 M M 8.8 17 180 M M M 19 180
16 47 14 31 11 34 0 0.00 M M 14.4 26 310 M M M 35 320
17 41 17 29 9 36 0 0.00 M M 10.8 20 140 M M M 26 140
18 39 13 26 6 39 0 0.00 M M 14.6 31 330 M M M 41 330
19 49 13 31 11 34 0 0.00 M M 15.1 23 280 M M M 32 280
20 55 25 40 20 25 0 0.00 M M 16.6 40 310 M M M 55 320
21 47 28 38 18 27 0 0.00 M M 12.4 20 290 M M M 26 280
22 55 24 40 20 25 0 0.07 M M 18.1 46 330 M M M 61 320
23 24 12 18 -2 47 0 0.03 M M 25.9 47 340 M M M 67 350
24 36 16 26 6 39 0 0.00 M M 10.4 18 280 M M M 25 280
25 48 20 34 14 31 0 0.00 M M 11.2 24 280 M M M 34 290
26 38 18 28 8 37 0 0.05 M M 9.1 16 200 M M M 20 300
27 38 14 26 6 39 0 0.01 M M 13.7 30 340 M M M 39 330
28 25 7 16 -4 49 0 0.00 M M 10.7 18 160 M M M 23 320
29 30 16 23 3 42 0 0.15 M M 16.3 29 320 M M M 37 330
30 28 6 17 -3 48 0 0.00 M M 11.3 23 310 M M M 30 320
31 39 14 27 7 38 0 0.00 M M 7.4 15 190 M M M 19 270
================================================================================
SM 1283 582 1077 0 0.31 M 397.0 M M
================================================================================
AV 41.4 18.8 12.8 FASTST M M M MAX(MPH)
MISC ----> 47 340 67 350
================================================================================
NOTES:
# LAST OF SEVERAL OCCURRENCES
COLUMN 17 PEAK WIND IN M.P.H.
PRELIMINARY LOCAL CLIMATOLOGICAL DATA (WS FORM: F-6) , PAGE 2
STATION: FAITH SD
MONTH: DECEMBER
YEAR: 2020
LATITUDE: 45 1 N
LONGITUDE: 102 1 W
[TEMPERATURE DATA] [PRECIPITATION DATA] SYMBOLS USED IN COLUMN 16
AVERAGE MONTHLY: 30.1 TOTAL FOR MONTH: 0.31 1 = FOG OR MIST
DPTR FM NORMAL: 9.0 DPTR FM NORMAL: -0.09 2 = FOG REDUCING VISIBILITY
HIGHEST: 64 ON 8 GRTST 24HR 0.15 ON 29-29 TO 1/4 MILE OR LESS
LOWEST: 3 ON 14,13 3 = THUNDER
SNOW, ICE PELLETS, HAIL 4 = ICE PELLETS
TOTAL MONTH: M 5 = HAIL
GRTST 24HR M ON M 6 = FREEZING RAIN OR DRIZZLE
GRTST DEPTH: M ON M 7 = DUSTSTORM OR SANDSTORM:
VSBY 1/2 MILE OR LESS
8 = SMOKE OR HAZE
[NO. OF DAYS WITH] [WEATHER - DAYS WITH] 9 = BLOWING SNOW
X = TORNADO
MAX 32 OR BELOW: 9 0.01 INCH OR MORE: 5
MAX 90 OR ABOVE: 0 0.10 INCH OR MORE: 1
MIN 32 OR BELOW: 28 0.50 INCH OR MORE: 0
MIN 0 OR BELOW: 0 1.00 INCH OR MORE: 0
[HDD (BASE 65) ]
TOTAL THIS MO. 1077 CLEAR (SCALE 0-3) 0
DPTR FM NORMAL -283 PTCLDY (SCALE 4-7) 0
TOTAL FM JUL 1 2794 CLOUDY (SCALE 8-10) 31
DPTR FM NORMAL -352
[CDD (BASE 65) ]
TOTAL THIS MO. 0
DPTR FM NORMAL 0 [PRESSURE DATA]
TOTAL FM JAN 1 646 HIGHEST SLP 30.60 ON 2
DPTR FM NORMAL 11 LOWEST SLP 29.31 ON 22
[REMARKS]
#FINAL-12-20#