000
CXUS53 KUNR 010945
CF6D07
PRELIMINARY LOCAL CLIMATOLOGICAL DATA (WS FORM: F-6)
STATION: FAITH SD
MONTH: MARCH
YEAR: 2020
LATITUDE: 45 1 N
LONGITUDE: 102 1 W
TEMPERATURE IN F: :PCPN: SNOW: WIND :SUNSHINE: SKY :PK WND
================================================================================
1 2 3 4 5 6A 6B 7 8 9 10 11 12 13 14 15 16 17 18
12Z AVG MX 2MIN
DY MAX MIN AVG DEP HDD CDD WTR SNW DPTH SPD SPD DIR MIN PSBL S-S WX SPD DR
================================================================================
1 36 21 29 1 36 0 0.00 M M 17.9 35 310 M M M 44 300
2 43 18 31 3 34 0 0.00 M M 15.6 32 300 M M M 46 300
3 46 29 38 10 27 0 0.00 M M 15.7 29 320 M M M 35 320
4 60 25 43 15 22 0 0.00 M M 17.3 39 310 M M M 51 320
5 45 27 36 7 29 0 0.00 M M 18.5 31 310 M M M 41 300
6 58 26 42 13 23 0 0.00 M M 16.6 25 150 M M M 33 150
7 71 34 53 23 12 0 0.00 M M 10.5 20 180 M M M 21 180
8 48 27 38 8 27 0 0.00 M M 17.8 31 320 M M M 39 320
9 42 20 31 1 34 0 0.00 M M 7.7 16 150 M M M 20 130
10 48 26 37 7 28 0 0.06 M M 7.0 13 170 M M M M M
11 61 30 46 15 19 0 0.01 M M 12.8 28 340 M M M 37 340
12 41 24 33 2 32 0 0.00 M M 19.2 33 330 M M M 43 310
13 37 22 30 -2 35 0 0.05 M M 11.6 25 90 M M M 33 90
14 29 21 25 -7 40 0 0.00 M M 19.3 30 120 M M M 43 120
15 34 26 30 -2 35 0 0.00 M M 15.6 30 140 M M M 39 140
16 31 22 27 -5 38 0 0.00 M M 12.6 20 350 M M M 26 360
17 42 15 29 -4 36 0 0.00 M M 12.0 26 150 M M M 36 150
18 45 26 36 3 29 0 0.00 M M 9.0 20 80 M M M 25 80
19 33 10 22 -12 43 0 0.00 M M 19.2 32 10 M M M 39 360
20 29 5 17 -17 48 0 0.00 M M 11.0 21 150 M M M 28 150
21 55 15 35 1 30 0 0.00 M M 10.3 20 160 M M M 26 160
22 42 25 34 -1 31 0 0.00 M M 7.7 20 10 M M M 24 10
23 61 24 43 8 22 0 0.00 M M 15.0 24 170 M M M 36 150
24 62 26 44 8 21 0 0.00 M M 12.8 28 330 M M M 34 310
25 38 24 31 -5 34 0 0.38 M M 8.9 18 20 M M M 23 10
26 36 25 31 -5 34 0 0.00 M M 7.9 16 180 M M M 18 170
27 55 33 44 7 21 0 0.00 M M 4.9 15 150 M M M 19 150
28 57 29 43 6 22 0 0.00 M M 8.7 23 310 M M M 28 360
29 61 33 47 10 18 0 0.00 M M 9.3 21 130 M M M 29 140
30 67 34 51 13 14 0 0.00 M M 18.6 30 160 M M M 38 150
31 67 36 52 14 13 0 0.03 M M 11.4 24 150 M M M 33 140
================================================================================
SM 1480 758 887 0 0.53 M 402.4 M M
================================================================================
AV 47.7 24.5 13.0 FASTST M M 4 MAX(MPH)
MISC ----> # 39 310 # 51 320
================================================================================
NOTES:
# LAST OF SEVERAL OCCURRENCES
COLUMN 17 PEAK WIND IN M.P.H.
PRELIMINARY LOCAL CLIMATOLOGICAL DATA (WS FORM: F-6) , PAGE 2
STATION: FAITH SD
MONTH: MARCH
YEAR: 2020
LATITUDE: 45 1 N
LONGITUDE: 102 1 W
[TEMPERATURE DATA] [PRECIPITATION DATA] SYMBOLS USED IN COLUMN 16
AVERAGE MONTHLY: 36.1 TOTAL FOR MONTH: 0.53 1 = FOG OR MIST
DPTR FM NORMAL: 3.5 DPTR FM NORMAL: -0.45 2 = FOG REDUCING VISIBILITY
HIGHEST: 71 ON 7 GRTST 24HR 0.38 ON 25-25 TO 1/4 MILE OR LESS
LOWEST: 5 ON 20 3 = THUNDER
SNOW, ICE PELLETS, HAIL 4 = ICE PELLETS
TOTAL MONTH: M 5 = HAIL
GRTST 24HR M ON M 6 = FREEZING RAIN OR DRIZZLE
GRTST DEPTH: M ON M 7 = DUSTSTORM OR SANDSTORM:
VSBY 1/2 MILE OR LESS
8 = SMOKE OR HAZE
[NO. OF DAYS WITH] [WEATHER - DAYS WITH] 9 = BLOWING SNOW
X = TORNADO
MAX 32 OR BELOW: 3 0.01 INCH OR MORE: 5
MAX 90 OR ABOVE: 0 0.10 INCH OR MORE: 1
MIN 32 OR BELOW: 26 0.50 INCH OR MORE: 0
MIN 0 OR BELOW: 0 1.00 INCH OR MORE: 0
[HDD (BASE 65) ]
TOTAL THIS MO. 887 CLEAR (SCALE 0-3) 0
DPTR FM NORMAL -116 PTCLDY (SCALE 4-7) 0
TOTAL FM JUL 1 6707 CLOUDY (SCALE 8-10) 0
DPTR FM NORMAL 16
[CDD (BASE 65) ]
TOTAL THIS MO. 0
DPTR FM NORMAL 0 [PRESSURE DATA]
TOTAL FM JAN 1 0 HIGHEST SLP 30.74 ON 20
DPTR FM NORMAL 0 LOWEST SLP 29.57 ON 8
[REMARKS]
#FINAL-03-20#