000
CXUS52 KMLB 010628
CF6DAB
PRELIMINARY LOCAL CLIMATOLOGICAL DATA (WS FORM: F-6)
STATION: DAYTONA BEACH
MONTH: JULY
YEAR: 2021
LATITUDE: 29 10 N
LONGITUDE: 81 3 W
TEMPERATURE IN F: :PCPN: SNOW: WIND :SUNSHINE: SKY :PK WND
================================================================================
1 2 3 4 5 6A 6B 7 8 9 10 11 12 13 14 15 16 17 18
12Z AVG MX 2MIN
DY MAX MIN AVG DEP HDD CDD WTR SNW DPTH SPD SPD DIR MIN PSBL S-S WX SPD DR
================================================================================
1 84 73 79 -2 0 14 0.04 0.0 0 4.5 15 160 M M 7 1 21 120
2 90 72 81 0 0 16 0.10 0.0 0 6.4 25 270 M M 7 13 33 270
3 82 74 78 -3 0 13 0.11 0.0 0 9.4 16 230 M M 8 18 22 230
4 87 72 80 -2 0 15 0.09 0.0 0 6.2 21 290 M M 9 13 28 320
5 88 74 81 -1 0 16 T 0.0 0 4.3 18 160 M M 8 13 26 160
6 85 73 79 -3 0 14 T 0.0 0 5.9 15 110 M M 9 21 110
7 87 75 81 -1 0 16 0.57 0.0 0 7.8 18 160 M M 9 13 26 150
8 86 75 81 -1 0 16 0.07 0.0 0 6.2 14 220 M M 7 13 17 220
9 92 74 83 1 0 18 1.30 0.0 0 4.8 20 90 M M 8 138 32 90
10 90 73 82 0 0 17 0.01 0.0 0 4.2 23 350 M M 8 3 33 340
11 90 73 82 0 0 17 T 0.0 0 2.3 13 80 M M 5 3 18 100
12 87 73 80 -2 0 15 T 0.0 0 3.7 22 210 M M 5 38 30 210
13 87 74 81 -1 0 16 T 0.0 0 5.2 15 90 M M 5 3 22 110
14 88 76 82 0 0 17 0.03 0.0 0 4.5 17 60 M M 7 22 70
15 87 74 81 -1 0 16 0.00 0.0 0 4.2 16 70 M M 5 20 60
16 88 72 80 -2 0 15 0.00 0.0 0 4.2 14 80 M M 2 1 19 80
17 88 73 81 -1 0 16 0.00 0.0 0 3.4 13 80 M M 2 13 19 70
18 90 72 81 -1 0 16 T 0.0 0 3.0 15 270 M M 5 13 20 290
19 91 74 83 1 0 18 0.16 0.0 0 5.5 21 160 M M 7 13 28 150
20 89 73 81 -1 0 16 1.34 0.0 0 5.3 15 230 M M 8 138 21 210
21 92 73 83 1 0 18 0.04 0.0 0 4.3 25 290 M M 6 138 33 300
22 94 74 84 2 0 19 0.86 0.0 0 4.9 14 290 M M 6 138 23 340
23 91 73 82 0 0 17 0.99 0.0 0 6.9 17 30 M M 7 13 21 30
24 88 74 81 -1 0 16 T 0.0 0 9.8 21 60 M M 6 1 25 40
25 87 76 82 0 0 17 0.03 0.0 0 9.8 20 20 M M 7 13 24 10
26 91 77 84 2 0 19 0.07 0.0 0 5.7 15 160 M M 6 13 20 150
27 91 77 84 2 0 19 0.41 0.0 0 5.1 17 10 M M 5 13 21 360
28 92 76 84 2 0 19 T 0.0 0 4.6 22 300 M M 7 138 30 310
29 91 75 83 1 0 18 0.75 0.0 0 4.1 22 250 M M 5 13 28 250
30 93 75 84 2 0 19 0.00 0.0 0 6.2 17 270 M M 5 1 24 260
31 95 77 86 4 0 21 0.00 0.0 0 7.5 18 220 M M 3 24 210
================================================================================
SM 2761 2296 0 519 6.97 0.0 169.9 M 194
================================================================================
AV 89.1 74.1 5.5 FASTST M M 6 MAX(MPH)
MISC ----> # 25 270 # 33 270
================================================================================
NOTES:
# LAST OF SEVERAL OCCURRENCES
COLUMN 17 PEAK WIND IN M.P.H.
PRELIMINARY LOCAL CLIMATOLOGICAL DATA (WS FORM: F-6) , PAGE 2
STATION: DAYTONA BEACH
MONTH: JULY
YEAR: 2021
LATITUDE: 29 10 N
LONGITUDE: 81 3 W
[TEMPERATURE DATA] [PRECIPITATION DATA] SYMBOLS USED IN COLUMN 16
AVERAGE MONTHLY: 81.6 TOTAL FOR MONTH: 6.97 1 = FOG OR MIST
DPTR FM NORMAL: -0.3 DPTR FM NORMAL: 0.96 2 = FOG REDUCING VISIBILITY
HIGHEST: 95 ON 31 GRTST 24HR 1.81 ON 22-23 TO 1/4 MILE OR LESS
LOWEST: 72 ON 18,16 3 = THUNDER
SNOW, ICE PELLETS, HAIL 4 = ICE PELLETS
TOTAL MONTH: 0.0 INCH 5 = HAIL
GRTST 24HR 0.0 6 = FREEZING RAIN OR DRIZZLE
GRTST DEPTH: 0 7 = DUSTSTORM OR SANDSTORM:
VSBY 1/2 MILE OR LESS
8 = SMOKE OR HAZE
[NO. OF DAYS WITH] [WEATHER - DAYS WITH] 9 = BLOWING SNOW
X = TORNADO
MAX 32 OR BELOW: 0 0.01 INCH OR MORE: 18
MAX 90 OR ABOVE: 15 0.10 INCH OR MORE: 10
MIN 32 OR BELOW: 0 0.50 INCH OR MORE: 6
MIN 0 OR BELOW: 0 1.00 INCH OR MORE: 2
[HDD (BASE 65) ]
TOTAL THIS MO. 0 CLEAR (SCALE 0-3) 2
DPTR FM NORMAL 0 PTCLDY (SCALE 4-7) 24
TOTAL FM JUL 1 0 CLOUDY (SCALE 8-10) 5
DPTR FM NORMAL 0
[CDD (BASE 65) ]
TOTAL THIS MO. 519
DPTR FM NORMAL -3 [PRESSURE DATA]
TOTAL FM JAN 1 1775 HIGHEST SLP M ON M
DPTR FM NORMAL 126 LOWEST SLP 29.88 ON 25
[REMARKS]
#FINAL-07-21#