000
CXUS55 KDVN 011000
CF6DBQ
PRELIMINARY LOCAL CLIMATOLOGICAL DATA (WS FORM: F-6)
STATION: DUBUQUE IA
MONTH: AUGUST
YEAR: 2020
LATITUDE: 42 24 N
LONGITUDE: 90 42 W
TEMPERATURE IN F: :PCPN: SNOW: WIND :SUNSHINE: SKY :PK WND
================================================================================
1 2 3 4 5 6A 6B 7 8 9 10 11 12 13 14 15 16 17 18
12Z AVG MX 2MIN
DY MAX MIN AVG DEP HDD CDD WTR SNW DPTH SPD SPD DIR MIN PSBL S-S WX SPD DR
================================================================================
1 81 60 71 0 0 6 0.00 0.0 0 4.2 12 30 M M 2 1 16 320
2 79 59 69 -2 0 4 T 0.0 0 10.3 22 340 M M 5 1 28 340
3 70 56 63 -8 2 0 0.01 0.0 0 9.5 20 10 M M 8 1 26 10
4 74 53 64 -7 1 0 0.00 0.0 0 5.8 15 340 M M 3 20 350
5 77 51 64 -7 1 0 0.00 0.0 0 3.8 10 230 M M 2 17 230
6 77 57 67 -4 0 2 0.00 0.0 0 5.3 14 200 M M 6 17 150
7 81 60 71 0 0 6 0.00 0.0 0 11.5 20 170 M M 1 29 170
8 88 65 77 6 0 12 0.00 0.0 0 11.3 20 190 M M 2 25 190
9 84 68 76 5 0 11 0.02 0.0 0 8.9 17 200 M M 4 13 24 200
10 84 63 74 3 0 9 1.30 0.0 0 7.8 32 270 M M 3 13 48 260
11 82 55 69 -2 0 4 0.00 0.0 0 3.0 10 330 M M 0 13 20
12 81 58 70 -1 0 5 0.00 0.0 0 6.4 17 140 M M 0 24 140
13 83 64 74 3 0 9 0.00 0.0 0 5.8 13 160 M M 0 16 160
14 84 62 73 3 0 8 0.00 0.0 0 5.8 12 150 M M 0 1 15 160
15 78 60 69 -1 0 4 0.02 0.0 0 9.1 20 340 M M 3 13 28 360
16 84 53 69 -1 0 4 0.00 0.0 0 4.9 17 320 M M 1 25 290
17 82 60 71 1 0 6 0.00 0.0 0 7.1 22 340 M M 5 16 350
18 78 55 67 -3 0 2 0.00 0.0 M 6.7 14 60 M M 1 18 80
19 79 51 65 -5 0 0 0.00 0.0 M 3.9 10 190 M M 0 15 240
20 81 55 68 -2 0 3 0.00 0.0 0 6.9 14 200 M M 0 19 240
21 82 54 68 -2 0 3 0.00 0.0 0 6.3 14 200 M M 0 20 190
22 82 60 71 1 0 6 0.00 0.0 0 8.2 21 190 M M 1 3 25 200
23 89 65 77 8 0 12 0.01 0.0 0 5.2 20 210 M M 3 3 26 200
24 93 66 80 11 0 15 0.00 0.0 0 5.0 12 190 M M 0 18 17 210
25 90 70 80 11 0 15 T 0.0 0 7.6 15 230 M M 0 18 200
26 91 66 79 10 0 14 0.00 0.0 0 9.9 16 190 M M 0 22 210
27 91 68 80 11 0 15 0.00 0.0 0 8.9 16 200 M M 1 21 180
28 90 70 80 12 0 15 0.00 0.0 0 10.2 18 240 M M 2 3 25 240
29 78 52 65 -3 0 0 0.00 0.0 0 10.4 21 350 M M 0 28 360
30 77 50 64 -4 1 0 0.00 0.0 0 8.1 15 160 M M 1 20 160
31 78 50 64 -4 1 0 0.05 0.0 0 8.7 20 190 M M 3 1 27 160
================================================================================
SM 2548 1836 6 190 1.41 0.0 226.5 M 57
================================================================================
AV 82.2 59.2 7.3 FASTST M M 2 MAX(MPH)
MISC ----> 32 270 48 260
================================================================================
NOTES:
# LAST OF SEVERAL OCCURRENCES
COLUMN 17 PEAK WIND IN M.P.H.
PRELIMINARY LOCAL CLIMATOLOGICAL DATA (WS FORM: F-6) , PAGE 2
STATION: DUBUQUE IA
MONTH: AUGUST
YEAR: 2020
LATITUDE: 42 24 N
LONGITUDE: 90 42 W
[TEMPERATURE DATA] [PRECIPITATION DATA] SYMBOLS USED IN COLUMN 16
AVERAGE MONTHLY: 70.7 TOTAL FOR MONTH: 1.41 1 = FOG OR MIST
DPTR FM NORMAL: 0.7 DPTR FM NORMAL: -2.99 2 = FOG REDUCING VISIBILITY
HIGHEST: 93 ON 24 GRTST 24HR 1.30 ON 10-10 TO 1/4 MILE OR LESS
LOWEST: 50 ON 31,30 3 = THUNDER
SNOW, ICE PELLETS, HAIL 4 = ICE PELLETS
TOTAL MONTH: 0.0 INCH 5 = HAIL
GRTST 24HR 0.0 6 = FREEZING RAIN OR DRIZZLE
GRTST DEPTH: 0 7 = DUSTSTORM OR SANDSTORM:
VSBY 1/2 MILE OR LESS
8 = SMOKE OR HAZE
[NO. OF DAYS WITH] [WEATHER - DAYS WITH] 9 = BLOWING SNOW
X = TORNADO
MAX 32 OR BELOW: 0 0.01 INCH OR MORE: 6
MAX 90 OR ABOVE: 5 0.10 INCH OR MORE: 1
MIN 32 OR BELOW: 0 0.50 INCH OR MORE: 1
MIN 0 OR BELOW: 0 1.00 INCH OR MORE: 1
[HDD (BASE 65) ]
TOTAL THIS MO. 6 CLEAR (SCALE 0-3) 25
DPTR FM NORMAL -13 PTCLDY (SCALE 4-7) 5
TOTAL FM JUL 1 6 CLOUDY (SCALE 8-10) 1
DPTR FM NORMAL -18
[CDD (BASE 65) ]
TOTAL THIS MO. 190
DPTR FM NORMAL 14 [PRESSURE DATA]
TOTAL FM JAN 1 729 HIGHEST SLP 30.15 ON 5
DPTR FM NORMAL 153 LOWEST SLP 29.62 ON 28
[REMARKS]
#FINAL-08-20#