000
CXUS51 KLWX 010915
CF6DCA
PRELIMINARY LOCAL CLIMATOLOGICAL DATA (WS FORM: F-6)
STATION: WASHINGTON NATIONAL DC
MONTH: NOVEMBER
YEAR: 2023
LATITUDE: 38 50 N
LONGITUDE: 77 2 W
TEMPERATURE IN F: :PCPN: SNOW: WIND :SUNSHINE: SKY :PK WND
================================================================================
1 2 3 4 5 6A 6B 7 8 9 10 11 12 13 14 15 16 17 18
12Z AVG MX 2MIN
DY MAX MIN AVG DEP HDD CDD WTR SNW DPTH SPD SPD DIR MIN PSBL S-S WX SPD DR
================================================================================
1 51 40 46 -9 19 0 0.00 0.0 0 13.0 28 340 M M 4 37 320
2 53 34 44 -10 21 0 0.00 0.0 0 7.7 15 320 M M 2 20 320
3 60 38 49 -5 16 0 0.00 0.0 0 8.1 15 180 M M 1 19 170
4 71 41 56 2 9 0 0.00 0.0 0 3.1 9 200 M M 5 13 190
5 73 44 59 6 6 0 0.00 0.0 0 4.7 16 330 M M 3 22 300
6 66 48 57 4 8 0 0.00 0.0 0 5.7 13 190 M M 7 17 190
7 76 56 66 13 0 1 0.00 0.0 0 7.7 15 310 M M 8 21 330
8 66 49 58 6 7 0 0.00 0.0 0 6.5 15 330 M M 4 19 340
9 75 50 63 11 2 0 T 0.0 0 8.5 18 330 M M 6 23 330
10 58 42 50 -2 15 0 0.17 0.0 0 6.4 15 330 M M 8 1 19 330
11 61 38 50 -1 15 0 0.00 0.0 0 4.0 14 350 M M 3 1 17 340
12 53 40 47 -4 18 0 0.00 0.0 0 5.5 14 40 M M 5 18 40
13 55 35 45 -6 20 0 0.00 0.0 0 5.9 14 170 M M 2 17 170
14 61 41 51 1 14 0 0.00 0.0 0 7.4 18 330 M M 2 25 330
15 61 40 51 1 14 0 0.00 0.0 0 7.3 14 180 M M 8 20 200
16 70 41 56 6 9 0 0.00 0.0 0 4.8 10 180 M M 4 13 170
17 71 47 59 10 6 0 0.01 0.0 0 5.8 18 210 M M 6 1 26 200
18 60 46 53 4 12 0 0.01 0.0 0 11.1 29 330 M M 4 1 37 330
19 61 39 50 1 15 0 0.00 0.0 0 5.2 14 330 M M 0 22 260
20 51 39 45 -3 20 0 0.00 0.0 0 6.4 15 40 M M 5 22 30
21 59 39 49 1 16 0 2.14 0.0 0 9.8 21 310 M M 10 1 30 150
22 61 48 55 7 10 0 0.02 0.0 0 10.3 25 340 M M 8 1 34 320
23 59 45 52 5 13 0 0.00 0.0 0 8.4 20 340 M M 1 29 320
24 56 41 49 2 16 0 0.00 0.0 0 10.0 20 350 M M 6 24 360
25 45 34 40 -7 25 0 0.00 0.0 0 6.9 18 40 M M 5 23 360
26 47 35 41 -5 24 0 0.16 0.0 0 3.9 13 210 M M 9 1 16 220
27 51 35 43 -3 22 0 0.00 0.0 0 10.0 29 320 M M 2 44 320
28 43 28 36 -10 29 0 0.00 0.0 0 12.7 29 280 M M 5 44 290
29 40 24 32 -14 33 0 0.00 0.0 0 7.5 14 210 M M 5 21 190
30 55 31 43 -2 22 0 0.00 0.0 0 7.1 14 180 M M 5 19 170
================================================================================
SM 1769 1208 456 1 2.51 0.0 221.4 M 143
================================================================================
AV 59.0 40.3 7.4 FASTST M M 5 MAX(MPH)
MISC ----> # 29 330 # 44 320
================================================================================
NOTES:
# LAST OF SEVERAL OCCURRENCES
COLUMN 17 PEAK WIND IN M.P.H.
PRELIMINARY LOCAL CLIMATOLOGICAL DATA (WS FORM: F-6) , PAGE 2
STATION: WASHINGTON NATIONAL DC
MONTH: NOVEMBER
YEAR: 2023
LATITUDE: 38 50 N
LONGITUDE: 77 2 W
[TEMPERATURE DATA] [PRECIPITATION DATA] SYMBOLS USED IN COLUMN 16
AVERAGE MONTHLY: 49.6 TOTAL FOR MONTH: 2.51 1 = FOG OR MIST
DPTR FM NORMAL: -0.3 DPTR FM NORMAL: -0.40 2 = FOG REDUCING VISIBILITY
HIGHEST: 76 ON 7 GRTST 24HR 2.16 ON 21-22 TO 1/4 MILE OR LESS
LOWEST: 24 ON 29 3 = THUNDER
SNOW, ICE PELLETS, HAIL 4 = ICE PELLETS
TOTAL MONTH: 0.0 INCH 5 = HAIL
GRTST 24HR 0.0 6 = FREEZING RAIN OR DRIZZLE
GRTST DEPTH: 0 7 = DUSTSTORM OR SANDSTORM:
VSBY 1/2 MILE OR LESS
8 = SMOKE OR HAZE
[NO. OF DAYS WITH] [WEATHER - DAYS WITH] 9 = BLOWING SNOW
X = TORNADO
MAX 32 OR BELOW: 0 0.01 INCH OR MORE: 6
MAX 90 OR ABOVE: 0 0.10 INCH OR MORE: 3
MIN 32 OR BELOW: 3 0.50 INCH OR MORE: 1
MIN 0 OR BELOW: 0 1.00 INCH OR MORE: 1
[HDD (BASE 65) ]
TOTAL THIS MO. 456 CLEAR (SCALE 0-3) 8
DPTR FM NORMAL 1 PTCLDY (SCALE 4-7) 20
TOTAL FM JUL 1 589 CLOUDY (SCALE 8-10) 2
DPTR FM NORMAL -56
[CDD (BASE 65) ]
TOTAL THIS MO. 1
DPTR FM NORMAL -1 [PRESSURE DATA]
TOTAL FM JAN 1 1710 HIGHEST SLP 30.55 ON 2
DPTR FM NORMAL -27 LOWEST SLP 29.71 ON 18
[REMARKS]
#FINAL-11-23#