000
CXUS55 KALY 010810
CF6DDH
PRELIMINARY LOCAL CLIMATOLOGICAL DATA (WS FORM: F-6)
STATION: BENNINGTON VT
MONTH: DECEMBER
YEAR: 2021
LATITUDE: 42 53 N
LONGITUDE: 73 15 W
TEMPERATURE IN F: :PCPN: SNOW: WIND :SUNSHINE: SKY :PK WND
================================================================================
1 2 3 4 5 6A 6B 7 8 9 10 11 12 13 14 15 16 17 18
12Z AVG MX 2MIN
DY MAX MIN AVG DEP HDD CDD WTR SNW DPTH SPD SPD DIR MIN PSBL S-S WX SPD DR
================================================================================
1 39 29 34 0 31 0 T M M 5.5 13 270 M M 10 1 19 290
2 50 34 42 8 23 0 0.73 M M 9.9 25 180 M M M 1 37 190
3 40 26 33 0 32 0 0.01 M M 8.4 23 280 M M 3 30 280
4 40 20 30 -3 35 0 0.02 M M 4.0 13 210 M M 9 8 18 270
5 40 31 36 4 29 0 0.00 M M 7.0 30 150 M M 6 43 140
6 58 35 47 15 18 0 0.36 M M 17.3 30 200 M M 8 18 46 170
7 35 26 31 -1 34 0 0.00 M M 7.0 18 280 M M 5 32 280
8 33 23 28 -4 37 0 0.11 M M 2.6 14 130 M M 9 18 17 140
9 30 23 27 -4 38 0 0.01 M M 4.9 15 290 M M 6 1 22 270
10 42 27 35 4 30 0 T M M 3.6 13 120 M M 8 19 150
11 63 30 47 17 18 0 0.68 M M 9.5 28 290 M M 9 1 47 300
12 42 26 34 4 31 0 0.00 M M 9.6 24 290 M M 3 40 310
13 51 26 39 9 26 0 0.00 M M 3.7 13 270 M M 0 17 230
14 47 28 38 8 27 0 0.00 M M 3.1 12 350 M M 0 18 290
15 50 23 37 8 28 0 0.20 M M 3.6 15 170 M M 4 1 22 170
16 63 45 54 25 11 0 0.07 M M 4.6 18 190 M M 5 1 27 200
17 63 33 48 19 17 0 0.00 M M 8.8 24 290 M M 1 32 280
18 37 30 34 6 31 0 0.28 M M 2.0 15 130 M M 8 16 20 130
19 35 20 28 0 37 0 0.03 M M 7.4 16 340 M M 8 1 23 340
20 31 13 22 -6 43 0 0.00 M M 1.3 10 340 M M 2 14 320
21 40 19 30 3 35 0 0.00 M M 3.4 14 120 M M 3 19 110
22 40 27 34 7 31 0 0.02 M M 8.7 23 280 M M 7 1 35 280
23 27 16 22 -5 43 0 0.00 M M 6.9 21 280 M M 1 29 280
24 29 19 24 -2 41 0 T M M 1.7 9 70 M M 10 1 13 120
25 39 27 33 7 32 0 0.72 M M 1.1 6 340 M M 10 126 7 330
26 35 31 33 7 32 0 0.06 M M 5.6 16 340 M M 10 1 27 340
27 33 26 30 4 35 0 0.01 M M 3.9 14 350 M M 9 19 10
28 39 31 35 9 30 0 T M M 4.6 14 290 M M 10 1 22 260
29 41 31 36 11 29 0 T M M 1.0 5 20 M M 10 1 6 210
30 46 36 41 16 24 0 T M M 0.7 6 230 M M 10 1 7 230
31 48 38 43 18 22 0 0.15 M M 2.2 9 190 M M 10 12 13 190
================================================================================
SM 1306 849 930 0 3.46 M 163.6 M 194
================================================================================
AV 42.1 27.4 5.3 FASTST M M 6 MAX(MPH)
MISC ----> # 30 150 47 300
================================================================================
NOTES:
# LAST OF SEVERAL OCCURRENCES
COLUMN 17 PEAK WIND IN M.P.H.
PRELIMINARY LOCAL CLIMATOLOGICAL DATA (WS FORM: F-6) , PAGE 2
STATION: BENNINGTON VT
MONTH: DECEMBER
YEAR: 2021
LATITUDE: 42 53 N
LONGITUDE: 73 15 W
[TEMPERATURE DATA] [PRECIPITATION DATA] SYMBOLS USED IN COLUMN 16
AVERAGE MONTHLY: 34.8 TOTAL FOR MONTH: 3.46 1 = FOG OR MIST
DPTR FM NORMAL: 5.7 DPTR FM NORMAL: 0.56 2 = FOG REDUCING VISIBILITY
HIGHEST: 63 ON 17,16 GRTST 24HR 0.76 ON 25-26 TO 1/4 MILE OR LESS
LOWEST: 13 ON 20 3 = THUNDER
SNOW, ICE PELLETS, HAIL 4 = ICE PELLETS
TOTAL MONTH: M 5 = HAIL
GRTST 24HR M ON M 6 = FREEZING RAIN OR DRIZZLE
GRTST DEPTH: M ON M 7 = DUSTSTORM OR SANDSTORM:
VSBY 1/2 MILE OR LESS
8 = SMOKE OR HAZE
[NO. OF DAYS WITH] [WEATHER - DAYS WITH] 9 = BLOWING SNOW
X = TORNADO
MAX 32 OR BELOW: 4 0.01 INCH OR MORE: 16
MAX 90 OR ABOVE: 0 0.10 INCH OR MORE: 8
MIN 32 OR BELOW: 25 0.50 INCH OR MORE: 3
MIN 0 OR BELOW: 0 1.00 INCH OR MORE: 0
[HDD (BASE 65) ]
TOTAL THIS MO. 930 CLEAR (SCALE 0-3) 8
DPTR FM NORMAL -184 PTCLDY (SCALE 4-7) 8
TOTAL FM JUL 1 2254 CLOUDY (SCALE 8-10) 15
DPTR FM NORMAL -386
[CDD (BASE 65) ]
TOTAL THIS MO. 0
DPTR FM NORMAL 0 [PRESSURE DATA]
TOTAL FM JAN 1 514 HIGHEST SLP 30.69 ON 15
DPTR FM NORMAL 143 LOWEST SLP 29.33 ON 11
[REMARKS]
#FINAL-12-21#