000
CXUS55 KALY 010710
CF6DDH
PRELIMINARY LOCAL CLIMATOLOGICAL DATA (WS FORM: F-6)
STATION: BENNINGTON VT
MONTH: MARCH
YEAR: 2021
LATITUDE: 42 53 N
LONGITUDE: 73 15 W
TEMPERATURE IN F: :PCPN: SNOW: WIND :SUNSHINE: SKY :PK WND
================================================================================
1 2 3 4 5 6A 6B 7 8 9 10 11 12 13 14 15 16 17 18
12Z AVG MX 2MIN
DY MAX MIN AVG DEP HDD CDD WTR SNW DPTH SPD SPD DIR MIN PSBL S-S WX SPD DR
================================================================================
1 44 17 31 3 34 0 0.16 M M 11.5 33 290 M M 9 1 48 280
2 24 6 15 -14 50 0 T M M 13.1 26 270 M M 4 38 280
3 39 20 30 1 35 0 0.00 M M 4.8 15 280 M M 9 20 290
4 35 20 28 -1 37 0 T M M 9.4 21 280 M M 8 8 31 330
5 27 13 20 -9 45 0 0.00 M M 10.7 21 280 M M 5 32 260
6 24 11 18 -12 47 0 0.00 M M 6.9 16 260 M M 7 24 250
7 32 14 23 -7 42 0 0.00 M M 5.2 13 340 M M 2 20 360
8 35 8 22 -8 43 0 0.00 M M 3.2 13 270 M M 3 16 300
9 51 27 39 8 26 0 0.00 M M 4.8 18 280 M M 3 25 280
10 58 19 39 8 26 0 0.00 M M 4.8 14 180 M M 0 18 210
11 72 33 53 22 12 0 T M M 6.2 17 190 M M 4 23 220
12 62 32 47 15 18 0 0.00 M M 12.5 30 280 M M 3 41 260
13 37 23 30 -2 35 0 T M M 9.4 20 320 M M 2 32 280
14 40 18 29 -3 36 0 T M M 12.4 18 290 M M 6 28 330
15 27 10 19 -14 46 0 0.00 M M 10.2 21 330 M M 0 28 330
16 38 10 24 -9 41 0 0.00 M M 2.1 10 280 M M 4 13 190
17 49 21 35 2 30 0 0.00 M M 1.7 12 280 M M 5 16 270
18 42 27 35 1 30 0 0.48 M M 3.1 15 320 M M 7 18 23 320
19 35 18 27 -7 38 0 0.00 M M 10.0 23 360 M M 0 31 10
20 53 14 34 0 31 0 0.00 M M 3.5 15 240 M M 0 20 240
21 64 21 43 8 22 0 0.00 M M 1.7 7 150 M M 0 12 340
22 68 24 46 11 19 0 0.00 M M 2.3 12 190 M M 0 15 180
23 68 26 47 11 18 0 0.00 M M 2.7 14 220 M M 0 20 230
24 61 34 48 12 17 0 0.11 M M 5.9 28 130 M M 6 1 34 130
25 73 50 62 26 3 0 T M M 4.4 12 190 M M 4 16 190
26 74 44 59 22 6 0 0.08 M M 11.2 26 170 M M 9 3 40 280
27 54 36 45 8 20 0 0.00 M M 6.5 18 270 M M 5 24 240
28 55 37 46 8 19 0 0.52 M M 13.2 33 150 M M 8 47 140
29 45 26 36 -2 29 0 T M M 13.1 26 270 M M 6 40 280
30 62 22 42 3 23 0 0.00 M M 7.9 22 150 M M 0 31 150
31 62 44 53 14 12 0 0.19 M M 9.4 25 180 M M 6 1 35 190
================================================================================
SM 1510 725 890 0 1.54 M 223.8 M 125
================================================================================
AV 48.7 23.4 7.2 FASTST M M 4 MAX(MPH)
MISC ----> # 33 290 48 280
================================================================================
NOTES:
# LAST OF SEVERAL OCCURRENCES
COLUMN 17 PEAK WIND IN M.P.H.
PRELIMINARY LOCAL CLIMATOLOGICAL DATA (WS FORM: F-6) , PAGE 2
STATION: BENNINGTON VT
MONTH: MARCH
YEAR: 2021
LATITUDE: 42 53 N
LONGITUDE: 73 15 W
[TEMPERATURE DATA] [PRECIPITATION DATA] SYMBOLS USED IN COLUMN 16
AVERAGE MONTHLY: 36.0 TOTAL FOR MONTH: 1.54 1 = FOG OR MIST
DPTR FM NORMAL: 2.7 DPTR FM NORMAL: -1.61 2 = FOG REDUCING VISIBILITY
HIGHEST: 74 ON 26 GRTST 24HR 0.52 ON 28-28 TO 1/4 MILE OR LESS
LOWEST: 6 ON 2 3 = THUNDER
SNOW, ICE PELLETS, HAIL 4 = ICE PELLETS
TOTAL MONTH: M 5 = HAIL
GRTST 24HR M ON M 6 = FREEZING RAIN OR DRIZZLE
GRTST DEPTH: M ON M 7 = DUSTSTORM OR SANDSTORM:
VSBY 1/2 MILE OR LESS
8 = SMOKE OR HAZE
[NO. OF DAYS WITH] [WEATHER - DAYS WITH] 9 = BLOWING SNOW
X = TORNADO
MAX 32 OR BELOW: 5 0.01 INCH OR MORE: 6
MAX 90 OR ABOVE: 0 0.10 INCH OR MORE: 5
MIN 32 OR BELOW: 24 0.50 INCH OR MORE: 1
MIN 0 OR BELOW: 0 1.00 INCH OR MORE: 0
[HDD (BASE 65) ]
TOTAL THIS MO. 890 CLEAR (SCALE 0-3) 13
DPTR FM NORMAL -94 PTCLDY (SCALE 4-7) 14
TOTAL FM JUL 1 5683 CLOUDY (SCALE 8-10) 4
DPTR FM NORMAL -552
[CDD (BASE 65) ]
TOTAL THIS MO. 0
DPTR FM NORMAL 0 [PRESSURE DATA]
TOTAL FM JAN 1 0 HIGHEST SLP M ON M
DPTR FM NORMAL 0 LOWEST SLP 29.36 ON 28
[REMARKS]
#FINAL-03-21#